--
-- Host: localhost    Database: testUrl
-- ------------------------------------------------------


--
-- Table structure for table `ezapprove_items`
--

CREATE TABLE `ezapprove_items` (
  `collaboration_id` int(11) NOT NULL DEFAULT '0',
  `id` int(11) NOT NULL AUTO_INCREMENT,
  `workflow_process_id` int(11) NOT NULL DEFAULT '0',
  PRIMARY KEY (`id`)
) ENGINE=MyISAM DEFAULT CHARSET=utf8;

--
-- Dumping data for table `ezapprove_items`
--


--
-- Table structure for table `ezbasket`
--

CREATE TABLE `ezbasket` (
  `id` int(11) NOT NULL AUTO_INCREMENT,
  `order_id` int(11) NOT NULL DEFAULT '0',
  `productcollection_id` int(11) NOT NULL DEFAULT '0',
  `session_id` varchar(255) NOT NULL DEFAULT '',
  PRIMARY KEY (`id`),
  KEY `ezbasket_session_id` (`session_id`)
) ENGINE=MyISAM DEFAULT CHARSET=utf8;

--
-- Dumping data for table `ezbasket`
--


--
-- Table structure for table `ezbinaryfile`
--

CREATE TABLE `ezbinaryfile` (
  `contentobject_attribute_id` int(11) NOT NULL DEFAULT '0',
  `download_count` int(11) NOT NULL DEFAULT '0',
  `filename` varchar(255) NOT NULL DEFAULT '',
  `mime_type` varchar(255) NOT NULL DEFAULT '',
  `original_filename` varchar(255) NOT NULL DEFAULT '',
  `version` int(11) NOT NULL DEFAULT '0',
  PRIMARY KEY (`contentobject_attribute_id`,`version`)
) ENGINE=MyISAM DEFAULT CHARSET=utf8;

--
-- Dumping data for table `ezbinaryfile`
--


--
-- Table structure for table `ezcobj_state`
--

CREATE TABLE `ezcobj_state` (
  `default_language_id` int(11) NOT NULL DEFAULT '0',
  `group_id` int(11) NOT NULL DEFAULT '0',
  `id` int(11) NOT NULL AUTO_INCREMENT,
  `identifier` varchar(45) NOT NULL DEFAULT '',
  `language_mask` int(11) NOT NULL DEFAULT '0',
  `priority` int(11) NOT NULL DEFAULT '0',
  PRIMARY KEY (`id`),
  UNIQUE KEY `ezcobj_state_identifier` (`group_id`,`identifier`),
  KEY `ezcobj_state_lmask` (`language_mask`),
  KEY `ezcobj_state_priority` (`priority`)
) ENGINE=MyISAM AUTO_INCREMENT=3 DEFAULT CHARSET=utf8;

--
-- Dumping data for table `ezcobj_state`
--

INSERT INTO `ezcobj_state` VALUES (2,2,1,'not_locked',3,0),(2,2,2,'locked',3,1);

--
-- Table structure for table `ezcobj_state_group`
--

CREATE TABLE `ezcobj_state_group` (
  `default_language_id` int(11) NOT NULL DEFAULT '0',
  `id` int(11) NOT NULL AUTO_INCREMENT,
  `identifier` varchar(45) NOT NULL DEFAULT '',
  `language_mask` int(11) NOT NULL DEFAULT '0',
  PRIMARY KEY (`id`),
  UNIQUE KEY `ezcobj_state_group_identifier` (`identifier`),
  KEY `ezcobj_state_group_lmask` (`language_mask`)
) ENGINE=MyISAM AUTO_INCREMENT=3 DEFAULT CHARSET=utf8;

--
-- Dumping data for table `ezcobj_state_group`
--

INSERT INTO `ezcobj_state_group` VALUES (2,2,'ez_lock',3);

--
-- Table structure for table `ezcobj_state_group_language`
--

CREATE TABLE `ezcobj_state_group_language` (
  `contentobject_state_group_id` int(11) NOT NULL DEFAULT '0',
  `description` longtext NOT NULL,
  `language_id` int(11) NOT NULL DEFAULT '0',
  `name` varchar(45) NOT NULL DEFAULT '',
  PRIMARY KEY (`contentobject_state_group_id`,`language_id`)
) ENGINE=MyISAM DEFAULT CHARSET=utf8;

--
-- Dumping data for table `ezcobj_state_group_language`
--

INSERT INTO `ezcobj_state_group_language` VALUES (2,'',3,'Lock');

--
-- Table structure for table `ezcobj_state_language`
--

CREATE TABLE `ezcobj_state_language` (
  `contentobject_state_id` int(11) NOT NULL DEFAULT '0',
  `description` longtext NOT NULL,
  `language_id` int(11) NOT NULL DEFAULT '0',
  `name` varchar(45) NOT NULL DEFAULT '',
  PRIMARY KEY (`contentobject_state_id`,`language_id`)
) ENGINE=MyISAM DEFAULT CHARSET=utf8;

--
-- Dumping data for table `ezcobj_state_language`
--

INSERT INTO `ezcobj_state_language` VALUES (1,'',3,'Not locked'),(2,'',3,'Locked');

--
-- Table structure for table `ezcobj_state_link`
--

CREATE TABLE `ezcobj_state_link` (
  `contentobject_id` int(11) NOT NULL DEFAULT '0',
  `contentobject_state_id` int(11) NOT NULL DEFAULT '0',
  PRIMARY KEY (`contentobject_id`,`contentobject_state_id`)
) ENGINE=MyISAM DEFAULT CHARSET=utf8;

--
-- Dumping data for table `ezcobj_state_link`
--

INSERT INTO `ezcobj_state_link` VALUES (4,1),(10,1),(11,1),(12,1),(13,1),(14,1),(41,1),(42,1),(45,1),(49,1),(50,1),(51,1),(52,1),(54,1),(56,1),(57,1),(58,1),(64,1),(68,1),(69,1);

--
-- Table structure for table `ezcollab_group`
--

CREATE TABLE `ezcollab_group` (
  `created` int(11) NOT NULL DEFAULT '0',
  `depth` int(11) NOT NULL DEFAULT '0',
  `id` int(11) NOT NULL AUTO_INCREMENT,
  `is_open` int(11) NOT NULL DEFAULT '1',
  `modified` int(11) NOT NULL DEFAULT '0',
  `parent_group_id` int(11) NOT NULL DEFAULT '0',
  `path_string` varchar(255) NOT NULL DEFAULT '',
  `priority` int(11) NOT NULL DEFAULT '0',
  `title` varchar(255) NOT NULL DEFAULT '',
  `user_id` int(11) NOT NULL DEFAULT '0',
  PRIMARY KEY (`id`),
  KEY `ezcollab_group_depth` (`depth`),
  KEY `ezcollab_group_path` (`path_string`)
) ENGINE=MyISAM DEFAULT CHARSET=utf8;

--
-- Dumping data for table `ezcollab_group`
--


--
-- Table structure for table `ezcollab_item`
--

CREATE TABLE `ezcollab_item` (
  `created` int(11) NOT NULL DEFAULT '0',
  `creator_id` int(11) NOT NULL DEFAULT '0',
  `data_float1` float NOT NULL DEFAULT '0',
  `data_float2` float NOT NULL DEFAULT '0',
  `data_float3` float NOT NULL DEFAULT '0',
  `data_int1` int(11) NOT NULL DEFAULT '0',
  `data_int2` int(11) NOT NULL DEFAULT '0',
  `data_int3` int(11) NOT NULL DEFAULT '0',
  `data_text1` longtext NOT NULL,
  `data_text2` longtext NOT NULL,
  `data_text3` longtext NOT NULL,
  `id` int(11) NOT NULL AUTO_INCREMENT,
  `modified` int(11) NOT NULL DEFAULT '0',
  `status` int(11) NOT NULL DEFAULT '1',
  `type_identifier` varchar(40) NOT NULL DEFAULT '',
  PRIMARY KEY (`id`)
) ENGINE=MyISAM DEFAULT CHARSET=utf8;

--
-- Dumping data for table `ezcollab_item`
--


--
-- Table structure for table `ezcollab_item_group_link`
--

CREATE TABLE `ezcollab_item_group_link` (
  `collaboration_id` int(11) NOT NULL DEFAULT '0',
  `created` int(11) NOT NULL DEFAULT '0',
  `group_id` int(11) NOT NULL DEFAULT '0',
  `is_active` int(11) NOT NULL DEFAULT '1',
  `is_read` int(11) NOT NULL DEFAULT '0',
  `last_read` int(11) NOT NULL DEFAULT '0',
  `modified` int(11) NOT NULL DEFAULT '0',
  `user_id` int(11) NOT NULL DEFAULT '0',
  PRIMARY KEY (`collaboration_id`,`group_id`,`user_id`)
) ENGINE=MyISAM DEFAULT CHARSET=utf8;

--
-- Dumping data for table `ezcollab_item_group_link`
--


--
-- Table structure for table `ezcollab_item_message_link`
--

CREATE TABLE `ezcollab_item_message_link` (
  `collaboration_id` int(11) NOT NULL DEFAULT '0',
  `created` int(11) NOT NULL DEFAULT '0',
  `id` int(11) NOT NULL AUTO_INCREMENT,
  `message_id` int(11) NOT NULL DEFAULT '0',
  `message_type` int(11) NOT NULL DEFAULT '0',
  `modified` int(11) NOT NULL DEFAULT '0',
  `participant_id` int(11) NOT NULL DEFAULT '0',
  PRIMARY KEY (`id`)
) ENGINE=MyISAM DEFAULT CHARSET=utf8;

--
-- Dumping data for table `ezcollab_item_message_link`
--


--
-- Table structure for table `ezcollab_item_participant_link`
--

CREATE TABLE `ezcollab_item_participant_link` (
  `collaboration_id` int(11) NOT NULL DEFAULT '0',
  `created` int(11) NOT NULL DEFAULT '0',
  `is_active` int(11) NOT NULL DEFAULT '1',
  `is_read` int(11) NOT NULL DEFAULT '0',
  `last_read` int(11) NOT NULL DEFAULT '0',
  `modified` int(11) NOT NULL DEFAULT '0',
  `participant_id` int(11) NOT NULL DEFAULT '0',
  `participant_role` int(11) NOT NULL DEFAULT '1',
  `participant_type` int(11) NOT NULL DEFAULT '1',
  PRIMARY KEY (`collaboration_id`,`participant_id`)
) ENGINE=MyISAM DEFAULT CHARSET=utf8;

--
-- Dumping data for table `ezcollab_item_participant_link`
--


--
-- Table structure for table `ezcollab_item_status`
--

CREATE TABLE `ezcollab_item_status` (
  `collaboration_id` int(11) NOT NULL DEFAULT '0',
  `is_active` int(11) NOT NULL DEFAULT '1',
  `is_read` int(11) NOT NULL DEFAULT '0',
  `last_read` int(11) NOT NULL DEFAULT '0',
  `user_id` int(11) NOT NULL DEFAULT '0',
  PRIMARY KEY (`collaboration_id`,`user_id`)
) ENGINE=MyISAM DEFAULT CHARSET=utf8;

--
-- Dumping data for table `ezcollab_item_status`
--


--
-- Table structure for table `ezcollab_notification_rule`
--

CREATE TABLE `ezcollab_notification_rule` (
  `collab_identifier` varchar(255) NOT NULL DEFAULT '',
  `id` int(11) NOT NULL AUTO_INCREMENT,
  `user_id` varchar(255) NOT NULL DEFAULT '',
  PRIMARY KEY (`id`)
) ENGINE=MyISAM DEFAULT CHARSET=utf8;

--
-- Dumping data for table `ezcollab_notification_rule`
--


--
-- Table structure for table `ezcollab_profile`
--

CREATE TABLE `ezcollab_profile` (
  `created` int(11) NOT NULL DEFAULT '0',
  `data_text1` longtext NOT NULL,
  `id` int(11) NOT NULL AUTO_INCREMENT,
  `main_group` int(11) NOT NULL DEFAULT '0',
  `modified` int(11) NOT NULL DEFAULT '0',
  `user_id` int(11) NOT NULL DEFAULT '0',
  PRIMARY KEY (`id`)
) ENGINE=MyISAM DEFAULT CHARSET=utf8;

--
-- Dumping data for table `ezcollab_profile`
--


--
-- Table structure for table `ezcollab_simple_message`
--

CREATE TABLE `ezcollab_simple_message` (
  `created` int(11) NOT NULL DEFAULT '0',
  `creator_id` int(11) NOT NULL DEFAULT '0',
  `data_float1` float NOT NULL DEFAULT '0',
  `data_float2` float NOT NULL DEFAULT '0',
  `data_float3` float NOT NULL DEFAULT '0',
  `data_int1` int(11) NOT NULL DEFAULT '0',
  `data_int2` int(11) NOT NULL DEFAULT '0',
  `data_int3` int(11) NOT NULL DEFAULT '0',
  `data_text1` longtext NOT NULL,
  `data_text2` longtext NOT NULL,
  `data_text3` longtext NOT NULL,
  `id` int(11) NOT NULL AUTO_INCREMENT,
  `message_type` varchar(40) NOT NULL DEFAULT '',
  `modified` int(11) NOT NULL DEFAULT '0',
  PRIMARY KEY (`id`)
) ENGINE=MyISAM DEFAULT CHARSET=utf8;

--
-- Dumping data for table `ezcollab_simple_message`
--


--
-- Table structure for table `ezcontent_language`
--

CREATE TABLE `ezcontent_language` (
  `disabled` int(11) NOT NULL DEFAULT '0',
  `id` int(11) NOT NULL DEFAULT '0',
  `locale` varchar(20) NOT NULL DEFAULT '',
  `name` varchar(255) NOT NULL DEFAULT '',
  PRIMARY KEY (`id`),
  KEY `ezcontent_language_name` (`name`)
) ENGINE=MyISAM DEFAULT CHARSET=utf8;

--
-- Dumping data for table `ezcontent_language`
--

INSERT INTO `ezcontent_language` VALUES (0,2,'eng-GB','English (United Kingdom)');

--
-- Table structure for table `ezcontentbrowsebookmark`
--

CREATE TABLE `ezcontentbrowsebookmark` (
  `id` int(11) NOT NULL AUTO_INCREMENT,
  `name` varchar(255) NOT NULL DEFAULT '',
  `node_id` int(11) NOT NULL DEFAULT '0',
  `user_id` int(11) NOT NULL DEFAULT '0',
  PRIMARY KEY (`id`),
  KEY `ezcontentbrowsebookmark_user` (`user_id`)
) ENGINE=MyISAM DEFAULT CHARSET=utf8;

--
-- Dumping data for table `ezcontentbrowsebookmark`
--


--
-- Table structure for table `ezcontentbrowserecent`
--

CREATE TABLE `ezcontentbrowserecent` (
  `created` int(11) NOT NULL DEFAULT '0',
  `id` int(11) NOT NULL AUTO_INCREMENT,
  `name` varchar(255) NOT NULL DEFAULT '',
  `node_id` int(11) NOT NULL DEFAULT '0',
  `user_id` int(11) NOT NULL DEFAULT '0',
  PRIMARY KEY (`id`),
  KEY `ezcontentbrowserecent_user` (`user_id`)
) ENGINE=MyISAM AUTO_INCREMENT=7 DEFAULT CHARSET=utf8;

--
-- Dumping data for table `ezcontentbrowserecent`
--

INSERT INTO `ezcontentbrowserecent` VALUES (1258035555,1,'eZ Publish',2,14),(1257953598,2,'Users',5,14),(1258035613,6,'News',69,14),(1258015352,4,'Images',51,14);

--
-- Table structure for table `ezcontentclass`
--

CREATE TABLE `ezcontentclass` (
  `always_available` int(11) NOT NULL DEFAULT '0',
  `contentobject_name` varchar(255) DEFAULT NULL,
  `created` int(11) NOT NULL DEFAULT '0',
  `creator_id` int(11) NOT NULL DEFAULT '0',
  `id` int(11) NOT NULL AUTO_INCREMENT,
  `identifier` varchar(50) NOT NULL DEFAULT '',
  `initial_language_id` int(11) NOT NULL DEFAULT '0',
  `is_container` int(11) NOT NULL DEFAULT '0',
  `language_mask` int(11) NOT NULL DEFAULT '0',
  `modified` int(11) NOT NULL DEFAULT '0',
  `modifier_id` int(11) NOT NULL DEFAULT '0',
  `remote_id` varchar(100) NOT NULL DEFAULT '',
  `serialized_name_list` longtext,
  `sort_field` int(11) NOT NULL DEFAULT '1',
  `sort_order` int(11) NOT NULL DEFAULT '1',
  `url_alias_name` varchar(255) DEFAULT NULL,
  `version` int(11) NOT NULL DEFAULT '0',
  PRIMARY KEY (`id`,`version`),
  KEY `ezcontentclass_version` (`version`)
) ENGINE=MyISAM AUTO_INCREMENT=48 DEFAULT CHARSET=utf8;

--
-- Dumping data for table `ezcontentclass`
--

INSERT INTO `ezcontentclass` VALUES (1,'<short_name|name>',1024392098,14,1,'folder',2,1,3,1082454875,14,'a3d405b81be900468eb153d774f4f0d2','a:2:{s:6:\"eng-GB\";s:6:\"Folder\";s:16:\"always-available\";s:6:\"eng-GB\";}',1,1,NULL,0),(1,'<name>',1024392098,14,3,'user_group',2,1,3,1048494743,14,'25b4268cdcd01921b808a0d854b877ef','a:2:{s:6:\"eng-GB\";s:10:\"User group\";s:16:\"always-available\";s:6:\"eng-GB\";}',1,1,NULL,0),(1,'<first_name> <last_name>',1024392098,14,4,'user',2,0,3,1082018364,14,'40faa822edc579b02c25f6bb7beec3ad','a:2:{s:6:\"eng-GB\";s:4:\"User\";s:16:\"always-available\";s:6:\"eng-GB\";}',1,1,NULL,0),(0,'<subject>',1052385685,14,13,'comment',2,0,3,1082455144,14,'000c14f4f475e9f2955dedab72799941','a:2:{s:6:\"eng-GB\";s:7:\"Comment\";s:16:\"always-available\";s:6:\"eng-GB\";}',1,1,NULL,0),(1,'<name>',1081858024,14,14,'common_ini_settings',2,0,3,1081858024,14,'ffedf2e73b1ea0c3e630e42e2db9c900','a:2:{s:6:\"eng-GB\";s:19:\"Common ini settings\";s:16:\"always-available\";s:6:\"eng-GB\";}',1,1,NULL,0),(1,'<title>',1081858045,14,15,'template_look',2,0,3,1081858045,14,'59b43cd9feaaf0e45ac974fb4bbd3f92','a:2:{s:6:\"eng-GB\";s:13:\"Template look\";s:16:\"always-available\";s:6:\"eng-GB\";}',1,1,NULL,0),(0,'<short_title|title>',1257953584,14,16,'article',2,1,3,1257953584,14,'c15b600eb9198b1924063b5a68758232','a:2:{s:6:\"eng-GB\";s:7:\"Article\";s:16:\"always-available\";s:6:\"eng-GB\";}',1,1,'',0),(0,'<short_title|title>',1257953585,14,17,'article_mainpage',2,1,3,1257953585,14,'feaf24c0edae665e7ddaae1bc2b3fe5b','a:2:{s:6:\"eng-GB\";s:19:\"Article (main-page)\";s:16:\"always-available\";s:6:\"eng-GB\";}',1,1,'',0),(0,'<title|index_title>',1257953585,14,18,'article_subpage',2,0,3,1257953585,14,'68f305a18c76d9d03df36b810f290732','a:2:{s:6:\"eng-GB\";s:18:\"Article (sub-page)\";s:16:\"always-available\";s:6:\"eng-GB\";}',1,1,'',0),(0,'<name>',1257953585,14,19,'blog',2,1,3,1257953585,14,'3a6f9c1f075b3bf49d7345576b196fe8','a:2:{s:6:\"eng-GB\";s:4:\"Blog\";s:16:\"always-available\";s:6:\"eng-GB\";}',1,1,'',0),(0,'<title>',1257953585,14,20,'blog_post',2,1,3,1257953585,14,'7ecb961056b7cbb30f22a91357e0a007','a:2:{s:6:\"eng-GB\";s:9:\"Blog post\";s:16:\"always-available\";s:6:\"eng-GB\";}',1,1,'',0),(0,'<name>',1257953585,14,21,'product',2,0,3,1257953585,14,'77f3ede996a3a39c7159cc69189c5307','a:2:{s:6:\"eng-GB\";s:7:\"Product\";s:16:\"always-available\";s:6:\"eng-GB\";}',1,1,'',0),(0,'<name>',1257953585,14,22,'feedback_form',2,1,3,1257953585,14,'df0257b8fc55f6b8ab179d6fb915455e','a:2:{s:6:\"eng-GB\";s:13:\"Feedback form\";s:16:\"always-available\";s:6:\"eng-GB\";}',1,1,'',0),(0,'<name>',1257953586,14,23,'frontpage',2,1,3,1257953586,14,'e36c458e3e4a81298a0945f53a2c81f4','a:2:{s:6:\"eng-GB\";s:9:\"Frontpage\";s:16:\"always-available\";s:6:\"eng-GB\";}',1,1,'',0),(0,'<title>',1257953586,14,24,'documentation_page',2,1,3,1257953586,14,'d4a05eed0402e4d70fedfda2023f1aa2','a:2:{s:6:\"eng-GB\";s:18:\"Documentation page\";s:16:\"always-available\";s:6:\"eng-GB\";}',1,1,'',0),(0,'<header>',1257953586,14,25,'infobox',2,0,3,1257953586,14,'0b4e8accad5bec5ba2d430acb25c1ff6','a:2:{s:6:\"eng-GB\";s:7:\"Infobox\";s:16:\"always-available\";s:6:\"eng-GB\";}',1,1,'',0),(0,'<name>',1257953586,14,26,'multicalendar',2,0,3,1257953586,14,'99aec4e5682414517ed929ecd969439f','a:2:{s:6:\"eng-GB\";s:13:\"Multicalendar\";s:16:\"always-available\";s:6:\"eng-GB\";}',1,1,'',0),(0,'<name>',1257953586,14,27,'poll',2,0,3,1257953586,14,'232937a3a2eacbbf24e2601aebe16522','a:2:{s:6:\"eng-GB\";s:4:\"Poll\";s:16:\"always-available\";s:6:\"eng-GB\";}',1,1,'',0),(0,'<name>',1257953586,14,28,'file',2,0,3,1257953586,14,'637d58bfddf164627bdfd265733280a0','a:2:{s:6:\"eng-GB\";s:4:\"File\";s:16:\"always-available\";s:6:\"eng-GB\";}',1,1,'',0),(0,'<name>',1257953586,14,29,'flash',2,0,3,1257953586,14,'6cd17b98a41ee9355371a376e8868ee0','a:2:{s:6:\"eng-GB\";s:5:\"Flash\";s:16:\"always-available\";s:6:\"eng-GB\";}',1,1,'',0),(0,'<name>',1257953587,14,30,'flash_recorder',2,0,3,1257953587,14,'e349c947fd306299418be35b07b9a940','a:2:{s:6:\"eng-GB\";s:14:\"Flash recorder\";s:16:\"always-available\";s:6:\"eng-GB\";}',1,1,'',0),(0,'<name>',1257953587,14,31,'flash_player',2,0,3,1257953587,14,'20b2ed0982343e6e0a550f7f0c137e06','a:2:{s:6:\"eng-GB\";s:18:\"Video/Flash Player\";s:16:\"always-available\";s:6:\"eng-GB\";}',1,1,'',0),(0,'<name>',1257953587,14,32,'global_layout',2,0,3,1257953587,14,'f0271811b913befa8f062527e909f15e','a:2:{s:6:\"eng-GB\";s:13:\"Global layout\";s:16:\"always-available\";s:6:\"eng-GB\";}',1,1,'',0),(0,'<name>',1257953587,14,33,'image',2,0,3,1257953587,14,'f6df12aa74e36230eb675f364fccd25a','a:2:{s:6:\"eng-GB\";s:5:\"Image\";s:16:\"always-available\";s:6:\"eng-GB\";}',1,1,'',0),(0,'<name>',1257953587,14,34,'link',2,0,3,1257953587,14,'74ec6507063150bc813549b22534ad48','a:2:{s:6:\"eng-GB\";s:4:\"Link\";s:16:\"always-available\";s:6:\"eng-GB\";}',1,1,'',0),(0,'<name>',1257953587,14,35,'quicktime',2,0,3,1257953587,14,'16d7b371979d6ba37894cc8dc306f38f','a:2:{s:6:\"eng-GB\";s:9:\"Quicktime\";s:16:\"always-available\";s:6:\"eng-GB\";}',1,1,'',0),(0,'<name>',1257953587,14,36,'windows_media',2,0,3,1257953587,14,'223dd2551e85b63b55a72d02363faab6','a:2:{s:6:\"eng-GB\";s:13:\"Windows media\";s:16:\"always-available\";s:6:\"eng-GB\";}',1,1,'',0),(0,'<name>',1257953587,14,37,'real_video',2,0,3,1257953587,14,'dba67bc20a4301aa04cc74e411310dfc','a:2:{s:6:\"eng-GB\";s:10:\"Real video\";s:16:\"always-available\";s:6:\"eng-GB\";}',1,1,'',0),(0,'<name>',1257953587,14,38,'gallery',2,1,3,1257953587,14,'6a320cdc3e274841b82fcd63a86f80d1','a:2:{s:6:\"eng-GB\";s:7:\"Gallery\";s:16:\"always-available\";s:6:\"eng-GB\";}',1,1,'',0),(0,'<short_title|title>',1257953587,14,39,'geo_article',2,1,3,1257953587,14,'a98ae5ac95365b958b01fb88dfab3330','a:2:{s:6:\"eng-GB\";s:11:\"Geo Article\";s:16:\"always-available\";s:6:\"eng-GB\";}',1,1,'',0),(0,'<name>',1257953588,14,40,'forum',2,1,3,1257953588,14,'b241f924b96b267153f5f55904e0675a','a:2:{s:6:\"eng-GB\";s:5:\"Forum\";s:16:\"always-available\";s:6:\"eng-GB\";}',1,1,'',0),(0,'<subject>',1257953588,14,41,'forum_topic',2,1,3,1257953588,14,'71f99c516743a33562c3893ef98c9b60','a:2:{s:6:\"eng-GB\";s:11:\"Forum topic\";s:16:\"always-available\";s:6:\"eng-GB\";}',1,1,'',0),(0,'<subject>',1257953588,14,42,'forum_reply',2,0,3,1257953588,14,'80ee42a66b2b8b6ee15f5c5f4b361562','a:2:{s:6:\"eng-GB\";s:11:\"Forum reply\";s:16:\"always-available\";s:6:\"eng-GB\";}',1,1,'',0),(0,'<short_title|title>',1257953588,14,43,'event',2,0,3,1257953588,14,'563cb5edc2adfd2b240efa456c81525f','a:2:{s:6:\"eng-GB\";s:5:\"Event\";s:16:\"always-available\";s:6:\"eng-GB\";}',1,1,'',0),(0,'<short_title|title>',1257953588,14,44,'event_calendar',2,1,3,1257953588,14,'020cbeb6382c8c89dcec2cd406fb47a8','a:2:{s:6:\"eng-GB\";s:14:\"Event calendar\";s:16:\"always-available\";s:6:\"eng-GB\";}',1,1,'',0),(0,'<name>',1257953588,14,45,'banner',2,0,3,1257953588,14,'9cb558e25fd946246bbb32950c00228e','a:2:{s:6:\"eng-GB\";s:6:\"Banner\";s:16:\"always-available\";s:6:\"eng-GB\";}',1,1,'',0),(0,'<title>',1257953588,14,46,'forums',2,1,3,1257953588,14,'60a921e54c1efbb9456bd2283d9e66cb','a:2:{s:6:\"eng-GB\";s:6:\"Forums\";s:16:\"always-available\";s:6:\"eng-GB\";}',1,1,'',0),(0,'<name>',1257953588,14,47,'silverlight',2,0,3,1257953588,14,'8ab17aae77dd4f24b5a8e835784e96e7','a:2:{s:6:\"eng-GB\";s:11:\"Silverlight\";s:16:\"always-available\";s:6:\"eng-GB\";}',1,1,'',0);

--
-- Table structure for table `ezcontentclass_attribute`
--

CREATE TABLE `ezcontentclass_attribute` (
  `can_translate` int(11) DEFAULT '1',
  `contentclass_id` int(11) NOT NULL DEFAULT '0',
  `data_float1` float DEFAULT NULL,
  `data_float2` float DEFAULT NULL,
  `data_float3` float DEFAULT NULL,
  `data_float4` float DEFAULT NULL,
  `data_int1` int(11) DEFAULT NULL,
  `data_int2` int(11) DEFAULT NULL,
  `data_int3` int(11) DEFAULT NULL,
  `data_int4` int(11) DEFAULT NULL,
  `data_text1` varchar(50) DEFAULT NULL,
  `data_text2` varchar(50) DEFAULT NULL,
  `data_text3` varchar(50) DEFAULT NULL,
  `data_text4` varchar(255) DEFAULT NULL,
  `data_text5` longtext,
  `data_type_string` varchar(50) NOT NULL DEFAULT '',
  `id` int(11) NOT NULL AUTO_INCREMENT,
  `identifier` varchar(50) NOT NULL DEFAULT '',
  `is_information_collector` int(11) NOT NULL DEFAULT '0',
  `is_required` int(11) NOT NULL DEFAULT '0',
  `is_searchable` int(11) NOT NULL DEFAULT '0',
  `placement` int(11) NOT NULL DEFAULT '0',
  `serialized_name_list` longtext NOT NULL,
  `version` int(11) NOT NULL DEFAULT '0',
  PRIMARY KEY (`id`,`version`),
  KEY `ezcontentclass_attr_ccid` (`contentclass_id`)
) ENGINE=MyISAM AUTO_INCREMENT=348 DEFAULT CHARSET=utf8;

--
-- Dumping data for table `ezcontentclass_attribute`
--

INSERT INTO `ezcontentclass_attribute` VALUES (1,1,0,0,0,0,255,0,0,0,'Folder','','','','','ezstring',4,'name',0,1,1,1,'a:2:{s:6:\"eng-GB\";s:4:\"Name\";s:16:\"always-available\";s:6:\"eng-GB\";}',0),(1,3,0,0,0,0,255,0,0,0,'','','','',NULL,'ezstring',6,'name',0,1,1,1,'a:2:{s:6:\"eng-GB\";s:4:\"Name\";s:16:\"always-available\";s:6:\"eng-GB\";}',0),(1,3,0,0,0,0,255,0,0,0,'','','','',NULL,'ezstring',7,'description',0,0,1,2,'a:2:{s:6:\"eng-GB\";s:11:\"Description\";s:16:\"always-available\";s:6:\"eng-GB\";}',0),(1,4,0,0,0,0,255,0,0,0,'','','','','','ezstring',8,'first_name',0,1,1,1,'a:2:{s:6:\"eng-GB\";s:10:\"First name\";s:16:\"always-available\";s:6:\"eng-GB\";}',0),(1,4,0,0,0,0,255,0,0,0,'','','','','','ezstring',9,'last_name',0,1,1,2,'a:2:{s:6:\"eng-GB\";s:9:\"Last name\";s:16:\"always-available\";s:6:\"eng-GB\";}',0),(1,4,0,0,0,0,0,0,0,0,'','','','','','ezuser',12,'user_account',0,1,1,3,'a:2:{s:6:\"eng-GB\";s:12:\"User account\";s:16:\"always-available\";s:6:\"eng-GB\";}',0),(1,1,0,0,0,0,5,0,0,0,'','','','','','ezxmltext',119,'short_description',0,0,1,3,'a:2:{s:6:\"eng-GB\";s:7:\"Summary\";s:16:\"always-available\";s:6:\"eng-GB\";}',0),(1,13,0,0,0,0,100,0,0,0,'','','','','','ezstring',149,'subject',0,1,1,1,'a:2:{s:6:\"eng-GB\";s:7:\"Subject\";s:16:\"always-available\";s:6:\"eng-GB\";}',0),(1,13,0,0,0,0,0,0,0,0,'','','','','','ezstring',150,'author',0,1,1,2,'a:2:{s:6:\"eng-GB\";s:6:\"Author\";s:16:\"always-available\";s:6:\"eng-GB\";}',0),(1,13,0,0,0,0,20,0,0,0,'','','','','','eztext',151,'message',0,1,1,3,'a:2:{s:6:\"eng-GB\";s:7:\"Message\";s:16:\"always-available\";s:6:\"eng-GB\";}',0),(1,1,0,0,0,0,100,0,0,0,'','','','','','ezstring',155,'short_name',0,0,1,2,'a:2:{s:6:\"eng-GB\";s:10:\"Short name\";s:16:\"always-available\";s:6:\"eng-GB\";}',0),(1,1,0,0,0,0,20,0,0,0,'','','','','','ezxmltext',156,'description',0,0,1,4,'a:2:{s:6:\"eng-GB\";s:11:\"Description\";s:16:\"always-available\";s:6:\"eng-GB\";}',0),(0,1,0,0,0,0,0,0,1,0,'','','','','','ezboolean',158,'show_children',0,0,0,5,'a:2:{s:6:\"eng-GB\";s:17:\"Display sub items\";s:16:\"always-available\";s:6:\"eng-GB\";}',0),(1,14,0,0,0,0,0,0,0,0,'','','','','','ezstring',159,'name',0,0,1,1,'a:2:{s:6:\"eng-GB\";s:4:\"Name\";s:16:\"always-available\";s:6:\"eng-GB\";}',0),(1,14,0,0,0,0,1,0,0,0,'site.ini','SiteSettings','IndexPage','','override;user;admin;demo','ezinisetting',160,'indexpage',0,0,0,2,'a:2:{s:6:\"eng-GB\";s:10:\"Index Page\";s:16:\"always-available\";s:6:\"eng-GB\";}',0),(1,14,0,0,0,0,1,0,0,0,'site.ini','SiteSettings','DefaultPage','','override;user;admin;demo','ezinisetting',161,'defaultpage',0,0,0,3,'a:2:{s:6:\"eng-GB\";s:12:\"Default Page\";s:16:\"always-available\";s:6:\"eng-GB\";}',0),(1,14,0,0,0,0,2,0,0,0,'site.ini','DebugSettings','DebugOutput','','override;user;admin;demo','ezinisetting',162,'debugoutput',0,0,0,4,'a:2:{s:6:\"eng-GB\";s:12:\"Debug Output\";s:16:\"always-available\";s:6:\"eng-GB\";}',0),(1,14,0,0,0,0,2,0,0,0,'site.ini','DebugSettings','DebugByIP','','override;user;admin;demo','ezinisetting',163,'debugbyip',0,0,0,5,'a:2:{s:6:\"eng-GB\";s:11:\"Debug By IP\";s:16:\"always-available\";s:6:\"eng-GB\";}',0),(1,14,0,0,0,0,6,0,0,0,'site.ini','DebugSettings','DebugIPList','','override;user;admin;demo','ezinisetting',164,'debugiplist',0,0,0,6,'a:2:{s:6:\"eng-GB\";s:13:\"Debug IP List\";s:16:\"always-available\";s:6:\"eng-GB\";}',0),(1,14,0,0,0,0,2,0,0,0,'site.ini','DebugSettings','DebugRedirection','','override;user;admin;demo','ezinisetting',165,'debugredirection',0,0,0,7,'a:2:{s:6:\"eng-GB\";s:17:\"Debug Redirection\";s:16:\"always-available\";s:6:\"eng-GB\";}',0),(1,14,0,0,0,0,2,0,0,0,'site.ini','ContentSettings','ViewCaching','','override;user;admin;demo','ezinisetting',166,'viewcaching',0,0,0,8,'a:2:{s:6:\"eng-GB\";s:12:\"View Caching\";s:16:\"always-available\";s:6:\"eng-GB\";}',0),(1,14,0,0,0,0,2,0,0,0,'site.ini','TemplateSettings','TemplateCache','','override;user;admin;demo','ezinisetting',167,'templatecache',0,0,0,9,'a:2:{s:6:\"eng-GB\";s:14:\"Template Cache\";s:16:\"always-available\";s:6:\"eng-GB\";}',0),(1,14,0,0,0,0,2,0,0,0,'site.ini','TemplateSettings','TemplateCompile','','override;user;admin;demo','ezinisetting',168,'templatecompile',0,0,0,10,'a:2:{s:6:\"eng-GB\";s:16:\"Template Compile\";s:16:\"always-available\";s:6:\"eng-GB\";}',0),(1,14,0,0,0,0,6,0,0,0,'image.ini','small','Filters','','override;user;admin;demo','ezinisetting',169,'imagesmall',0,0,0,11,'a:2:{s:6:\"eng-GB\";s:16:\"Image Small Size\";s:16:\"always-available\";s:6:\"eng-GB\";}',0),(1,14,0,0,0,0,6,0,0,0,'image.ini','medium','Filters','','override;user;admin;demo','ezinisetting',170,'imagemedium',0,0,0,12,'a:2:{s:6:\"eng-GB\";s:17:\"Image Medium Size\";s:16:\"always-available\";s:6:\"eng-GB\";}',0),(1,14,0,0,0,0,6,0,0,0,'image.ini','large','Filters','','override;user;admin;demo','ezinisetting',171,'imagelarge',0,0,0,13,'a:2:{s:6:\"eng-GB\";s:16:\"Image Large Size\";s:16:\"always-available\";s:6:\"eng-GB\";}',0),(1,15,0,0,0,0,1,0,0,0,'site.ini','SiteSettings','SiteName','','override;user;admin;demo','ezinisetting',172,'title',0,0,0,1,'a:2:{s:6:\"eng-GB\";s:5:\"Title\";s:16:\"always-available\";s:6:\"eng-GB\";}',0),(1,15,0,0,0,0,6,0,0,0,'site.ini','SiteSettings','MetaDataArray','','override;user;admin;demo','ezinisetting',173,'meta_data',0,0,0,2,'a:2:{s:6:\"eng-GB\";s:9:\"Meta data\";s:16:\"always-available\";s:6:\"eng-GB\";}',0),(1,15,0,0,0,0,0,0,0,0,'','','','','','ezimage',174,'image',0,0,0,3,'a:2:{s:6:\"eng-GB\";s:5:\"Image\";s:16:\"always-available\";s:6:\"eng-GB\";}',0),(1,15,0,0,0,0,0,0,0,0,'sitestyle','','','','','ezpackage',175,'sitestyle',0,0,0,4,'a:2:{s:6:\"eng-GB\";s:9:\"Sitestyle\";s:16:\"always-available\";s:6:\"eng-GB\";}',0),(1,15,0,0,0,0,1,0,0,0,'site.ini','MailSettings','AdminEmail','','override;user;admin;demo','ezinisetting',177,'email',0,0,0,6,'a:2:{s:6:\"eng-GB\";s:5:\"Email\";s:16:\"always-available\";s:6:\"eng-GB\";}',0),(1,15,0,0,0,0,1,0,0,0,'site.ini','SiteSettings','SiteURL','','override;user;admin;demo','ezinisetting',178,'siteurl',0,0,0,7,'a:2:{s:6:\"eng-GB\";s:8:\"Site URL\";s:16:\"always-available\";s:6:\"eng-GB\";}',0),(1,4,0,0,0,0,10,0,0,0,'','','','','','eztext',179,'signature',0,0,1,4,'a:2:{s:6:\"eng-GB\";s:9:\"Signature\";s:16:\"always-available\";s:6:\"eng-GB\";}',0),(1,4,0,0,0,0,1,0,0,0,'','','','','','ezimage',180,'image',0,0,0,5,'a:2:{s:6:\"eng-GB\";s:5:\"Image\";s:16:\"always-available\";s:6:\"eng-GB\";}',0),(1,1,0,0,0,0,0,0,0,0,'','','','','','ezkeyword',181,'tags',0,0,0,6,'a:2:{s:6:\"eng-GB\";s:4:\"Tags\";s:16:\"always-available\";s:6:\"eng-GB\";}',0),(1,1,0,0,0,0,0,0,0,0,'','','','','','ezdatetime',182,'publish_date',0,0,0,7,'a:2:{s:6:\"eng-GB\";s:12:\"Publish date\";s:16:\"always-available\";s:6:\"eng-GB\";}',0),(1,16,0,0,0,0,255,0,0,0,'New article','','','','','ezstring',183,'title',0,1,1,1,'a:2:{s:6:\"eng-GB\";s:5:\"Title\";s:16:\"always-available\";s:6:\"eng-GB\";}',0),(1,16,0,0,0,0,255,0,0,0,'','','','','','ezstring',184,'short_title',0,0,1,2,'a:2:{s:6:\"eng-GB\";s:11:\"Short title\";s:16:\"always-available\";s:6:\"eng-GB\";}',0),(1,16,0,0,0,0,0,0,0,0,'','','','','','ezauthor',185,'author',0,0,0,3,'a:2:{s:6:\"eng-GB\";s:6:\"Author\";s:16:\"always-available\";s:6:\"eng-GB\";}',0),(1,16,0,0,0,0,10,0,0,0,'','','','','','ezxmltext',186,'intro',0,1,1,4,'a:2:{s:6:\"eng-GB\";s:7:\"Summary\";s:16:\"always-available\";s:6:\"eng-GB\";}',0),(1,16,0,0,0,0,20,0,0,0,'','','','','','ezxmltext',187,'body',0,0,1,5,'a:2:{s:6:\"eng-GB\";s:4:\"Body\";s:16:\"always-available\";s:6:\"eng-GB\";}',0),(0,16,0,0,0,0,0,0,0,0,'','','','','','ezboolean',188,'enable_comments',0,0,0,6,'a:2:{s:6:\"eng-GB\";s:15:\"Enable comments\";s:16:\"always-available\";s:6:\"eng-GB\";}',0),(1,16,0,0,0,0,0,0,0,0,'','','','','','ezimage',189,'image',0,0,1,7,'a:2:{s:6:\"eng-GB\";s:5:\"Image\";s:16:\"always-available\";s:6:\"eng-GB\";}',0),(1,16,0,0,0,0,10,0,0,0,'','','','','','ezxmltext',190,'caption',0,0,1,8,'a:2:{s:6:\"eng-GB\";s:15:\"Caption (Image)\";s:16:\"always-available\";s:6:\"eng-GB\";}',0),(1,16,0,0,0,0,0,0,0,0,'','','','','','ezdatetime',191,'publish_date',0,0,1,9,'a:2:{s:6:\"eng-GB\";s:12:\"Publish date\";s:16:\"always-available\";s:6:\"eng-GB\";}',0),(1,16,0,0,0,0,0,0,0,0,'','','','','','ezdatetime',192,'unpublish_date',0,0,1,10,'a:2:{s:6:\"eng-GB\";s:14:\"Unpublish date\";s:16:\"always-available\";s:6:\"eng-GB\";}',0),(1,16,0,0,0,0,0,0,0,0,'','','','','','ezkeyword',193,'tags',0,0,1,11,'a:2:{s:6:\"eng-GB\";s:4:\"Tags\";s:16:\"always-available\";s:6:\"eng-GB\";}',0),(1,16,0,0,0,0,0,0,0,0,'','','','','','ezsrrating',194,'star_rating',0,0,0,12,'a:2:{s:6:\"eng-GB\";s:11:\"Star Rating\";s:16:\"always-available\";s:6:\"eng-GB\";}',0),(1,17,0,0,0,0,0,0,0,0,'','','','','','ezstring',195,'title',0,1,1,1,'a:2:{s:6:\"eng-GB\";s:5:\"Title\";s:16:\"always-available\";s:6:\"eng-GB\";}',0),(1,17,0,0,0,0,0,0,0,0,'','','','','','ezstring',196,'short_title',0,0,1,2,'a:2:{s:6:\"eng-GB\";s:11:\"Short title\";s:16:\"always-available\";s:6:\"eng-GB\";}',0),(1,17,0,0,0,0,0,0,0,0,'','','','','','ezstring',197,'index_title',0,0,1,3,'a:2:{s:6:\"eng-GB\";s:11:\"Index title\";s:16:\"always-available\";s:6:\"eng-GB\";}',0),(1,17,0,0,0,0,0,0,0,0,'','','','','','ezauthor',198,'author',0,1,1,4,'a:2:{s:6:\"eng-GB\";s:6:\"Author\";s:16:\"always-available\";s:6:\"eng-GB\";}',0),(1,17,0,0,0,0,10,0,0,0,'','','','','','ezxmltext',199,'intro',0,1,1,5,'a:2:{s:6:\"eng-GB\";s:7:\"Summary\";s:16:\"always-available\";s:6:\"eng-GB\";}',0),(1,17,0,0,0,0,15,0,0,0,'','','','','','ezxmltext',200,'body',0,0,1,6,'a:2:{s:6:\"eng-GB\";s:4:\"Body\";s:16:\"always-available\";s:6:\"eng-GB\";}',0),(1,17,0,0,0,0,0,0,0,0,'','','','','','ezimage',201,'image',0,0,0,7,'a:2:{s:6:\"eng-GB\";s:5:\"Image\";s:16:\"always-available\";s:6:\"eng-GB\";}',0),(1,17,0,0,0,0,5,0,0,0,'','','','','','ezxmltext',202,'caption',0,0,1,8,'a:2:{s:6:\"eng-GB\";s:15:\"Caption (Image)\";s:16:\"always-available\";s:6:\"eng-GB\";}',0),(1,17,0,0,0,0,1,0,0,0,'','','','','','ezdatetime',203,'publish_date',0,0,1,9,'a:2:{s:6:\"eng-GB\";s:12:\"Publish date\";s:16:\"always-available\";s:6:\"eng-GB\";}',0),(1,17,0,0,0,0,0,0,0,0,'','','','','','ezdatetime',204,'unpublish_date',0,0,1,10,'a:2:{s:6:\"eng-GB\";s:14:\"Unpublish date\";s:16:\"always-available\";s:6:\"eng-GB\";}',0),(1,17,0,0,0,0,0,0,0,0,'','','','','','ezkeyword',205,'tags',0,0,1,11,'a:2:{s:6:\"eng-GB\";s:4:\"Tags\";s:16:\"always-available\";s:6:\"eng-GB\";}',0),(1,17,0,0,0,0,0,0,0,0,'','','','','','ezboolean',206,'enable_comments',0,0,1,12,'a:2:{s:6:\"eng-GB\";s:15:\"Enable comments\";s:16:\"always-available\";s:6:\"eng-GB\";}',0),(1,18,0,0,0,0,0,0,0,0,'','','','','','ezstring',207,'title',0,1,1,1,'a:2:{s:6:\"eng-GB\";s:5:\"Title\";s:16:\"always-available\";s:6:\"eng-GB\";}',0),(1,18,0,0,0,0,0,0,0,0,'','','','','','ezstring',208,'index_title',0,0,1,2,'a:2:{s:6:\"eng-GB\";s:11:\"Index title\";s:16:\"always-available\";s:6:\"eng-GB\";}',0),(1,18,0,0,0,0,15,0,0,0,'','','','','','ezxmltext',209,'body',0,0,1,3,'a:2:{s:6:\"eng-GB\";s:4:\"body\";s:16:\"always-available\";s:6:\"eng-GB\";}',0),(1,18,0,0,0,0,0,0,0,0,'','','','','','ezkeyword',210,'tags',0,0,1,4,'a:2:{s:6:\"eng-GB\";s:4:\"Tags\";s:16:\"always-available\";s:6:\"eng-GB\";}',0),(1,19,0,0,0,0,0,0,0,0,'','','','','','ezstring',211,'name',0,0,1,1,'a:2:{s:6:\"eng-GB\";s:4:\"Name\";s:16:\"always-available\";s:6:\"eng-GB\";}',0),(1,19,0,0,0,0,5,0,0,0,'','','','','','ezxmltext',212,'description',0,0,1,2,'a:2:{s:6:\"eng-GB\";s:11:\"Description\";s:16:\"always-available\";s:6:\"eng-GB\";}',0),(1,19,0,0,0,0,0,0,0,0,'','','','','','ezkeyword',213,'tags',0,0,1,3,'a:2:{s:6:\"eng-GB\";s:4:\"Tags\";s:16:\"always-available\";s:6:\"eng-GB\";}',0),(1,20,0,0,0,0,0,0,0,0,'','','','','','ezstring',214,'title',0,0,1,1,'a:2:{s:6:\"eng-GB\";s:5:\"Title\";s:16:\"always-available\";s:6:\"eng-GB\";}',0),(1,20,0,0,0,0,25,0,0,0,'','','','','','ezxmltext',215,'body',0,0,1,2,'a:2:{s:6:\"eng-GB\";s:4:\"Body\";s:16:\"always-available\";s:6:\"eng-GB\";}',0),(1,20,0,0,0,0,1,0,0,0,'','','','','','ezdatetime',216,'publication_date',0,0,1,3,'a:2:{s:6:\"eng-GB\";s:16:\"Publication date\";s:16:\"always-available\";s:6:\"eng-GB\";}',0),(1,20,0,0,0,0,0,0,0,0,'','','','','','ezdatetime',217,'unpublish_date',0,0,1,4,'a:2:{s:6:\"eng-GB\";s:14:\"Unpublish date\";s:16:\"always-available\";s:6:\"eng-GB\";}',0),(1,20,0,0,0,0,0,0,0,0,'','','','','','ezkeyword',218,'tags',0,0,1,5,'a:2:{s:6:\"eng-GB\";s:4:\"Tags\";s:16:\"always-available\";s:6:\"eng-GB\";}',0),(1,20,0,0,0,0,0,0,0,0,'','','','','','ezboolean',219,'enable_comments',0,0,1,6,'a:2:{s:6:\"eng-GB\";s:15:\"Enable comments\";s:16:\"always-available\";s:6:\"eng-GB\";}',0),(1,21,0,0,0,0,0,0,0,0,'','','','','','ezstring',220,'name',0,0,1,1,'a:2:{s:6:\"eng-GB\";s:4:\"Name\";s:16:\"always-available\";s:6:\"eng-GB\";}',0),(1,21,0,0,0,0,0,0,0,0,'','','','','','ezstring',221,'product_number',0,0,1,2,'a:2:{s:6:\"eng-GB\";s:14:\"Product number\";s:16:\"always-available\";s:6:\"eng-GB\";}',0),(1,21,0,0,0,0,5,0,0,0,'','','','','','ezxmltext',222,'short_description',0,0,1,3,'a:2:{s:6:\"eng-GB\";s:17:\"Short description\";s:16:\"always-available\";s:6:\"eng-GB\";}',0),(1,21,0,0,0,0,10,0,0,0,'','','','','','ezxmltext',223,'description',0,0,1,4,'a:2:{s:6:\"eng-GB\";s:11:\"Description\";s:16:\"always-available\";s:6:\"eng-GB\";}',0),(1,21,1,0,0,0,1,0,0,0,'','','','','','ezprice',224,'price',0,0,0,5,'a:2:{s:6:\"eng-GB\";s:5:\"Price\";s:16:\"always-available\";s:6:\"eng-GB\";}',0),(1,21,0,0,0,0,0,0,0,0,'','','','','','ezimage',225,'image',0,0,0,6,'a:2:{s:6:\"eng-GB\";s:5:\"Image\";s:16:\"always-available\";s:6:\"eng-GB\";}',0),(1,21,0,0,0,0,5,0,0,0,'','','','','','ezxmltext',226,'caption',0,0,1,7,'a:2:{s:6:\"eng-GB\";s:15:\"Caption (Image)\";s:16:\"always-available\";s:6:\"eng-GB\";}',0),(1,21,0,0,0,0,0,0,0,0,'','','','','','ezmultioption',227,'additional_options',0,0,1,8,'a:2:{s:6:\"eng-GB\";s:18:\"Additional options\";s:16:\"always-available\";s:6:\"eng-GB\";}',0),(1,21,0,0,0,0,0,0,0,0,'','','','','','ezkeyword',228,'tags',0,0,1,9,'a:2:{s:6:\"eng-GB\";s:4:\"Tags\";s:16:\"always-available\";s:6:\"eng-GB\";}',0),(1,22,0,0,0,0,0,0,0,0,'','','','','','ezstring',229,'name',0,1,1,1,'a:2:{s:6:\"eng-GB\";s:4:\"Name\";s:16:\"always-available\";s:6:\"eng-GB\";}',0),(1,22,0,0,0,0,10,0,0,0,'','','','','','ezxmltext',230,'description',0,0,1,2,'a:2:{s:6:\"eng-GB\";s:11:\"Description\";s:16:\"always-available\";s:6:\"eng-GB\";}',0),(0,22,0,0,0,0,0,0,0,0,'','','','','','ezstring',231,'sender_name',1,1,0,3,'a:2:{s:6:\"eng-GB\";s:11:\"Sender name\";s:16:\"always-available\";s:6:\"eng-GB\";}',0),(1,22,0,0,0,0,0,0,0,0,'','','','','','ezstring',232,'subject',1,1,1,4,'a:2:{s:6:\"eng-GB\";s:7:\"Subject\";s:16:\"always-available\";s:6:\"eng-GB\";}',0),(1,22,0,0,0,0,10,0,0,0,'','','','','','eztext',233,'message',1,1,1,5,'a:2:{s:6:\"eng-GB\";s:7:\"Message\";s:16:\"always-available\";s:6:\"eng-GB\";}',0),(0,22,0,0,0,0,0,0,0,0,'','','','','','ezemail',234,'email',1,1,0,6,'a:2:{s:6:\"eng-GB\";s:5:\"Email\";s:16:\"always-available\";s:6:\"eng-GB\";}',0),(0,22,0,0,0,0,0,0,0,0,'','','','','','ezemail',235,'recipient',0,0,0,7,'a:2:{s:6:\"eng-GB\";s:9:\"Recipient\";s:16:\"always-available\";s:6:\"eng-GB\";}',0),(1,23,0,0,0,0,0,0,0,0,'','','','','','ezstring',236,'name',0,1,1,1,'a:2:{s:6:\"eng-GB\";s:4:\"Name\";s:16:\"always-available\";s:6:\"eng-GB\";}',0),(1,23,0,0,0,0,0,0,0,0,'','','','','','ezpage',237,'page',0,0,1,2,'a:2:{s:6:\"eng-GB\";s:6:\"Layout\";s:16:\"always-available\";s:6:\"eng-GB\";}',0),(1,23,0,0,0,0,0,0,0,0,'','','','','','ezkeyword',238,'tags',0,0,1,3,'a:2:{s:6:\"eng-GB\";s:4:\"Tags\";s:16:\"always-available\";s:6:\"eng-GB\";}',0),(1,24,0,0,0,0,0,0,0,0,'','','','','','ezstring',239,'title',0,1,1,1,'a:2:{s:6:\"eng-GB\";s:5:\"Title\";s:16:\"always-available\";s:6:\"eng-GB\";}',0),(1,24,0,0,0,0,20,0,0,0,'','','','','','ezxmltext',240,'body',0,0,1,2,'a:2:{s:6:\"eng-GB\";s:4:\"Body\";s:16:\"always-available\";s:6:\"eng-GB\";}',0),(1,24,0,0,0,0,0,0,0,0,'','','','','','ezkeyword',241,'tags',0,0,1,3,'a:2:{s:6:\"eng-GB\";s:4:\"Tags\";s:16:\"always-available\";s:6:\"eng-GB\";}',0),(1,24,0,0,0,0,0,0,0,0,'','','','','','ezboolean',242,'show_children',0,0,0,4,'a:2:{s:6:\"eng-GB\";s:17:\"Display sub items\";s:16:\"always-available\";s:6:\"eng-GB\";}',0),(1,25,0,0,0,0,0,0,0,0,'','','','','','ezstring',243,'header',0,1,0,1,'a:2:{s:6:\"eng-GB\";s:6:\"Header\";s:16:\"always-available\";s:6:\"eng-GB\";}',0),(1,25,0,0,0,0,0,0,0,0,'','','','','','ezimage',244,'image',0,0,0,2,'a:2:{s:6:\"eng-GB\";s:5:\"Image\";s:16:\"always-available\";s:6:\"eng-GB\";}',0),(1,25,0,0,0,0,0,0,0,0,'','','','','','ezstring',245,'image_url',0,0,1,3,'a:2:{s:6:\"eng-GB\";s:11:\"URL (image)\";s:16:\"always-available\";s:6:\"eng-GB\";}',0),(1,25,0,0,0,0,10,0,0,0,'','','','','','ezxmltext',246,'content',0,0,0,4,'a:2:{s:6:\"eng-GB\";s:7:\"Content\";s:16:\"always-available\";s:6:\"eng-GB\";}',0),(1,25,0,0,0,0,0,0,0,0,'','','','','','ezurl',247,'url',0,0,0,5,'a:2:{s:6:\"eng-GB\";s:3:\"URL\";s:16:\"always-available\";s:6:\"eng-GB\";}',0),(1,26,0,0,0,0,0,0,0,0,'','','','','','ezstring',248,'name',0,0,1,1,'a:2:{s:6:\"eng-GB\";s:4:\"Name\";s:16:\"always-available\";s:6:\"eng-GB\";}',0),(1,26,0,0,0,0,10,0,0,0,'','','','','','ezxmltext',249,'description',0,0,1,2,'a:2:{s:6:\"eng-GB\";s:11:\"Description\";s:16:\"always-available\";s:6:\"eng-GB\";}',0),(1,26,0,0,0,0,0,0,0,0,'','','','','<?xml version=\"1.0\" encoding=\"utf-8\"?>\n<related-objects><constraints><allowed-class contentclass-identifier=\"event_calendar\"/></constraints><type value=\"2\"/><selection_type value=\"0\"/><object_class value=\"\"/><contentobject-placement/></related-objects>\n','ezobjectrelationlist',250,'calendars',0,0,1,3,'a:2:{s:6:\"eng-GB\";s:9:\"Calendars\";s:16:\"always-available\";s:6:\"eng-GB\";}',0),(1,27,0,0,0,0,0,0,0,0,'','','','','','ezstring',251,'name',0,1,1,1,'a:2:{s:6:\"eng-GB\";s:4:\"Name\";s:16:\"always-available\";s:6:\"eng-GB\";}',0),(1,27,0,0,0,0,10,0,0,0,'','','','','','ezxmltext',252,'description',0,0,1,2,'a:2:{s:6:\"eng-GB\";s:11:\"Description\";s:16:\"always-available\";s:6:\"eng-GB\";}',0),(1,27,0,0,0,0,0,0,0,0,'','','','','','ezoption',253,'question',1,1,0,3,'a:2:{s:6:\"eng-GB\";s:8:\"Question\";s:16:\"always-available\";s:6:\"eng-GB\";}',0),(1,28,0,0,0,0,0,0,0,0,'New file','','','','','ezstring',254,'name',0,1,1,1,'a:2:{s:6:\"eng-GB\";s:4:\"Name\";s:16:\"always-available\";s:6:\"eng-GB\";}',0),(1,28,0,0,0,0,10,0,0,0,'','','','','','ezxmltext',255,'description',0,0,1,2,'a:2:{s:6:\"eng-GB\";s:11:\"Description\";s:16:\"always-available\";s:6:\"eng-GB\";}',0),(1,28,0,0,0,0,0,0,0,0,'','','','','','ezbinaryfile',256,'file',0,1,0,3,'a:2:{s:6:\"eng-GB\";s:4:\"File\";s:16:\"always-available\";s:6:\"eng-GB\";}',0),(1,28,0,0,0,0,0,0,0,0,'','','','','','ezkeyword',257,'tags',0,0,1,4,'a:2:{s:6:\"eng-GB\";s:4:\"Tags\";s:16:\"always-available\";s:6:\"eng-GB\";}',0),(1,29,0,0,0,0,0,0,0,0,'','','','','','ezstring',258,'name',0,1,1,1,'a:2:{s:6:\"eng-GB\";s:4:\"Name\";s:16:\"always-available\";s:6:\"eng-GB\";}',0),(1,29,0,0,0,0,10,0,0,0,'','','','','','ezxmltext',259,'description',0,0,1,2,'a:2:{s:6:\"eng-GB\";s:11:\"Description\";s:16:\"always-available\";s:6:\"eng-GB\";}',0),(1,29,0,0,0,0,0,0,0,0,'flash','','','','','ezmedia',260,'file',0,1,0,3,'a:2:{s:6:\"eng-GB\";s:4:\"File\";s:16:\"always-available\";s:6:\"eng-GB\";}',0),(1,29,0,0,0,0,0,0,0,0,'','','','','','ezkeyword',261,'tags',0,0,1,4,'a:2:{s:6:\"eng-GB\";s:4:\"Tags\";s:16:\"always-available\";s:6:\"eng-GB\";}',0),(1,30,0,0,0,0,0,0,0,0,'','','','','','ezstring',262,'name',0,0,1,1,'a:2:{s:6:\"eng-GB\";s:4:\"Name\";s:16:\"always-available\";s:6:\"eng-GB\";}',0),(1,30,0,0,0,0,0,0,0,0,'','','','','','ezstring',263,'stream_server',0,0,1,2,'a:2:{s:6:\"eng-GB\";s:13:\"Stream server\";s:16:\"always-available\";s:6:\"eng-GB\";}',0),(1,30,0,0,0,0,0,0,0,0,'','','','','','ezstring',264,'file_server',0,0,1,3,'a:2:{s:6:\"eng-GB\";s:11:\"File server\";s:16:\"always-available\";s:6:\"eng-GB\";}',0),(1,30,0,0,0,0,0,0,0,0,'ThisIsTheDefaultKeyChangeMe','','','','','ezstring',265,'key',0,0,1,4,'a:2:{s:6:\"eng-GB\";s:3:\"Key\";s:16:\"always-available\";s:6:\"eng-GB\";}',0),(1,31,0,0,0,0,0,0,0,0,'','','','','','ezstring',266,'name',0,0,1,1,'a:2:{s:6:\"eng-GB\";s:4:\"Name\";s:16:\"always-available\";s:6:\"eng-GB\";}',0),(1,31,0,0,0,0,10,0,0,0,'','','','','','ezxmltext',267,'description',0,0,1,2,'a:2:{s:6:\"eng-GB\";s:11:\"Description\";s:16:\"always-available\";s:6:\"eng-GB\";}',0),(1,31,0,0,0,0,0,0,0,0,'flash','','','','','ezmedia',268,'file',0,0,0,3,'a:2:{s:6:\"eng-GB\";s:4:\"File\";s:16:\"always-available\";s:6:\"eng-GB\";}',0),(1,31,0,0,0,0,0,0,0,0,'','','','','','ezimage',269,'thumbnail',0,0,0,4,'a:2:{s:6:\"eng-GB\";s:9:\"Thumbnail\";s:16:\"always-available\";s:6:\"eng-GB\";}',0),(1,32,0,0,0,0,0,0,0,0,'','','','','','ezstring',270,'name',0,0,1,1,'a:2:{s:6:\"eng-GB\";s:4:\"Name\";s:16:\"always-available\";s:6:\"eng-GB\";}',0),(1,32,0,0,0,0,0,0,0,0,'','','','','','ezpage',271,'page',0,0,1,2,'a:2:{s:6:\"eng-GB\";s:6:\"Layout\";s:16:\"always-available\";s:6:\"eng-GB\";}',0),(1,33,0,0,0,0,150,0,0,0,'','','','','','ezstring',272,'name',0,1,1,1,'a:2:{s:6:\"eng-GB\";s:4:\"Name\";s:16:\"always-available\";s:6:\"eng-GB\";}',0),(1,33,0,0,0,0,10,0,0,0,'','','','','','ezxmltext',273,'caption',0,0,1,2,'a:2:{s:6:\"eng-GB\";s:7:\"Caption\";s:16:\"always-available\";s:6:\"eng-GB\";}',0),(1,33,0,0,0,0,2,0,0,0,'','','','','','ezimage',274,'image',0,0,0,3,'a:2:{s:6:\"eng-GB\";s:5:\"Image\";s:16:\"always-available\";s:6:\"eng-GB\";}',0),(1,33,0,0,0,0,0,0,0,0,'','','','','','ezkeyword',275,'tags',0,0,1,4,'a:2:{s:6:\"eng-GB\";s:4:\"Tags\";s:16:\"always-available\";s:6:\"eng-GB\";}',0),(1,34,0,0,0,0,255,0,0,0,'','','','','','ezstring',276,'name',0,1,1,1,'a:2:{s:6:\"eng-GB\";s:4:\"Name\";s:16:\"always-available\";s:6:\"eng-GB\";}',0),(1,34,0,0,0,0,20,0,0,0,'','','','','','ezxmltext',277,'description',0,0,1,2,'a:2:{s:6:\"eng-GB\";s:11:\"Description\";s:16:\"always-available\";s:6:\"eng-GB\";}',0),(1,34,0,0,0,0,0,0,0,0,'','','','','','ezurl',278,'location',0,0,0,3,'a:2:{s:6:\"eng-GB\";s:8:\"Location\";s:16:\"always-available\";s:6:\"eng-GB\";}',0),(1,34,0,0,0,0,0,0,1,0,'','','','','','ezboolean',279,'open_in_new_window',0,0,1,4,'a:2:{s:6:\"eng-GB\";s:18:\"Open in new window\";s:16:\"always-available\";s:6:\"eng-GB\";}',0),(1,35,0,0,0,0,0,0,0,0,'','','','','','ezstring',280,'name',0,1,1,1,'a:2:{s:6:\"eng-GB\";s:4:\"Name\";s:16:\"always-available\";s:6:\"eng-GB\";}',0),(1,35,0,0,0,0,10,0,0,0,'','','','','','ezxmltext',281,'description',0,0,1,2,'a:2:{s:6:\"eng-GB\";s:11:\"Description\";s:16:\"always-available\";s:6:\"eng-GB\";}',0),(1,35,0,0,0,0,0,0,0,0,'quick_time','','','','','ezmedia',282,'file',0,1,0,3,'a:2:{s:6:\"eng-GB\";s:4:\"File\";s:16:\"always-available\";s:6:\"eng-GB\";}',0),(1,35,0,0,0,0,0,0,0,0,'','','','','','ezkeyword',283,'tags',0,0,1,4,'a:2:{s:6:\"eng-GB\";s:4:\"Tags\";s:16:\"always-available\";s:6:\"eng-GB\";}',0),(1,36,0,0,0,0,0,0,0,0,'','','','','','ezstring',284,'name',0,1,1,1,'a:2:{s:6:\"eng-GB\";s:4:\"Name\";s:16:\"always-available\";s:6:\"eng-GB\";}',0),(1,36,0,0,0,0,10,0,0,0,'','','','','','ezxmltext',285,'description',0,0,1,2,'a:2:{s:6:\"eng-GB\";s:11:\"Description\";s:16:\"always-available\";s:6:\"eng-GB\";}',0),(1,36,0,0,0,0,0,0,0,0,'windows_media_player','','','','','ezmedia',286,'file',0,1,0,3,'a:2:{s:6:\"eng-GB\";s:4:\"File\";s:16:\"always-available\";s:6:\"eng-GB\";}',0),(1,36,0,0,0,0,0,0,0,0,'','','','','','ezkeyword',287,'tags',0,0,1,4,'a:2:{s:6:\"eng-GB\";s:4:\"Tags\";s:16:\"always-available\";s:6:\"eng-GB\";}',0),(1,37,0,0,0,0,0,0,0,0,'','','','','','ezstring',288,'name',0,1,1,1,'a:2:{s:6:\"eng-GB\";s:4:\"Name\";s:16:\"always-available\";s:6:\"eng-GB\";}',0),(1,37,0,0,0,0,10,0,0,0,'','','','','','ezxmltext',289,'description',0,0,1,2,'a:2:{s:6:\"eng-GB\";s:11:\"Description\";s:16:\"always-available\";s:6:\"eng-GB\";}',0),(1,37,0,0,0,0,0,0,0,0,'real_player','','','','','ezmedia',290,'file',0,1,0,3,'a:2:{s:6:\"eng-GB\";s:4:\"File\";s:16:\"always-available\";s:6:\"eng-GB\";}',0),(1,37,0,0,0,0,0,0,0,0,'','','','','','ezkeyword',291,'tags',0,0,1,4,'a:2:{s:6:\"eng-GB\";s:4:\"Tags\";s:16:\"always-available\";s:6:\"eng-GB\";}',0),(1,38,0,0,0,0,0,0,0,0,'','','','','','ezstring',292,'name',0,1,1,1,'a:2:{s:6:\"eng-GB\";s:4:\"Name\";s:16:\"always-available\";s:6:\"eng-GB\";}',0),(1,38,0,0,0,0,10,0,0,0,'','','','','','ezxmltext',293,'short_description',0,0,1,2,'a:2:{s:6:\"eng-GB\";s:17:\"Short description\";s:16:\"always-available\";s:6:\"eng-GB\";}',0),(1,38,0,0,0,0,10,0,0,0,'','','','','','ezxmltext',294,'description',0,0,1,3,'a:2:{s:6:\"eng-GB\";s:11:\"Description\";s:16:\"always-available\";s:6:\"eng-GB\";}',0),(1,38,0,0,0,0,0,0,0,0,'','','','','','ezobjectrelation',295,'image',0,0,1,4,'a:2:{s:6:\"eng-GB\";s:5:\"Image\";s:16:\"always-available\";s:6:\"eng-GB\";}',0),(1,39,0,0,0,0,255,0,0,0,'New article','','','','','ezstring',296,'title',0,1,1,1,'a:2:{s:6:\"eng-GB\";s:5:\"Title\";s:16:\"always-available\";s:6:\"eng-GB\";}',0),(1,39,0,0,0,0,255,0,0,0,'','','','','','ezstring',297,'short_title',0,0,1,2,'a:2:{s:6:\"eng-GB\";s:11:\"Short title\";s:16:\"always-available\";s:6:\"eng-GB\";}',0),(1,39,0,0,0,0,0,0,0,0,'','','','','','ezauthor',298,'author',0,0,0,3,'a:2:{s:6:\"eng-GB\";s:6:\"Author\";s:16:\"always-available\";s:6:\"eng-GB\";}',0),(1,39,0,0,0,0,10,0,0,0,'','','','','','ezxmltext',299,'intro',0,1,1,4,'a:2:{s:6:\"eng-GB\";s:7:\"Summary\";s:16:\"always-available\";s:6:\"eng-GB\";}',0),(1,39,0,0,0,0,20,0,0,0,'','','','','','ezxmltext',300,'body',0,0,1,5,'a:2:{s:6:\"eng-GB\";s:4:\"Body\";s:16:\"always-available\";s:6:\"eng-GB\";}',0),(0,39,0,0,0,0,0,0,0,0,'','','','','','ezboolean',301,'enable_comments',0,0,0,6,'a:2:{s:6:\"eng-GB\";s:15:\"Enable comments\";s:16:\"always-available\";s:6:\"eng-GB\";}',0),(1,39,0,0,0,0,0,0,0,0,'','','','','','ezimage',302,'image',0,0,0,7,'a:2:{s:6:\"eng-GB\";s:5:\"Image\";s:16:\"always-available\";s:6:\"eng-GB\";}',0),(1,39,0,0,0,0,10,0,0,0,'','','','','','ezxmltext',303,'caption',0,0,1,8,'a:2:{s:6:\"eng-GB\";s:15:\"Caption (Image)\";s:16:\"always-available\";s:6:\"eng-GB\";}',0),(1,39,0,0,0,0,0,0,0,0,'','','','','','ezdatetime',304,'publish_date',0,0,1,9,'a:2:{s:6:\"eng-GB\";s:12:\"Publish date\";s:16:\"always-available\";s:6:\"eng-GB\";}',0),(1,39,0,0,0,0,0,0,0,0,'','','','','','ezdatetime',305,'unpublish_date',0,0,1,10,'a:2:{s:6:\"eng-GB\";s:14:\"Unpublish date\";s:16:\"always-available\";s:6:\"eng-GB\";}',0),(1,39,0,0,0,0,0,0,0,0,'','','','','','ezkeyword',306,'tags',0,0,1,11,'a:2:{s:6:\"eng-GB\";s:4:\"Tags\";s:16:\"always-available\";s:6:\"eng-GB\";}',0),(1,39,0,0,0,0,0,0,0,0,'','','','','','ezgmaplocation',307,'location',0,0,1,12,'a:2:{s:6:\"eng-GB\";s:8:\"Location\";s:16:\"always-available\";s:6:\"eng-GB\";}',0),(1,40,0,0,0,0,0,0,0,0,'','','','','','ezstring',308,'name',0,1,1,1,'a:2:{s:6:\"eng-GB\";s:4:\"Name\";s:16:\"always-available\";s:6:\"eng-GB\";}',0),(1,40,0,0,0,0,10,0,0,0,'','','','','','ezxmltext',309,'description',0,0,1,2,'a:2:{s:6:\"eng-GB\";s:11:\"Description\";s:16:\"always-available\";s:6:\"eng-GB\";}',0),(1,41,0,0,0,0,0,0,0,0,'','','','','','ezstring',310,'subject',0,1,1,1,'a:2:{s:6:\"eng-GB\";s:7:\"Subject\";s:16:\"always-available\";s:6:\"eng-GB\";}',0),(1,41,0,0,0,0,10,0,0,0,'','','','','','eztext',311,'message',0,1,1,2,'a:2:{s:6:\"eng-GB\";s:7:\"Message\";s:16:\"always-available\";s:6:\"eng-GB\";}',0),(1,41,0,0,0,0,0,0,0,0,'','','','','','ezboolean',312,'sticky',0,0,1,3,'a:2:{s:6:\"eng-GB\";s:6:\"Sticky\";s:16:\"always-available\";s:6:\"eng-GB\";}',0),(1,41,0,0,0,0,0,0,0,0,'','','','','','ezsubtreesubscription',313,'notify_me',0,0,0,4,'a:2:{s:6:\"eng-GB\";s:23:\"Notify me about updates\";s:16:\"always-available\";s:6:\"eng-GB\";}',0),(1,42,0,0,0,0,0,0,0,0,'','','','','','ezstring',314,'subject',0,1,1,1,'a:2:{s:6:\"eng-GB\";s:7:\"Subject\";s:16:\"always-available\";s:6:\"eng-GB\";}',0),(1,42,0,0,0,0,10,0,0,0,'','','','','','eztext',315,'message',0,1,1,2,'a:2:{s:6:\"eng-GB\";s:7:\"Message\";s:16:\"always-available\";s:6:\"eng-GB\";}',0),(1,43,0,0,0,0,55,0,0,0,'','','','','','ezstring',316,'title',0,0,1,1,'a:2:{s:6:\"eng-GB\";s:10:\"Full title\";s:16:\"always-available\";s:6:\"eng-GB\";}',0),(1,43,0,0,0,0,19,0,0,0,'','','','','','ezstring',317,'short_title',0,1,1,2,'a:2:{s:6:\"eng-GB\";s:11:\"Short title\";s:16:\"always-available\";s:6:\"eng-GB\";}',0),(1,43,0,0,0,0,10,0,0,0,'','','','','','ezxmltext',318,'text',0,0,1,3,'a:2:{s:6:\"eng-GB\";s:4:\"Text\";s:16:\"always-available\";s:6:\"eng-GB\";}',0),(1,43,0,0,0,0,0,0,0,0,'','','','','','ezkeyword',319,'category',0,0,1,4,'a:2:{s:6:\"eng-GB\";s:8:\"Category\";s:16:\"always-available\";s:6:\"eng-GB\";}',0),(0,43,0,0,0,0,1,0,0,0,'','','','','','ezdatetime',320,'from_time',0,1,0,5,'a:2:{s:6:\"eng-GB\";s:9:\"From Time\";s:16:\"always-available\";s:6:\"eng-GB\";}',0),(0,43,0,0,0,0,0,0,0,0,'','','','','','ezdatetime',321,'to_time',0,0,0,6,'a:2:{s:6:\"eng-GB\";s:7:\"To Time\";s:16:\"always-available\";s:6:\"eng-GB\";}',0),(1,44,0,0,0,0,65,0,0,0,'','','','','','ezstring',322,'title',0,1,1,1,'a:2:{s:6:\"eng-GB\";s:10:\"Full Title\";s:16:\"always-available\";s:6:\"eng-GB\";}',0),(1,44,0,0,0,0,25,0,0,0,'','','','','','ezstring',323,'short_title',0,0,1,2,'a:2:{s:6:\"eng-GB\";s:11:\"Short Title\";s:16:\"always-available\";s:6:\"eng-GB\";}',0),(0,44,0,0,0,0,0,0,0,0,'','','','','<?xml version=\"1.0\" encoding=\"utf-8\"?>\n<ezselection><options><option id=\"0\" name=\"Calendar\"/><option id=\"1\" name=\"Program\"/></options></ezselection>\n','ezselection',324,'view',0,1,0,3,'a:2:{s:6:\"eng-GB\";s:4:\"View\";s:16:\"always-available\";s:6:\"eng-GB\";}',0),(1,45,0,0,0,0,0,0,0,0,'','','','','','ezstring',325,'name',0,1,0,1,'a:2:{s:6:\"eng-GB\";s:4:\"Name\";s:16:\"always-available\";s:6:\"eng-GB\";}',0),(1,45,0,0,0,0,0,0,0,0,'','','','','','ezstring',326,'url',0,0,0,2,'a:2:{s:6:\"eng-GB\";s:3:\"URL\";s:16:\"always-available\";s:6:\"eng-GB\";}',0),(1,45,0,0,0,0,0,0,0,0,'','','','','','ezimage',327,'image',0,1,0,3,'a:2:{s:6:\"eng-GB\";s:5:\"Image\";s:16:\"always-available\";s:6:\"eng-GB\";}',0),(1,45,0,0,0,0,10,0,0,0,'','','','','','eztext',328,'image_map',0,0,0,4,'a:2:{s:6:\"eng-GB\";s:9:\"Image map\";s:16:\"always-available\";s:6:\"eng-GB\";}',0),(1,45,0,0,0,0,0,0,0,0,'','','','','','ezkeyword',329,'tags',0,0,1,5,'a:2:{s:6:\"eng-GB\";s:4:\"Tags\";s:16:\"always-available\";s:6:\"eng-GB\";}',0),(1,46,0,0,0,0,0,0,0,0,'','','','','','ezstring',330,'title',0,0,1,1,'a:2:{s:6:\"eng-GB\";s:5:\"Title\";s:16:\"always-available\";s:6:\"eng-GB\";}',0),(1,46,0,0,0,0,10,0,0,0,'','','','','','ezxmltext',331,'description',0,0,1,2,'a:2:{s:6:\"eng-GB\";s:11:\"Description\";s:16:\"always-available\";s:6:\"eng-GB\";}',0),(1,47,0,0,0,0,0,0,0,0,'','','','','','ezstring',332,'name',0,0,1,1,'a:2:{s:6:\"eng-GB\";s:4:\"Name\";s:16:\"always-available\";s:6:\"eng-GB\";}',0),(1,47,0,0,0,0,5,0,0,0,'','','','','','ezxmltext',333,'description',0,0,1,2,'a:2:{s:6:\"eng-GB\";s:11:\"Description\";s:16:\"always-available\";s:6:\"eng-GB\";}',0),(1,47,0,0,0,0,0,0,0,0,'silverlight','','','','','ezmedia',334,'file',0,0,0,3,'a:2:{s:6:\"eng-GB\";s:4:\"File\";s:16:\"always-available\";s:6:\"eng-GB\";}',0),(1,15,0,0,0,0,0,0,0,0,'','','','','','ezurl',335,'site_map_url',0,0,0,8,'a:2:{s:6:\"eng-GB\";s:12:\"Site map URL\";s:16:\"always-available\";s:6:\"eng-GB\";}',0),(1,15,0,0,0,0,0,0,0,0,'','','','','','ezurl',336,'tag_cloud_url',0,0,0,9,'a:2:{s:6:\"eng-GB\";s:13:\"Tag Cloud URL\";s:16:\"always-available\";s:6:\"eng-GB\";}',0),(1,15,0,0,0,0,0,0,0,0,'','','','','','ezstring',337,'login_label',0,0,0,10,'a:2:{s:6:\"eng-GB\";s:13:\"Login (label)\";s:16:\"always-available\";s:6:\"eng-GB\";}',0),(1,15,0,0,0,0,0,0,0,0,'','','','','','ezstring',338,'logout_label',0,0,0,11,'a:2:{s:6:\"eng-GB\";s:14:\"Logout (label)\";s:16:\"always-available\";s:6:\"eng-GB\";}',0),(1,15,0,0,0,0,0,0,0,0,'','','','','','ezstring',339,'my_profile_label',0,0,0,12,'a:2:{s:6:\"eng-GB\";s:18:\"My profile (label)\";s:16:\"always-available\";s:6:\"eng-GB\";}',0),(1,15,0,0,0,0,0,0,0,0,'','','','','','ezstring',340,'register_user_label',0,0,0,13,'a:2:{s:6:\"eng-GB\";s:25:\"Register new user (label)\";s:16:\"always-available\";s:6:\"eng-GB\";}',0),(1,15,0,0,0,0,0,0,0,0,'','','','','','ezstring',341,'rss_feed',0,0,0,14,'a:2:{s:6:\"eng-GB\";s:8:\"RSS feed\";s:16:\"always-available\";s:6:\"eng-GB\";}',0),(1,15,0,0,0,0,0,0,0,0,'','','','','','ezstring',342,'shopping_basket_label',0,0,0,15,'a:2:{s:6:\"eng-GB\";s:23:\"Shopping basket (label)\";s:16:\"always-available\";s:6:\"eng-GB\";}',0),(1,15,0,0,0,0,0,0,0,0,'','','','','','ezstring',343,'site_settings_label',0,0,0,16,'a:2:{s:6:\"eng-GB\";s:21:\"Site settings (label)\";s:16:\"always-available\";s:6:\"eng-GB\";}',0),(1,15,0,0,0,0,0,0,0,0,'','','','','<?xml version=\"1.0\" encoding=\"utf-8\"?>\n<ezmatrix><column-name id=\"site_url\" idx=\"0\">Site URL</column-name><column-name id=\"siteaccess\" idx=\"1\">Siteaccess</column-name><column-name id=\"language_name\" idx=\"2\">Language name</column-name></ezmatrix>\n','ezmatrix',344,'language_settings',0,0,0,17,'a:2:{s:6:\"eng-GB\";s:17:\"Language settings\";s:16:\"always-available\";s:6:\"eng-GB\";}',0),(1,15,0,0,0,0,10,0,0,0,'','','','','','eztext',345,'footer_text',0,0,0,18,'a:2:{s:6:\"eng-GB\";s:11:\"Footer text\";s:16:\"always-available\";s:6:\"eng-GB\";}',0),(1,15,0,0,0,0,0,0,0,0,'','','','','','ezboolean',346,'hide_powered_by',0,0,0,19,'a:2:{s:6:\"eng-GB\";s:17:\"Hide \"Powered by\"\";s:16:\"always-available\";s:6:\"eng-GB\";}',0),(1,15,0,0,0,0,10,0,0,0,'','','','','','eztext',347,'footer_script',0,0,0,20,'a:2:{s:6:\"eng-GB\";s:17:\"Footer Javascript\";s:16:\"always-available\";s:6:\"eng-GB\";}',0);

--
-- Table structure for table `ezcontentclass_classgroup`
--

CREATE TABLE `ezcontentclass_classgroup` (
  `contentclass_id` int(11) NOT NULL DEFAULT '0',
  `contentclass_version` int(11) NOT NULL DEFAULT '0',
  `group_id` int(11) NOT NULL DEFAULT '0',
  `group_name` varchar(255) DEFAULT NULL,
  PRIMARY KEY (`contentclass_id`,`contentclass_version`,`group_id`)
) ENGINE=MyISAM DEFAULT CHARSET=utf8;

--
-- Dumping data for table `ezcontentclass_classgroup`
--

INSERT INTO `ezcontentclass_classgroup` VALUES (1,0,1,'Content'),(3,0,2,'Users'),(4,0,2,'Users'),(13,0,1,'Content'),(14,0,4,'Setup'),(15,0,4,'Setup'),(16,0,1,'Content'),(17,0,1,'Content'),(18,0,1,'Content'),(19,0,1,'Content'),(20,0,1,'Content'),(21,0,1,'Content'),(22,0,1,'Content'),(23,0,1,'Content'),(24,0,1,'Content'),(25,0,1,'Content'),(26,0,1,'Content'),(27,0,1,'Content'),(28,0,3,'Media'),(29,0,3,'Media'),(30,0,3,'Media'),(31,0,3,'Media'),(32,0,1,'Content'),(33,0,3,'Media'),(34,0,1,'Content'),(35,0,3,'Media'),(36,0,3,'Media'),(37,0,3,'Media'),(38,0,1,'Content'),(39,0,1,'Content'),(40,0,1,'Content'),(41,0,1,'Content'),(42,0,1,'Content'),(43,0,1,'Content'),(44,0,1,'Content'),(45,0,1,'Content'),(46,0,1,'Content'),(47,0,3,'Media');

--
-- Table structure for table `ezcontentclass_name`
--

CREATE TABLE `ezcontentclass_name` (
  `contentclass_id` int(11) NOT NULL DEFAULT '0',
  `contentclass_version` int(11) NOT NULL DEFAULT '0',
  `language_id` int(11) NOT NULL DEFAULT '0',
  `language_locale` varchar(20) NOT NULL DEFAULT '',
  `name` varchar(255) NOT NULL DEFAULT '',
  PRIMARY KEY (`contentclass_id`,`contentclass_version`,`language_id`)
) ENGINE=MyISAM DEFAULT CHARSET=utf8;

--
-- Dumping data for table `ezcontentclass_name`
--

INSERT INTO `ezcontentclass_name` VALUES (1,0,3,'eng-GB','Folder'),(3,0,3,'eng-GB','User group'),(4,0,3,'eng-GB','User'),(13,0,3,'eng-GB','Comment'),(14,0,3,'eng-GB','Common ini settings'),(15,0,3,'eng-GB','Template look'),(16,0,3,'eng-GB','Article'),(17,0,3,'eng-GB','Article (main-page)'),(18,0,3,'eng-GB','Article (sub-page)'),(19,0,3,'eng-GB','Blog'),(20,0,3,'eng-GB','Blog post'),(21,0,3,'eng-GB','Product'),(22,0,3,'eng-GB','Feedback form'),(23,0,3,'eng-GB','Frontpage'),(24,0,3,'eng-GB','Documentation page'),(25,0,3,'eng-GB','Infobox'),(26,0,3,'eng-GB','Multicalendar'),(27,0,3,'eng-GB','Poll'),(28,0,3,'eng-GB','File'),(29,0,3,'eng-GB','Flash'),(30,0,3,'eng-GB','Flash recorder'),(31,0,3,'eng-GB','Video/Flash Player'),(32,0,3,'eng-GB','Global layout'),(33,0,3,'eng-GB','Image'),(34,0,3,'eng-GB','Link'),(35,0,3,'eng-GB','Quicktime'),(36,0,3,'eng-GB','Windows media'),(37,0,3,'eng-GB','Real video'),(38,0,3,'eng-GB','Gallery'),(39,0,3,'eng-GB','Geo Article'),(40,0,3,'eng-GB','Forum'),(41,0,3,'eng-GB','Forum topic'),(42,0,3,'eng-GB','Forum reply'),(43,0,3,'eng-GB','Event'),(44,0,3,'eng-GB','Event calendar'),(45,0,3,'eng-GB','Banner'),(46,0,3,'eng-GB','Forums'),(47,0,3,'eng-GB','Silverlight');

--
-- Table structure for table `ezcontentclassgroup`
--

CREATE TABLE `ezcontentclassgroup` (
  `created` int(11) NOT NULL DEFAULT '0',
  `creator_id` int(11) NOT NULL DEFAULT '0',
  `id` int(11) NOT NULL AUTO_INCREMENT,
  `modified` int(11) NOT NULL DEFAULT '0',
  `modifier_id` int(11) NOT NULL DEFAULT '0',
  `name` varchar(255) DEFAULT NULL,
  PRIMARY KEY (`id`)
) ENGINE=MyISAM AUTO_INCREMENT=5 DEFAULT CHARSET=utf8;

--
-- Dumping data for table `ezcontentclassgroup`
--

INSERT INTO `ezcontentclassgroup` VALUES (1031216928,14,1,1033922106,14,'Content'),(1031216941,14,2,1033922113,14,'Users'),(1032009743,14,3,1033922120,14,'Media'),(1081858024,14,4,1081858024,14,'Setup');

--
-- Table structure for table `ezcontentobject`
--

CREATE TABLE `ezcontentobject` (
  `contentclass_id` int(11) NOT NULL DEFAULT '0',
  `current_version` int(11) DEFAULT NULL,
  `id` int(11) NOT NULL AUTO_INCREMENT,
  `initial_language_id` int(11) NOT NULL DEFAULT '0',
  `is_published` int(11) DEFAULT NULL,
  `language_mask` int(11) NOT NULL DEFAULT '0',
  `modified` int(11) NOT NULL DEFAULT '0',
  `name` varchar(255) DEFAULT NULL,
  `owner_id` int(11) NOT NULL DEFAULT '0',
  `published` int(11) NOT NULL DEFAULT '0',
  `remote_id` varchar(100) DEFAULT NULL,
  `section_id` int(11) NOT NULL DEFAULT '0',
  `status` int(11) DEFAULT '0',
  PRIMARY KEY (`id`),
  UNIQUE KEY `ezcontentobject_remote_id` (`remote_id`),
  KEY `ezcontentobject_classid` (`contentclass_id`),
  KEY `ezcontentobject_currentversion` (`current_version`),
  KEY `ezcontentobject_lmask` (`language_mask`),
  KEY `ezcontentobject_owner` (`owner_id`),
  KEY `ezcontentobject_pub` (`published`),
  KEY `ezcontentobject_status` (`status`)
) ENGINE=MyISAM AUTO_INCREMENT=70 DEFAULT CHARSET=utf8;

--
-- Dumping data for table `ezcontentobject`
--

INSERT INTO `ezcontentobject` VALUES (3,1,4,2,0,3,1033917596,'Users',14,1033917596,'f5c88a2209584891056f987fd965b0ba',2,1),(4,2,10,2,0,3,1072180405,'Anonymous User',14,1033920665,'faaeb9be3bd98ed09f606fc16d144eca',2,1),(3,2,11,2,0,3,1257953599,'Members',14,1033920746,'5f7f0bdb3381d6a461d8c29ff53d908f',2,1),(3,1,12,2,0,3,1033920775,'Administrator users',14,1033920775,'9b47a45624b023b1a76c73b74d704acf',2,1),(3,1,13,2,0,3,1033920794,'Editors',14,1033920794,'3c160cca19fb135f83bd02d911f04db2',2,1),(4,2,14,2,0,3,1257953595,'Administrator User',14,1033920830,'1bb4fe25487f05527efa8bfd394cecc7',2,1),(1,1,41,2,0,3,1060695457,'Media',14,1060695457,'a6e35cbcb7cd6ae4b691f3eee30cd262',3,1),(3,1,42,2,0,3,1072180330,'Anonymous Users',14,1072180330,'15b256dbea2ae72418ff5facc999e8f9',2,1),(1,1,45,2,0,3,1079684190,'Setup',14,1079684190,'241d538ce310074e602f29f49e44e938',4,1),(1,1,49,2,0,3,1080220197,'Images',14,1080220197,'e7ff633c6b8e0fd3531e74c6e712bead',3,1),(1,1,50,2,0,3,1080220220,'Files',14,1080220220,'732a5acd01b51a6fe6eab448ad4138a9',3,1),(1,1,51,2,0,3,1080220233,'Multimedia',14,1080220233,'09082deb98662a104f325aaa8c4933d3',3,1),(14,1,52,2,0,2,1082016591,'Common INI settings',14,1082016591,'27437f3547db19cf81a33c92578b2c89',4,1),(15,1,54,2,0,2,1082016652,'eZ Flow (without demo content)',14,1082016652,'8b8b22fe3c6061ed500fbd2b377b885f',5,1),(1,1,56,2,0,3,1103023132,'Design',14,1103023132,'08799e609893f7aba22f10cb466d9cc8',5,1),(23,12,57,2,0,3,1258035504,'Home',14,1195480486,'8a9c9c761004866fb458d89910f52bee',1,1),(3,1,58,2,0,3,1257953599,'Partners',14,1257953599,'d14cf4d189f1ca3d0aceba93a39bf7bd',2,1),(1,1,68,2,0,3,1258035555,'News',14,1258035555,'23aa9725d275b53ec05ce54ac4c7ed18',1,1),(16,1,69,2,0,2,1258035613,'Article1',14,1258035613,'de657945367dc8f34278f3497b18e5ed',1,1),(33,1,64,2,0,2,1258015352,'vbanner',14,1258015352,'55ef04b8532bebdc9dd01c2fc1dc5da8',3,1);

--
-- Table structure for table `ezcontentobject_attribute`
--

CREATE TABLE `ezcontentobject_attribute` (
  `attribute_original_id` int(11) DEFAULT '0',
  `contentclassattribute_id` int(11) NOT NULL DEFAULT '0',
  `contentobject_id` int(11) NOT NULL DEFAULT '0',
  `data_float` float DEFAULT NULL,
  `data_int` int(11) DEFAULT NULL,
  `data_text` longtext,
  `data_type_string` varchar(50) DEFAULT '',
  `id` int(11) NOT NULL AUTO_INCREMENT,
  `language_code` varchar(20) NOT NULL DEFAULT '',
  `language_id` int(11) NOT NULL DEFAULT '0',
  `sort_key_int` int(11) NOT NULL DEFAULT '0',
  `sort_key_string` varchar(255) NOT NULL DEFAULT '',
  `version` int(11) NOT NULL DEFAULT '0',
  PRIMARY KEY (`id`,`version`),
  KEY `ezcontentobject_attr_id` (`id`),
  KEY `ezcontentobject_attribute_co_id_ver_lang_code` (`contentobject_id`,`version`,`language_code`),
  KEY `ezcontentobject_attribute_contentobject_id` (`contentobject_id`),
  KEY `ezcontentobject_attribute_language_code` (`language_code`),
  KEY `sort_key_int` (`sort_key_int`),
  KEY `sort_key_string` (`sort_key_string`)
) ENGINE=MyISAM AUTO_INCREMENT=316 DEFAULT CHARSET=utf8;

--
-- Dumping data for table `ezcontentobject_attribute`
--

INSERT INTO `ezcontentobject_attribute` VALUES (0,7,4,NULL,NULL,'Main group','ezstring',7,'eng-GB',3,0,'',1),(0,6,4,NULL,NULL,'Users','ezstring',8,'eng-GB',3,0,'',1),(0,8,10,0,0,'Anonymous','ezstring',19,'eng-GB',3,0,'anonymous',2),(0,9,10,0,0,'User','ezstring',20,'eng-GB',3,0,'user',2),(0,12,10,0,0,'','ezuser',21,'eng-GB',3,0,'',2),(0,6,11,0,0,'Guest accounts','ezstring',22,'eng-GB',3,0,'',1),(0,6,11,0,0,'Members','ezstring',22,'eng-GB',3,0,'members',2),(0,7,11,0,0,'','ezstring',23,'eng-GB',3,0,'',1),(0,7,11,0,0,'','ezstring',23,'eng-GB',3,0,'',2),(0,6,12,0,0,'Administrator users','ezstring',24,'eng-GB',3,0,'',1),(0,7,12,0,0,'','ezstring',25,'eng-GB',3,0,'',1),(0,6,13,0,0,'Editors','ezstring',26,'eng-GB',3,0,'',1),(0,7,13,0,0,'','ezstring',27,'eng-GB',3,0,'',1),(0,8,14,0,0,'Administrator','ezstring',28,'eng-GB',3,0,'',1),(0,8,14,0,0,'Administrator','ezstring',28,'eng-GB',3,0,'administrator',2),(0,9,14,0,0,'User','ezstring',29,'eng-GB',3,0,'',1),(0,9,14,0,0,'User','ezstring',29,'eng-GB',3,0,'user',2),(0,12,14,0,0,'','ezuser',30,'eng-GB',3,0,'',1),(0,12,14,0,0,'','ezuser',30,'eng-GB',3,0,'',2),(0,4,41,0,0,'Media','ezstring',98,'eng-GB',3,0,'',1),(0,119,41,0,1045487555,'<?xml version=\"1.0\" encoding=\"utf-8\"?>\n<section xmlns:image=\"http://ez.no/namespaces/ezpublish3/image/\"\n         xmlns:xhtml=\"http://ez.no/namespaces/ezpublish3/xhtml/\"\n         xmlns:custom=\"http://ez.no/namespaces/ezpublish3/custom/\" />','ezxmltext',99,'eng-GB',3,0,'',1),(0,6,42,0,0,'Anonymous Users','ezstring',100,'eng-GB',3,0,'anonymous users',1),(0,7,42,0,0,'User group for the anonymous user','ezstring',101,'eng-GB',3,0,'user group for the anonymous user',1),(0,155,41,0,0,'','ezstring',103,'eng-GB',3,0,'',1),(0,156,41,0,1045487555,'','ezxmltext',105,'eng-GB',3,0,'',1),(0,158,41,0,0,'','ezboolean',109,'eng-GB',3,0,'',1),(0,4,45,0,0,'Setup','ezstring',123,'eng-GB',3,0,'setup',1),(0,155,45,0,0,'','ezstring',124,'eng-GB',3,0,'',1),(0,119,45,0,1045487555,'<?xml version=\"1.0\" encoding=\"utf-8\"?>\n<section xmlns:image=\"http://ez.no/namespaces/ezpublish3/image/\"\n         xmlns:xhtml=\"http://ez.no/namespaces/ezpublish3/xhtml/\"\n         xmlns:custom=\"http://ez.no/namespaces/ezpublish3/custom/\" />','ezxmltext',125,'eng-GB',3,0,'',1),(0,156,45,0,1045487555,'<?xml version=\"1.0\" encoding=\"utf-8\"?>\n<section xmlns:image=\"http://ez.no/namespaces/ezpublish3/image/\"\n         xmlns:xhtml=\"http://ez.no/namespaces/ezpublish3/xhtml/\"\n         xmlns:custom=\"http://ez.no/namespaces/ezpublish3/custom/\" />','ezxmltext',126,'eng-GB',3,0,'',1),(0,158,45,0,0,'','ezboolean',128,'eng-GB',3,0,'',1),(0,4,49,0,0,'Images','ezstring',142,'eng-GB',3,0,'images',1),(0,155,49,0,0,'','ezstring',143,'eng-GB',3,0,'',1),(0,119,49,0,1045487555,'<?xml version=\"1.0\" encoding=\"utf-8\"?>\n<section xmlns:image=\"http://ez.no/namespaces/ezpublish3/image/\"\n         xmlns:xhtml=\"http://ez.no/namespaces/ezpublish3/xhtml/\"\n         xmlns:custom=\"http://ez.no/namespaces/ezpublish3/custom/\" />','ezxmltext',144,'eng-GB',3,0,'',1),(0,156,49,0,1045487555,'<?xml version=\"1.0\" encoding=\"utf-8\"?>\n<section xmlns:image=\"http://ez.no/namespaces/ezpublish3/image/\"\n         xmlns:xhtml=\"http://ez.no/namespaces/ezpublish3/xhtml/\"\n         xmlns:custom=\"http://ez.no/namespaces/ezpublish3/custom/\" />','ezxmltext',145,'eng-GB',3,0,'',1),(0,158,49,0,1,'','ezboolean',146,'eng-GB',3,1,'',1),(0,4,50,0,0,'Files','ezstring',147,'eng-GB',3,0,'files',1),(0,155,50,0,0,'','ezstring',148,'eng-GB',3,0,'',1),(0,119,50,0,1045487555,'<?xml version=\"1.0\" encoding=\"utf-8\"?>\n<section xmlns:image=\"http://ez.no/namespaces/ezpublish3/image/\"\n         xmlns:xhtml=\"http://ez.no/namespaces/ezpublish3/xhtml/\"\n         xmlns:custom=\"http://ez.no/namespaces/ezpublish3/custom/\" />','ezxmltext',149,'eng-GB',3,0,'',1),(0,156,50,0,1045487555,'<?xml version=\"1.0\" encoding=\"utf-8\"?>\n<section xmlns:image=\"http://ez.no/namespaces/ezpublish3/image/\"\n         xmlns:xhtml=\"http://ez.no/namespaces/ezpublish3/xhtml/\"\n         xmlns:custom=\"http://ez.no/namespaces/ezpublish3/custom/\" />','ezxmltext',150,'eng-GB',3,0,'',1),(0,158,50,0,1,'','ezboolean',151,'eng-GB',3,1,'',1),(0,4,51,0,0,'Multimedia','ezstring',152,'eng-GB',3,0,'multimedia',1),(0,155,51,0,0,'','ezstring',153,'eng-GB',3,0,'',1),(0,119,51,0,1045487555,'<?xml version=\"1.0\" encoding=\"utf-8\"?>\n<section xmlns:image=\"http://ez.no/namespaces/ezpublish3/image/\"\n         xmlns:xhtml=\"http://ez.no/namespaces/ezpublish3/xhtml/\"\n         xmlns:custom=\"http://ez.no/namespaces/ezpublish3/custom/\" />','ezxmltext',154,'eng-GB',3,0,'',1),(0,156,51,0,1045487555,'<?xml version=\"1.0\" encoding=\"utf-8\"?>\n<section xmlns:image=\"http://ez.no/namespaces/ezpublish3/image/\"\n         xmlns:xhtml=\"http://ez.no/namespaces/ezpublish3/xhtml/\"\n         xmlns:custom=\"http://ez.no/namespaces/ezpublish3/custom/\" />','ezxmltext',155,'eng-GB',3,0,'',1),(0,158,51,0,1,'','ezboolean',156,'eng-GB',3,1,'',1),(0,159,52,0,0,'Common INI settings','ezstring',157,'eng-GB',2,0,'common ini settings',1),(0,160,52,0,0,'/content/view/full/2/','ezinisetting',158,'eng-GB',2,0,'',1),(0,161,52,0,0,'/content/view/full/2','ezinisetting',159,'eng-GB',2,0,'',1),(0,162,52,0,0,'disabled','ezinisetting',160,'eng-GB',2,0,'',1),(0,163,52,0,0,'disabled','ezinisetting',161,'eng-GB',2,0,'',1),(0,164,52,0,0,'','ezinisetting',162,'eng-GB',2,0,'',1),(0,165,52,0,0,'enabled','ezinisetting',163,'eng-GB',2,0,'',1),(0,166,52,0,0,'disabled','ezinisetting',164,'eng-GB',2,0,'',1),(0,167,52,0,0,'enabled','ezinisetting',165,'eng-GB',2,0,'',1),(0,168,52,0,0,'enabled','ezinisetting',166,'eng-GB',2,0,'',1),(0,169,52,0,0,'=geometry/scale=100;100','ezinisetting',167,'eng-GB',2,0,'',1),(0,170,52,0,0,'=geometry/scale=200;200','ezinisetting',168,'eng-GB',2,0,'',1),(0,171,52,0,0,'=geometry/scale=300;300','ezinisetting',169,'eng-GB',2,0,'',1),(0,172,54,0,0,'eZ Flow (without demo content)','ezinisetting',170,'eng-GB',2,0,'',1),(0,173,54,0,0,'author=eZ Systems\ncopyright=eZ Systems\ndescription=Content Management System\nkeywords=cms, publish, e-commerce, content management, development framework','ezinisetting',171,'eng-GB',2,0,'',1),(0,174,54,0,0,'<?xml version=\"1.0\" encoding=\"utf-8\"?>\n<ezimage serial_number=\"1\" is_valid=\"1\" filename=\"eZ-Flow-without-demo-content1.png\" suffix=\"png\" basename=\"eZ-Flow-without-demo-content1\" dirpath=\"var/ezflow_site/storage/images/design/ez-publish/172-1-eng-GB\" url=\"var/ezflow_site/storage/images/design/ez-publish/172-1-eng-GB/eZ-Flow-without-demo-content1.png\" original_filename=\"logo.png\" mime_type=\"image/png\" width=\"128\" height=\"39\" alternative_text=\"\" alias_key=\"1293033771\" timestamp=\"1257953598\"><original attribute_id=\"172\" attribute_version=\"1\" attribute_language=\"eng-GB\"/></ezimage>\n','ezimage',172,'eng-GB',2,0,'',1),(0,175,54,0,0,'0','ezpackage',173,'eng-GB',2,0,'0',1),(0,177,54,0,0,'vl@ez.no','ezinisetting',175,'eng-GB',2,0,'',1),(0,178,54,0,0,'ezp420flow.vl.ez.no','ezinisetting',176,'eng-GB',2,0,'',1),(0,179,10,0,0,'','eztext',177,'eng-GB',3,0,'',2),(0,179,14,0,0,'','eztext',178,'eng-GB',3,0,'',1),(0,179,14,0,0,'','eztext',178,'eng-GB',3,0,'',2),(0,180,10,0,0,'','ezimage',179,'eng-GB',3,0,'',2),(0,180,14,0,0,'','ezimage',180,'eng-GB',3,0,'',1),(0,180,14,0,0,'<?xml version=\"1.0\" encoding=\"utf-8\"?>\n<ezimage serial_number=\"\" is_valid=\"\" filename=\"\" suffix=\"\" basename=\"\" dirpath=\"\" url=\"\" original_filename=\"\" mime_type=\"\" width=\"\" height=\"\" alternative_text=\"\" alias_key=\"1293033771\" timestamp=\"1257953595\"/>\n','ezimage',180,'eng-GB',3,0,'',2),(0,4,56,0,NULL,'Design','ezstring',181,'eng-GB',3,0,'design',1),(0,155,56,0,NULL,'','ezstring',182,'eng-GB',3,0,'',1),(0,119,56,0,1045487555,'<?xml version=\"1.0\" encoding=\"utf-8\"?>\n<section xmlns:image=\"http://ez.no/namespaces/ezpublish3/image/\"\n         xmlns:xhtml=\"http://ez.no/namespaces/ezpublish3/xhtml/\"\n         xmlns:custom=\"http://ez.no/namespaces/ezpublish3/custom/\" />','ezxmltext',183,'eng-GB',3,0,'',1),(0,156,56,0,1045487555,'<?xml version=\"1.0\" encoding=\"utf-8\"?>\n<section xmlns:image=\"http://ez.no/namespaces/ezpublish3/image/\"\n         xmlns:xhtml=\"http://ez.no/namespaces/ezpublish3/xhtml/\"\n         xmlns:custom=\"http://ez.no/namespaces/ezpublish3/custom/\" />','ezxmltext',184,'eng-GB',3,0,'',1),(0,158,56,0,1,'','ezboolean',185,'eng-GB',3,1,'',1),(0,181,41,0,NULL,'','ezkeyword',187,'eng-GB',2,0,'',1),(0,181,45,0,NULL,'','ezkeyword',188,'eng-GB',2,0,'',1),(0,181,49,0,NULL,'','ezkeyword',189,'eng-GB',2,0,'',1),(0,181,50,0,NULL,'','ezkeyword',190,'eng-GB',2,0,'',1),(0,181,51,0,NULL,'','ezkeyword',191,'eng-GB',2,0,'',1),(0,181,56,0,NULL,'','ezkeyword',192,'eng-GB',2,0,'',1),(0,182,41,0,0,'','ezdatetime',194,'eng-GB',2,0,'',1),(0,182,45,0,0,'','ezdatetime',195,'eng-GB',2,0,'',1),(0,182,49,0,0,'','ezdatetime',196,'eng-GB',2,0,'',1),(0,182,50,0,0,'','ezdatetime',197,'eng-GB',2,0,'',1),(0,182,51,0,0,'','ezdatetime',198,'eng-GB',2,0,'',1),(0,182,56,0,0,'','ezdatetime',199,'eng-GB',2,0,'',1),(0,237,57,0,NULL,'<?xml version=\"1.0\"?>\n<page>\n  <zone_layout>2ZonesLayout1</zone_layout>\n  <zone id=\"id_4f6d946ab48d95799d31179c3acde8cb\">\n    <zone_identifier>left</zone_identifier>\n    <block id=\"id_997e934a2a6b247c18d257902234f207\">\n      <name>block1</name>\n      <zone_id>4f6d946ab48d95799d31179c3acde8cb</zone_id>\n      <type>DemoBlock</type>\n      <view>demoblock</view>\n    </block>\n    <block id=\"id_0f92a847fe8c4500bc0760a5e47c6f85\">\n      <name>block2</name>\n      <zone_id>4f6d946ab48d95799d31179c3acde8cb</zone_id>\n      <type>Manual2Items</type>\n      <view>2_items1</view>\n      <overflow_id></overflow_id>\n    </block>\n  </zone>\n  <zone id=\"id_a1117aa7fd4548568490cc7ab1271a4b\">\n    <zone_identifier>right</zone_identifier>\n  </zone>\n</page>\n','ezpage',201,'eng-GB',3,0,'',11),(0,236,57,0,NULL,'Home','ezstring',200,'eng-GB',3,0,'home',11),(0,335,54,0,9,'Site map','ezurl',203,'eng-GB',2,0,'',1),(0,336,54,0,10,'Tag cloud','ezurl',204,'eng-GB',2,0,'',1),(0,337,54,0,NULL,'Login','ezstring',205,'eng-GB',2,0,'login',1),(0,338,54,0,NULL,'Logout','ezstring',206,'eng-GB',2,0,'logout',1),(0,339,54,0,NULL,'My profile','ezstring',207,'eng-GB',2,0,'my profile',1),(0,340,54,0,NULL,'Register','ezstring',208,'eng-GB',2,0,'register',1),(0,341,54,0,NULL,'/rss/feed/my_feed','ezstring',209,'eng-GB',2,0,'/rss/feed/my_feed',1),(0,342,54,0,NULL,'Shopping basket','ezstring',210,'eng-GB',2,0,'shopping basket',1),(0,343,54,0,NULL,'Site settings','ezstring',211,'eng-GB',2,0,'site settings',1),(0,344,54,0,NULL,'<?xml version=\"1.0\" encoding=\"utf-8\"?>\n<ezmatrix><name>Language settings</name><columns number=\"3\"><column num=\"0\" id=\"site_url\">Site URL</column><column num=\"1\" id=\"siteaccess\">Siteaccess</column><column num=\"2\" id=\"language_name\">Language name</column></columns><rows number=\"1\"/><c>ezp420flow.vl.ez.no/eng</c><c>eng</c><c>Eng</c></ezmatrix>\n','ezmatrix',212,'eng-GB',2,0,'',1),(0,345,54,0,NULL,'Copyright &#169; 2009 eZ Systems AS. All rights reserved.','eztext',213,'eng-GB',2,0,'',1),(0,346,54,0,0,'','ezboolean',214,'eng-GB',2,0,'',1),(0,347,54,0,NULL,'','eztext',215,'eng-GB',2,0,'',1),(0,6,58,0,NULL,'Partners','ezstring',216,'eng-GB',3,0,'partners',1),(0,7,58,0,NULL,'','ezstring',217,'eng-GB',3,0,'',1),(0,236,57,0,NULL,'Home','ezstring',200,'eng-GB',3,0,'home',12),(0,237,57,0,NULL,'<?xml version=\"1.0\"?>\n<page>\n  <zone_layout>2ZonesLayout1</zone_layout>\n  <zone id=\"id_4f6d946ab48d95799d31179c3acde8cb\">\n    <zone_identifier>left</zone_identifier>\n    <block id=\"id_0f92a847fe8c4500bc0760a5e47c6f85\">\n      <name>block2</name>\n      <zone_id>4f6d946ab48d95799d31179c3acde8cb</zone_id>\n      <type>Manual2Items</type>\n      <view>2_items1</view>\n      <overflow_id></overflow_id>\n    </block>\n    <block id=\"id_997e934a2a6b247c18d257902234f207\">\n      <name>block1</name>\n      <zone_id>4f6d946ab48d95799d31179c3acde8cb</zone_id>\n      <type>DemoBlock</type>\n      <view>demoblock</view>\n    </block>\n  </zone>\n  <zone id=\"id_a1117aa7fd4548568490cc7ab1271a4b\">\n    <zone_identifier>right</zone_identifier>\n  </zone>\n</page>\n','ezpage',201,'eng-GB',3,0,'',12),(0,238,57,0,NULL,'','ezkeyword',202,'eng-GB',3,0,'',12),(0,185,69,0,NULL,'<?xml version=\"1.0\" encoding=\"utf-8\"?>\n<ezauthor><authors><author id=\"0\" name=\"Administrator User\" email=\"vl@ez.no\"/></authors></ezauthor>\n','ezauthor',306,'eng-GB',2,0,'',1),(0,184,69,0,NULL,'','ezstring',305,'eng-GB',2,0,'',1),(301,158,68,0,1,'','ezboolean',301,'eng-GB',3,1,'',1),(0,181,68,0,NULL,'','ezkeyword',302,'eng-GB',3,0,'',1),(0,182,68,0,0,'','ezdatetime',303,'eng-GB',3,0,'',1),(0,183,69,0,NULL,'Article1','ezstring',304,'eng-GB',2,0,'article1',1),(0,156,68,0,1045487555,'<?xml version=\"1.0\" encoding=\"utf-8\"?>\n<section xmlns:image=\"http://ez.no/namespaces/ezpublish3/image/\" xmlns:xhtml=\"http://ez.no/namespaces/ezpublish3/xhtml/\" xmlns:custom=\"http://ez.no/namespaces/ezpublish3/custom/\"/>\n','ezxmltext',300,'eng-GB',3,0,'',1),(0,4,68,0,NULL,'News','ezstring',297,'eng-GB',3,0,'news',1),(0,155,68,0,NULL,'','ezstring',298,'eng-GB',3,0,'',1),(0,119,68,0,1045487555,'<?xml version=\"1.0\" encoding=\"utf-8\"?>\n<section xmlns:image=\"http://ez.no/namespaces/ezpublish3/image/\" xmlns:xhtml=\"http://ez.no/namespaces/ezpublish3/xhtml/\" xmlns:custom=\"http://ez.no/namespaces/ezpublish3/custom/\"/>\n','ezxmltext',299,'eng-GB',3,0,'',1),(0,236,57,0,NULL,'Home','ezstring',200,'eng-GB',3,0,'home',3),(0,237,57,0,NULL,'<?xml version=\"1.0\"?>\n<page>\n  <zone_layout>2ZonesLayout1</zone_layout>\n  <zone id=\"id_4f6d946ab48d95799d31179c3acde8cb\">\n    <zone_identifier>left</zone_identifier>\n    <block id=\"id_f9a3410f78e3c8165f2366e3972dbd84\">\n      <name></name>\n      <zone_id>4f6d946ab48d95799d31179c3acde8cb</zone_id>\n      <type>MainStory</type>\n      <view>main_story1</view>\n      <overflow_id></overflow_id>\n    </block>\n    <block id=\"id_c0973374b3a157eab1c4414c024fa462\">\n      <name></name>\n      <zone_id>4f6d946ab48d95799d31179c3acde8cb</zone_id>\n      <type>Manual2Items</type>\n      <view>2_items1</view>\n      <overflow_id></overflow_id>\n    </block>\n    <block id=\"id_1413e96384330c2639e017c571a7826a\">\n      <name></name>\n      <zone_id>4f6d946ab48d95799d31179c3acde8cb</zone_id>\n      <type>Gallery</type>\n      <view>gallery1</view>\n      <overflow_id></overflow_id>\n    </block>\n    <block id=\"id_e96bc2a41b293267dd39cb504abd7f1c\">\n      <name></name>\n      <zone_id>4f6d946ab48d95799d31179c3acde8cb</zone_id>\n      <type>Banner</type>\n      <view>banner1</view>\n    </block>\n    <block id=\"id_9f40f7e81e64d2951e1b8db1ae25af45\">\n      <name></name>\n      <zone_id>4f6d946ab48d95799d31179c3acde8cb</zone_id>\n      <type>ItemList</type>\n      <view>itemlist1</view>\n      <overflow_id></overflow_id>\n    </block>\n  </zone>\n  <zone id=\"id_a1117aa7fd4548568490cc7ab1271a4b\">\n    <zone_identifier>right</zone_identifier>\n  </zone>\n</page>\n','ezpage',201,'eng-GB',3,0,'',3),(0,238,57,0,NULL,'','ezkeyword',202,'eng-GB',3,0,'',3),(0,236,57,0,NULL,'Home','ezstring',200,'eng-GB',3,0,'home',4),(0,237,57,0,NULL,'<?xml version=\"1.0\"?>\n<page>\n  <zone_layout>2ZonesLayout1</zone_layout>\n  <zone id=\"id_4f6d946ab48d95799d31179c3acde8cb\">\n    <zone_identifier>left</zone_identifier>\n    <block id=\"id_f9a3410f78e3c8165f2366e3972dbd84\">\n      <name>block1</name>\n      <zone_id>4f6d946ab48d95799d31179c3acde8cb</zone_id>\n      <type>MainStory</type>\n      <view>main_story1</view>\n      <overflow_id></overflow_id>\n    </block>\n    <block id=\"id_c0973374b3a157eab1c4414c024fa462\">\n      <name>block2</name>\n      <zone_id>4f6d946ab48d95799d31179c3acde8cb</zone_id>\n      <type>Manual2Items</type>\n      <view>2_items1</view>\n      <overflow_id></overflow_id>\n    </block>\n    <block id=\"id_1413e96384330c2639e017c571a7826a\">\n      <name>block3</name>\n      <zone_id>4f6d946ab48d95799d31179c3acde8cb</zone_id>\n      <type>Gallery</type>\n      <view>gallery1</view>\n      <overflow_id></overflow_id>\n    </block>\n    <block id=\"id_e96bc2a41b293267dd39cb504abd7f1c\">\n      <name>block4</name>\n      <zone_id>4f6d946ab48d95799d31179c3acde8cb</zone_id>\n      <type>Banner</type>\n      <view>banner1</view>\n    </block>\n    <block id=\"id_9f40f7e81e64d2951e1b8db1ae25af45\">\n      <name></name>\n      <zone_id>4f6d946ab48d95799d31179c3acde8cb</zone_id>\n      <type>ItemList</type>\n      <view>itemlist1</view>\n      <overflow_id></overflow_id>\n    </block>\n  </zone>\n  <zone id=\"id_a1117aa7fd4548568490cc7ab1271a4b\">\n    <zone_identifier>right</zone_identifier>\n  </zone>\n</page>\n','ezpage',201,'eng-GB',3,0,'',4),(0,238,57,0,NULL,'','ezkeyword',202,'eng-GB',3,0,'',4),(0,272,64,0,NULL,'vbanner','ezstring',273,'eng-GB',2,0,'vbanner',1),(0,273,64,0,1045487555,'<?xml version=\"1.0\" encoding=\"utf-8\"?>\n<section xmlns:image=\"http://ez.no/namespaces/ezpublish3/image/\" xmlns:xhtml=\"http://ez.no/namespaces/ezpublish3/xhtml/\" xmlns:custom=\"http://ez.no/namespaces/ezpublish3/custom/\"/>\n','ezxmltext',274,'eng-GB',2,0,'',1),(0,274,64,0,NULL,'<?xml version=\"1.0\" encoding=\"utf-8\"?>\n<ezimage serial_number=\"1\" is_valid=\"1\" filename=\"vbanner.gif\" suffix=\"gif\" basename=\"vbanner\" dirpath=\"var/ezflow_site/storage/images/media/images/vbanner/275-1-eng-GB\" url=\"var/ezflow_site/storage/images/media/images/vbanner/275-1-eng-GB/vbanner.gif\" original_filename=\"vbanner.gif\" mime_type=\"image/gif\" width=\"450\" height=\"150\" alternative_text=\"\" alias_key=\"1293033771\" timestamp=\"1258015351\"><original attribute_id=\"275\" attribute_version=\"1\" attribute_language=\"eng-GB\"/><information version=\"89a\" frame_count=\"1\" mode=\"1\" animation_timer=\"\" animation_timer_type=\"1\" transparency_type=\"1\" color_count=\"256\" width=\"450\" height=\"150\" is_animated=\"\"><array name=\"comment_list\"><item key=\"0\" base64=\"1\">Q3JlYXRlZCB3aXRoIFRoZSBHSU1Q</item></array></information></ezimage>\n','ezimage',275,'eng-GB',2,0,'',1),(0,275,64,0,NULL,'','ezkeyword',276,'eng-GB',2,0,'',1),(0,236,57,0,NULL,'Home','ezstring',200,'eng-GB',3,0,'home',5),(0,237,57,0,NULL,'<?xml version=\"1.0\"?>\n<page>\n  <zone_layout>2ZonesLayout1</zone_layout>\n  <zone id=\"id_4f6d946ab48d95799d31179c3acde8cb\">\n    <zone_identifier>left</zone_identifier>\n    <block id=\"id_f9a3410f78e3c8165f2366e3972dbd84\">\n      <name>block1</name>\n      <zone_id>4f6d946ab48d95799d31179c3acde8cb</zone_id>\n      <type>MainStory</type>\n      <view>main_story1</view>\n      <overflow_id></overflow_id>\n    </block>\n    <block id=\"id_c0973374b3a157eab1c4414c024fa462\">\n      <name>block2</name>\n      <zone_id>4f6d946ab48d95799d31179c3acde8cb</zone_id>\n      <type>Manual2Items</type>\n      <view>2_items1</view>\n      <overflow_id></overflow_id>\n    </block>\n    <block id=\"id_1413e96384330c2639e017c571a7826a\">\n      <name>block3</name>\n      <zone_id>4f6d946ab48d95799d31179c3acde8cb</zone_id>\n      <type>Gallery</type>\n      <view>gallery1</view>\n      <overflow_id></overflow_id>\n    </block>\n    <block id=\"id_e96bc2a41b293267dd39cb504abd7f1c\">\n      <name>block4</name>\n      <zone_id>4f6d946ab48d95799d31179c3acde8cb</zone_id>\n      <type>Banner</type>\n      <view>banner1</view>\n    </block>\n    <block id=\"id_9f40f7e81e64d2951e1b8db1ae25af45\">\n      <name></name>\n      <zone_id>4f6d946ab48d95799d31179c3acde8cb</zone_id>\n      <type>ItemList</type>\n      <view>itemlist1</view>\n      <overflow_id></overflow_id>\n    </block>\n  </zone>\n  <zone id=\"id_a1117aa7fd4548568490cc7ab1271a4b\">\n    <zone_identifier>right</zone_identifier>\n  </zone>\n</page>\n','ezpage',201,'eng-GB',3,0,'',5),(0,238,57,0,NULL,'','ezkeyword',202,'eng-GB',3,0,'',5),(0,236,57,0,NULL,'Home','ezstring',200,'eng-GB',3,0,'home',6),(0,237,57,0,NULL,'<?xml version=\"1.0\"?>\n<page>\n  <zone_layout>2ZonesLayout1</zone_layout>\n  <zone id=\"id_4f6d946ab48d95799d31179c3acde8cb\">\n    <zone_identifier>left</zone_identifier>\n    <block id=\"id_f9a3410f78e3c8165f2366e3972dbd84\">\n      <name>block1</name>\n      <zone_id>4f6d946ab48d95799d31179c3acde8cb</zone_id>\n      <type>MainStory</type>\n      <view>main_story1</view>\n      <overflow_id></overflow_id>\n    </block>\n    <block id=\"id_c0973374b3a157eab1c4414c024fa462\">\n      <name>block2</name>\n      <zone_id>4f6d946ab48d95799d31179c3acde8cb</zone_id>\n      <type>Manual2Items</type>\n      <view>2_items1</view>\n      <overflow_id></overflow_id>\n    </block>\n    <block id=\"id_1413e96384330c2639e017c571a7826a\">\n      <name>block3</name>\n      <zone_id>4f6d946ab48d95799d31179c3acde8cb</zone_id>\n      <type>Gallery</type>\n      <view>gallery1</view>\n      <overflow_id></overflow_id>\n    </block>\n    <block id=\"id_9f40f7e81e64d2951e1b8db1ae25af45\">\n      <name></name>\n      <zone_id>4f6d946ab48d95799d31179c3acde8cb</zone_id>\n      <type>ItemList</type>\n      <view>itemlist1</view>\n      <overflow_id></overflow_id>\n    </block>\n  </zone>\n  <zone id=\"id_a1117aa7fd4548568490cc7ab1271a4b\">\n    <zone_identifier>right</zone_identifier>\n  </zone>\n</page>\n','ezpage',201,'eng-GB',3,0,'',6),(0,237,57,0,NULL,'<?xml version=\"1.0\"?>\n<page>\n  <zone_layout>2ZonesLayout1</zone_layout>\n  <zone id=\"id_4f6d946ab48d95799d31179c3acde8cb\">\n    <zone_identifier>left</zone_identifier>\n    <block id=\"id_f9a3410f78e3c8165f2366e3972dbd84\">\n      <name>block1</name>\n      <zone_id>4f6d946ab48d95799d31179c3acde8cb</zone_id>\n      <type>MainStory</type>\n      <view>main_story1</view>\n      <overflow_id></overflow_id>\n    </block>\n    <block id=\"id_c0973374b3a157eab1c4414c024fa462\">\n      <name>block2</name>\n      <zone_id>4f6d946ab48d95799d31179c3acde8cb</zone_id>\n      <type>Manual2Items</type>\n      <view>2_items1</view>\n      <overflow_id></overflow_id>\n    </block>\n    <block id=\"id_1413e96384330c2639e017c571a7826a\">\n      <name>block3</name>\n      <zone_id>4f6d946ab48d95799d31179c3acde8cb</zone_id>\n      <type>Gallery</type>\n      <view>gallery1</view>\n      <overflow_id></overflow_id>\n    </block>\n    <block id=\"id_9f40f7e81e64d2951e1b8db1ae25af45\">\n      <name></name>\n      <zone_id>4f6d946ab48d95799d31179c3acde8cb</zone_id>\n      <type>ItemList</type>\n      <view>itemlist1</view>\n      <overflow_id></overflow_id>\n    </block>\n  </zone>\n  <zone id=\"id_a1117aa7fd4548568490cc7ab1271a4b\">\n    <zone_identifier>right</zone_identifier>\n  </zone>\n</page>\n','ezpage',201,'eng-GB',3,0,'',7),(0,238,57,0,NULL,'','ezkeyword',202,'eng-GB',3,0,'',6),(0,236,57,0,NULL,'Home','ezstring',200,'eng-GB',3,0,'home',7),(0,238,57,0,NULL,'','ezkeyword',202,'eng-GB',3,0,'',7),(0,186,69,0,1045487555,'<?xml version=\"1.0\" encoding=\"utf-8\"?>\n<section xmlns:image=\"http://ez.no/namespaces/ezpublish3/image/\" xmlns:xhtml=\"http://ez.no/namespaces/ezpublish3/xhtml/\" xmlns:custom=\"http://ez.no/namespaces/ezpublish3/custom/\"><paragraph>Hello world. Greetings from testsystem</paragraph></section>\n','ezxmltext',307,'eng-GB',2,0,'',1),(0,187,69,0,1045487555,'<?xml version=\"1.0\" encoding=\"utf-8\"?>\n<section xmlns:image=\"http://ez.no/namespaces/ezpublish3/image/\" xmlns:xhtml=\"http://ez.no/namespaces/ezpublish3/xhtml/\" xmlns:custom=\"http://ez.no/namespaces/ezpublish3/custom/\"><paragraph>body text</paragraph></section>\n','ezxmltext',308,'eng-GB',2,0,'',1),(0,188,69,0,0,'','ezboolean',309,'eng-GB',2,0,'',1),(0,189,69,0,NULL,'<?xml version=\"1.0\" encoding=\"utf-8\"?>\n<ezimage serial_number=\"1\" is_valid=\"\" filename=\"\" suffix=\"\" basename=\"\" dirpath=\"\" url=\"\" original_filename=\"\" mime_type=\"\" width=\"\" height=\"\" alternative_text=\"\" alias_key=\"1293033771\" timestamp=\"1258035581\"><original attribute_id=\"310\" attribute_version=\"1\" attribute_language=\"eng-GB\"/></ezimage>\n','ezimage',310,'eng-GB',2,0,'',1),(0,190,69,0,1045487555,'<?xml version=\"1.0\" encoding=\"utf-8\"?>\n<section xmlns:image=\"http://ez.no/namespaces/ezpublish3/image/\" xmlns:xhtml=\"http://ez.no/namespaces/ezpublish3/xhtml/\" xmlns:custom=\"http://ez.no/namespaces/ezpublish3/custom/\"/>\n','ezxmltext',311,'eng-GB',2,0,'',1),(0,191,69,0,0,'','ezdatetime',312,'eng-GB',2,0,'',1),(0,192,69,0,0,'','ezdatetime',313,'eng-GB',2,0,'',1),(0,193,69,0,NULL,'','ezkeyword',314,'eng-GB',2,0,'',1),(0,194,69,0,NULL,'','ezsrrating',315,'eng-GB',2,0,'',1),(0,236,57,0,NULL,'Home','ezstring',200,'eng-GB',3,0,'home',8),(0,237,57,0,NULL,'<?xml version=\"1.0\"?>\n<page>\n  <zone_layout>2ZonesLayout1</zone_layout>\n  <zone id=\"id_4f6d946ab48d95799d31179c3acde8cb\">\n    <zone_identifier>left</zone_identifier>\n    <block id=\"id_f9a3410f78e3c8165f2366e3972dbd84\">\n      <name>block1</name>\n      <zone_id>4f6d946ab48d95799d31179c3acde8cb</zone_id>\n      <type>MainStory</type>\n      <view>main_story1</view>\n      <overflow_id></overflow_id>\n    </block>\n    <block id=\"id_c0973374b3a157eab1c4414c024fa462\">\n      <name>block2</name>\n      <zone_id>4f6d946ab48d95799d31179c3acde8cb</zone_id>\n      <type>Manual2Items</type>\n      <view>2_items1</view>\n      <overflow_id></overflow_id>\n    </block>\n    <block id=\"id_1413e96384330c2639e017c571a7826a\">\n      <name>block3</name>\n      <zone_id>4f6d946ab48d95799d31179c3acde8cb</zone_id>\n      <type>Gallery</type>\n      <view>gallery1</view>\n      <overflow_id></overflow_id>\n    </block>\n    <block id=\"id_c2ef2df0e7bb7047ab7933757900c0ff\">\n      <name></name>\n      <zone_id>4f6d946ab48d95799d31179c3acde8cb</zone_id>\n      <type>Ads</type>\n      <custom_attributes>\n        <code></code>\n      </custom_attributes>\n      <view>ads</view>\n    </block>\n    <block id=\"id_9f40f7e81e64d2951e1b8db1ae25af45\">\n      <name></name>\n      <zone_id>4f6d946ab48d95799d31179c3acde8cb</zone_id>\n      <type>ItemList</type>\n      <view>itemlist1</view>\n      <overflow_id></overflow_id>\n    </block>\n  </zone>\n  <zone id=\"id_a1117aa7fd4548568490cc7ab1271a4b\">\n    <zone_identifier>right</zone_identifier>\n  </zone>\n</page>\n','ezpage',201,'eng-GB',3,0,'',8),(0,238,57,0,NULL,'','ezkeyword',202,'eng-GB',3,0,'',8),(0,236,57,0,NULL,'Home','ezstring',200,'eng-GB',3,0,'home',9),(0,237,57,0,NULL,'<?xml version=\"1.0\"?>\n<page>\n  <zone_layout>2ZonesLayout1</zone_layout>\n  <zone id=\"id_4f6d946ab48d95799d31179c3acde8cb\">\n    <zone_identifier>left</zone_identifier>\n    <block id=\"id_f9a3410f78e3c8165f2366e3972dbd84\">\n      <name>block1</name>\n      <zone_id>4f6d946ab48d95799d31179c3acde8cb</zone_id>\n      <type>MainStory</type>\n      <view>main_story1</view>\n      <overflow_id></overflow_id>\n    </block>\n    <block id=\"id_c0973374b3a157eab1c4414c024fa462\">\n      <name>block2</name>\n      <zone_id>4f6d946ab48d95799d31179c3acde8cb</zone_id>\n      <type>Manual2Items</type>\n      <view>2_items1</view>\n      <overflow_id></overflow_id>\n    </block>\n    <block id=\"id_1413e96384330c2639e017c571a7826a\">\n      <name>block3</name>\n      <zone_id>4f6d946ab48d95799d31179c3acde8cb</zone_id>\n      <type>Gallery</type>\n      <view>gallery1</view>\n      <overflow_id></overflow_id>\n    </block>\n    <block id=\"id_c2ef2df0e7bb7047ab7933757900c0ff\">\n      <name>block4</name>\n      <zone_id>4f6d946ab48d95799d31179c3acde8cb</zone_id>\n      <type>Ads</type>\n      <custom_attributes>\n        <code>&lt;script type=\"text/javascript\"&gt;document.write(\"&lt;h1&gt;Hello World!&lt;/h1&gt;\");&lt;/script&gt;</code>\n      </custom_attributes>\n      <view>ads</view>\n    </block>\n    <block id=\"id_9f40f7e81e64d2951e1b8db1ae25af45\">\n      <name>block5</name>\n      <zone_id>4f6d946ab48d95799d31179c3acde8cb</zone_id>\n      <type>ItemList</type>\n      <view>itemlist1</view>\n      <overflow_id></overflow_id>\n    </block>\n  </zone>\n  <zone id=\"id_a1117aa7fd4548568490cc7ab1271a4b\">\n    <zone_identifier>right</zone_identifier>\n  </zone>\n</page>\n','ezpage',201,'eng-GB',3,0,'',9),(0,238,57,0,NULL,'','ezkeyword',202,'eng-GB',3,0,'',9),(0,236,57,0,NULL,'Home','ezstring',200,'eng-GB',3,0,'home',10),(0,237,57,0,NULL,'<?xml version=\"1.0\"?>\n<page>\n  <zone_layout>2ZonesLayout1</zone_layout>\n  <zone id=\"id_4f6d946ab48d95799d31179c3acde8cb\">\n    <zone_identifier>left</zone_identifier>\n    <block id=\"id_f9a3410f78e3c8165f2366e3972dbd84\">\n      <name>block1</name>\n      <zone_id>4f6d946ab48d95799d31179c3acde8cb</zone_id>\n      <type>MainStory</type>\n      <view>main_story1</view>\n      <overflow_id></overflow_id>\n    </block>\n    <block id=\"id_c0973374b3a157eab1c4414c024fa462\">\n      <name>block2</name>\n      <zone_id>4f6d946ab48d95799d31179c3acde8cb</zone_id>\n      <type>Manual2Items</type>\n      <view>2_items1</view>\n      <overflow_id></overflow_id>\n    </block>\n    <block id=\"id_1413e96384330c2639e017c571a7826a\">\n      <name>block3</name>\n      <zone_id>4f6d946ab48d95799d31179c3acde8cb</zone_id>\n      <type>Gallery</type>\n      <view>gallery1</view>\n      <overflow_id></overflow_id>\n    </block>\n    <block id=\"id_c2ef2df0e7bb7047ab7933757900c0ff\">\n      <name>block4</name>\n      <zone_id>4f6d946ab48d95799d31179c3acde8cb</zone_id>\n      <type>Ads</type>\n      <custom_attributes>\n        <code>&lt;script type=\"text/javascript\"&gt;document.write(\"&lt;h1&gt;Hello World!&lt;/h1&gt;\");&lt;/script&gt;</code>\n      </custom_attributes>\n      <view>ads</view>\n    </block>\n    <block id=\"id_9f40f7e81e64d2951e1b8db1ae25af45\">\n      <name>block5</name>\n      <zone_id>4f6d946ab48d95799d31179c3acde8cb</zone_id>\n      <type>ItemList</type>\n      <view>itemlist1</view>\n      <overflow_id></overflow_id>\n    </block>\n  </zone>\n  <zone id=\"id_a1117aa7fd4548568490cc7ab1271a4b\">\n    <zone_identifier>right</zone_identifier>\n  </zone>\n</page>\n','ezpage',201,'eng-GB',3,0,'',10),(0,238,57,0,NULL,'','ezkeyword',202,'eng-GB',3,0,'',10),(0,238,57,0,NULL,'','ezkeyword',202,'eng-GB',3,0,'',11);

--
-- Table structure for table `ezcontentobject_link`
--

CREATE TABLE `ezcontentobject_link` (
  `contentclassattribute_id` int(11) NOT NULL DEFAULT '0',
  `from_contentobject_id` int(11) NOT NULL DEFAULT '0',
  `from_contentobject_version` int(11) NOT NULL DEFAULT '0',
  `id` int(11) NOT NULL AUTO_INCREMENT,
  `op_code` int(11) NOT NULL DEFAULT '0',
  `relation_type` int(11) NOT NULL DEFAULT '1',
  `to_contentobject_id` int(11) NOT NULL DEFAULT '0',
  PRIMARY KEY (`id`),
  KEY `ezco_link_from` (`from_contentobject_id`,`from_contentobject_version`,`contentclassattribute_id`),
  KEY `ezco_link_to_co_id` (`to_contentobject_id`)
) ENGINE=MyISAM DEFAULT CHARSET=utf8;

--
-- Dumping data for table `ezcontentobject_link`
--


--
-- Table structure for table `ezcontentobject_name`
--

CREATE TABLE `ezcontentobject_name` (
  `content_translation` varchar(20) NOT NULL DEFAULT '',
  `content_version` int(11) NOT NULL DEFAULT '0',
  `contentobject_id` int(11) NOT NULL DEFAULT '0',
  `language_id` int(11) NOT NULL DEFAULT '0',
  `name` varchar(255) DEFAULT NULL,
  `real_translation` varchar(20) DEFAULT NULL,
  PRIMARY KEY (`contentobject_id`,`content_version`,`content_translation`),
  KEY `ezcontentobject_name_co_id` (`contentobject_id`),
  KEY `ezcontentobject_name_cov_id` (`content_version`),
  KEY `ezcontentobject_name_lang_id` (`language_id`),
  KEY `ezcontentobject_name_name` (`name`)
) ENGINE=MyISAM DEFAULT CHARSET=utf8;

--
-- Dumping data for table `ezcontentobject_name`
--

INSERT INTO `ezcontentobject_name` VALUES ('eng-GB',1,4,3,'Users','eng-GB'),('eng-GB',2,10,3,'Anonymous User','eng-GB'),('eng-GB',1,11,3,'Guest accounts','eng-GB'),('eng-GB',2,11,3,'Members','eng-GB'),('eng-GB',1,12,3,'Administrator users','eng-GB'),('eng-GB',1,13,3,'Editors','eng-GB'),('eng-GB',1,14,3,'Administrator User','eng-GB'),('eng-GB',2,14,3,'Administrator User','eng-GB'),('eng-GB',1,41,3,'Media','eng-GB'),('eng-GB',1,42,3,'Anonymous Users','eng-GB'),('eng-GB',1,45,3,'Setup','eng-GB'),('eng-GB',1,49,3,'Images','eng-GB'),('eng-GB',1,50,3,'Files','eng-GB'),('eng-GB',1,51,3,'Multimedia','eng-GB'),('eng-GB',1,52,2,'Common INI settings','eng-GB'),('eng-GB',1,54,2,'eZ Flow (without demo content)','eng-GB'),('eng-GB',1,56,3,'Design','eng-GB'),('eng-GB',11,57,3,'Home','eng-GB'),('eng-GB',1,58,3,'Partners','eng-GB'),('eng-GB',12,57,3,'Home','eng-GB'),('eng-GB',1,68,3,'News','eng-GB'),('eng-GB',1,69,2,'Article1','eng-GB'),('eng-GB',3,57,3,'Home','eng-GB'),('eng-GB',4,57,3,'Home','eng-GB'),('eng-GB',1,64,2,'vbanner','eng-GB'),('eng-GB',5,57,3,'Home','eng-GB'),('eng-GB',6,57,3,'Home','eng-GB'),('eng-GB',7,57,3,'Home','eng-GB'),('eng-GB',8,57,3,'Home','eng-GB'),('eng-GB',9,57,3,'Home','eng-GB'),('eng-GB',10,57,3,'Home','eng-GB');

--
-- Table structure for table `ezcontentobject_trash`
--

CREATE TABLE `ezcontentobject_trash` (
  `contentobject_id` int(11) DEFAULT NULL,
  `contentobject_version` int(11) DEFAULT NULL,
  `depth` int(11) NOT NULL DEFAULT '0',
  `is_hidden` int(11) NOT NULL DEFAULT '0',
  `is_invisible` int(11) NOT NULL DEFAULT '0',
  `main_node_id` int(11) DEFAULT NULL,
  `modified_subnode` int(11) DEFAULT '0',
  `node_id` int(11) NOT NULL DEFAULT '0',
  `parent_node_id` int(11) NOT NULL DEFAULT '0',
  `path_identification_string` longtext,
  `path_string` varchar(255) NOT NULL DEFAULT '',
  `priority` int(11) NOT NULL DEFAULT '0',
  `remote_id` varchar(100) NOT NULL DEFAULT '',
  `sort_field` int(11) DEFAULT '1',
  `sort_order` int(11) DEFAULT '1',
  PRIMARY KEY (`node_id`),
  KEY `ezcobj_trash_co_id` (`contentobject_id`),
  KEY `ezcobj_trash_depth` (`depth`),
  KEY `ezcobj_trash_modified_subnode` (`modified_subnode`),
  KEY `ezcobj_trash_p_node_id` (`parent_node_id`),
  KEY `ezcobj_trash_path` (`path_string`),
  KEY `ezcobj_trash_path_ident` (`path_identification_string`(50))
) ENGINE=MyISAM DEFAULT CHARSET=utf8;

--
-- Dumping data for table `ezcontentobject_trash`
--


--
-- Table structure for table `ezcontentobject_tree`
--

CREATE TABLE `ezcontentobject_tree` (
  `contentobject_id` int(11) DEFAULT NULL,
  `contentobject_is_published` int(11) DEFAULT NULL,
  `contentobject_version` int(11) DEFAULT NULL,
  `depth` int(11) NOT NULL DEFAULT '0',
  `is_hidden` int(11) NOT NULL DEFAULT '0',
  `is_invisible` int(11) NOT NULL DEFAULT '0',
  `main_node_id` int(11) DEFAULT NULL,
  `modified_subnode` int(11) DEFAULT '0',
  `node_id` int(11) NOT NULL AUTO_INCREMENT,
  `parent_node_id` int(11) NOT NULL DEFAULT '0',
  `path_identification_string` longtext,
  `path_string` varchar(255) NOT NULL DEFAULT '',
  `priority` int(11) NOT NULL DEFAULT '0',
  `remote_id` varchar(100) NOT NULL DEFAULT '',
  `sort_field` int(11) DEFAULT '1',
  `sort_order` int(11) DEFAULT '1',
  PRIMARY KEY (`node_id`),
  KEY `ezcontentobject_tree_co_id` (`contentobject_id`),
  KEY `ezcontentobject_tree_depth` (`depth`),
  KEY `ezcontentobject_tree_p_node_id` (`parent_node_id`),
  KEY `ezcontentobject_tree_path` (`path_string`),
  KEY `ezcontentobject_tree_path_ident` (`path_identification_string`(50)),
  KEY `modified_subnode` (`modified_subnode`)
) ENGINE=MyISAM AUTO_INCREMENT=71 DEFAULT CHARSET=utf8;

--
-- Dumping data for table `ezcontentobject_tree`
--

INSERT INTO `ezcontentobject_tree` VALUES (0,1,1,0,0,0,1,1258035613,1,1,'','/1/',0,'629709ba256fe317c3ddcee35453a96a',1,1),(57,1,12,1,0,0,2,1258035613,2,1,'','/1/2/',0,'f3e90596361e31d496d4026eb624c983',8,1),(4,1,1,1,0,0,5,1257953599,5,1,'users','/1/5/',0,'3f6d92f8044aed134f32153517850f5a',1,1),(11,1,2,2,0,0,12,1257953599,12,5,'users/members','/1/5/12/',0,'602dcf84765e56b7f999eaafd3821dd3',1,1),(12,1,1,2,0,0,13,1257953595,13,5,'users/administrator_users','/1/5/13/',0,'769380b7aa94541679167eab817ca893',1,1),(13,1,1,2,0,0,14,1081860719,14,5,'users/editors','/1/5/14/',0,'f7dda2854fc68f7c8455d9cb14bd04a9',1,1),(14,1,2,3,0,0,15,1257953595,15,13,'users/administrator_users/administrator_user','/1/5/13/15/',0,'e5161a99f733200b9ed4e80f9c16187b',1,1),(41,1,1,1,0,0,43,1258015356,43,1,'media','/1/43/',0,'75c715a51699d2d309a924eca6a95145',9,1),(42,1,1,2,0,0,44,1081860719,44,5,'users/anonymous_users','/1/5/44/',0,'4fdf0072da953bb276c0c7e0141c5c9b',9,1),(10,1,2,3,0,0,45,1081860719,45,44,'users/anonymous_users/anonymous_user','/1/5/44/45/',0,'2cf8343bee7b482bab82b269d8fecd76',9,1),(45,1,1,1,0,0,48,1184592117,48,1,'setup2','/1/48/',0,'182ce1b5af0c09fa378557c462ba2617',9,1),(49,1,1,2,0,0,51,1258015356,51,43,'media/images','/1/43/51/',0,'1b26c0454b09bb49dfb1b9190ffd67cb',9,1),(50,1,1,2,0,0,52,1081860720,52,43,'media/files','/1/43/52/',0,'0b113a208f7890f9ad3c24444ff5988c',9,1),(51,1,1,2,0,0,53,1081860720,53,43,'media/multimedia','/1/43/53/',0,'4f18b82c75f10aad476cae5adf98c11f',9,1),(52,1,1,2,0,0,54,1184592117,54,48,'setup2/common_ini_settings','/1/48/54/',0,'fa9f3cff9cf90ecfae335718dcbddfe2',1,1),(54,1,1,2,0,0,56,1257953597,56,58,'design/ez_publish','/1/58/56/',0,'772da20ecf88b3035d73cbdfcea0f119',1,1),(56,1,1,1,0,0,58,1257953597,58,1,'design','/1/58/',0,'79f2d67372ab56f59b5d65bb9e0ca3b9',2,0),(58,1,1,2,0,0,60,1257953599,60,5,'users/partners','/1/5/60/',0,'df4d409b046fb33023e14b090bc69254',1,1),(68,1,1,2,0,0,69,1258035613,69,2,'news','/1/2/69/',0,'1e8934164de668057deb7fcb257ef9f2',1,1),(69,1,1,3,0,0,70,1258035613,70,69,'news/article1','/1/2/69/70/',0,'0bd2d5f3a8fa4360c4f720a030ae50b8',1,1),(64,1,1,3,0,0,65,1258015356,65,51,'media/images/vbanner','/1/43/51/65/',0,'c60eb6aebce9c152ba876ea1e6cf5d3e',1,1);

--
-- Table structure for table `ezcontentobject_version`
--

CREATE TABLE `ezcontentobject_version` (
  `contentobject_id` int(11) DEFAULT NULL,
  `created` int(11) NOT NULL DEFAULT '0',
  `creator_id` int(11) NOT NULL DEFAULT '0',
  `id` int(11) NOT NULL AUTO_INCREMENT,
  `initial_language_id` int(11) NOT NULL DEFAULT '0',
  `language_mask` int(11) NOT NULL DEFAULT '0',
  `modified` int(11) NOT NULL DEFAULT '0',
  `status` int(11) NOT NULL DEFAULT '0',
  `user_id` int(11) NOT NULL DEFAULT '0',
  `version` int(11) NOT NULL DEFAULT '0',
  `workflow_event_pos` int(11) DEFAULT '0',
  PRIMARY KEY (`id`),
  KEY `ezcobj_version_creator_id` (`creator_id`),
  KEY `ezcobj_version_status` (`status`),
  KEY `idx_object_version_objver` (`contentobject_id`,`version`)
) ENGINE=MyISAM AUTO_INCREMENT=523 DEFAULT CHARSET=utf8;

--
-- Dumping data for table `ezcontentobject_version`
--

INSERT INTO `ezcontentobject_version` VALUES (4,0,14,4,2,3,0,1,0,1,1),(11,1033920737,14,439,2,3,1033920746,3,0,1,0),(12,1033920760,14,440,2,3,1033920775,1,0,1,0),(13,1033920786,14,441,2,3,1033920794,1,0,1,0),(14,1033920808,14,442,2,3,1033920830,3,0,1,0),(41,1060695450,14,472,2,3,1060695457,1,0,1,0),(42,1072180278,14,473,2,3,1072180330,1,0,1,0),(10,1072180337,14,474,2,3,1072180405,1,0,2,0),(45,1079684084,14,477,2,3,1079684190,1,0,1,0),(49,1080220181,14,488,2,3,1080220197,1,0,1,0),(50,1080220211,14,489,2,3,1080220220,1,0,1,0),(51,1080220225,14,490,2,3,1080220233,1,0,1,0),(52,1082016497,14,491,2,3,1082016591,1,0,1,0),(54,1082016628,14,492,2,3,1082016652,1,0,1,0),(56,1103023120,14,495,2,3,1103023120,1,0,1,0),(57,1258035113,14,519,2,3,1258035384,3,0,11,0),(14,1257953595,14,497,2,3,1257953595,1,0,2,0),(58,1257953598,14,498,2,3,1257953598,1,0,1,0),(11,1257953599,14,499,2,3,1257953599,1,0,2,0),(57,1258035493,14,520,2,3,1258035504,1,0,12,0),(68,1258035544,14,521,2,3,1258035555,1,0,1,0),(57,1257954938,14,506,2,3,1257955149,3,0,3,0),(57,1258015253,14,507,2,3,1258015281,3,0,4,0),(64,1258015323,14,508,2,3,1258015348,1,0,1,0),(57,1258015355,14,509,2,3,1258015596,3,0,5,0),(57,1258015685,14,512,2,3,1258015959,3,0,6,0),(57,1258016046,14,513,2,3,1258016310,3,0,7,0),(69,1258035581,14,522,2,3,1258035612,1,0,1,0),(57,1258016502,14,515,2,3,1258017017,3,0,8,0),(57,1258017107,14,516,2,3,1258032816,3,0,9,0),(57,1258032890,14,518,2,3,1258032981,3,0,10,0);

--
-- Table structure for table `ezcurrencydata`
--

CREATE TABLE `ezcurrencydata` (
  `auto_rate_value` decimal(10,5) NOT NULL DEFAULT '0.00000',
  `code` varchar(4) NOT NULL DEFAULT '',
  `custom_rate_value` decimal(10,5) NOT NULL DEFAULT '0.00000',
  `id` int(11) NOT NULL AUTO_INCREMENT,
  `locale` varchar(255) NOT NULL DEFAULT '',
  `rate_factor` decimal(10,5) NOT NULL DEFAULT '1.00000',
  `status` int(11) NOT NULL DEFAULT '1',
  `symbol` varchar(255) NOT NULL DEFAULT '',
  PRIMARY KEY (`id`),
  KEY `ezcurrencydata_code` (`code`)
) ENGINE=MyISAM DEFAULT CHARSET=utf8;

--
-- Dumping data for table `ezcurrencydata`
--


--
-- Table structure for table `ezdiscountrule`
--

CREATE TABLE `ezdiscountrule` (
  `id` int(11) NOT NULL AUTO_INCREMENT,
  `name` varchar(255) NOT NULL DEFAULT '',
  PRIMARY KEY (`id`)
) ENGINE=MyISAM DEFAULT CHARSET=utf8;

--
-- Dumping data for table `ezdiscountrule`
--


--
-- Table structure for table `ezdiscountsubrule`
--

CREATE TABLE `ezdiscountsubrule` (
  `discount_percent` float DEFAULT NULL,
  `discountrule_id` int(11) NOT NULL DEFAULT '0',
  `id` int(11) NOT NULL AUTO_INCREMENT,
  `limitation` char(1) DEFAULT NULL,
  `name` varchar(255) NOT NULL DEFAULT '',
  PRIMARY KEY (`id`)
) ENGINE=MyISAM DEFAULT CHARSET=utf8;

--
-- Dumping data for table `ezdiscountsubrule`
--


--
-- Table structure for table `ezdiscountsubrule_value`
--

CREATE TABLE `ezdiscountsubrule_value` (
  `discountsubrule_id` int(11) NOT NULL DEFAULT '0',
  `issection` int(11) NOT NULL DEFAULT '0',
  `value` int(11) NOT NULL DEFAULT '0',
  PRIMARY KEY (`discountsubrule_id`,`value`,`issection`)
) ENGINE=MyISAM DEFAULT CHARSET=utf8;

--
-- Dumping data for table `ezdiscountsubrule_value`
--


--
-- Table structure for table `ezenumobjectvalue`
--

CREATE TABLE `ezenumobjectvalue` (
  `contentobject_attribute_id` int(11) NOT NULL DEFAULT '0',
  `contentobject_attribute_version` int(11) NOT NULL DEFAULT '0',
  `enumelement` varchar(255) NOT NULL DEFAULT '',
  `enumid` int(11) NOT NULL DEFAULT '0',
  `enumvalue` varchar(255) NOT NULL DEFAULT '',
  PRIMARY KEY (`contentobject_attribute_id`,`contentobject_attribute_version`,`enumid`),
  KEY `ezenumobjectvalue_co_attr_id_co_attr_ver` (`contentobject_attribute_id`,`contentobject_attribute_version`)
) ENGINE=MyISAM DEFAULT CHARSET=utf8;

--
-- Dumping data for table `ezenumobjectvalue`
--


--
-- Table structure for table `ezenumvalue`
--

CREATE TABLE `ezenumvalue` (
  `contentclass_attribute_id` int(11) NOT NULL DEFAULT '0',
  `contentclass_attribute_version` int(11) NOT NULL DEFAULT '0',
  `enumelement` varchar(255) NOT NULL DEFAULT '',
  `enumvalue` varchar(255) NOT NULL DEFAULT '',
  `id` int(11) NOT NULL AUTO_INCREMENT,
  `placement` int(11) NOT NULL DEFAULT '0',
  PRIMARY KEY (`id`,`contentclass_attribute_id`,`contentclass_attribute_version`),
  KEY `ezenumvalue_co_cl_attr_id_co_class_att_ver` (`contentclass_attribute_id`,`contentclass_attribute_version`)
) ENGINE=MyISAM DEFAULT CHARSET=utf8;

--
-- Dumping data for table `ezenumvalue`
--


--
-- Table structure for table `ezforgot_password`
--

CREATE TABLE `ezforgot_password` (
  `hash_key` varchar(32) NOT NULL DEFAULT '',
  `id` int(11) NOT NULL AUTO_INCREMENT,
  `time` int(11) NOT NULL DEFAULT '0',
  `user_id` int(11) NOT NULL DEFAULT '0',
  PRIMARY KEY (`id`),
  KEY `ezforgot_password_user` (`user_id`)
) ENGINE=MyISAM DEFAULT CHARSET=utf8;

--
-- Dumping data for table `ezforgot_password`
--


--
-- Table structure for table `ezgeneral_digest_user_settings`
--

CREATE TABLE `ezgeneral_digest_user_settings` (
  `address` varchar(255) NOT NULL DEFAULT '',
  `day` varchar(255) NOT NULL DEFAULT '',
  `digest_type` int(11) NOT NULL DEFAULT '0',
  `id` int(11) NOT NULL AUTO_INCREMENT,
  `receive_digest` int(11) NOT NULL DEFAULT '0',
  `time` varchar(255) NOT NULL DEFAULT '',
  PRIMARY KEY (`id`),
  UNIQUE KEY `ezgeneral_digest_user_settings_address` (`address`)
) ENGINE=MyISAM DEFAULT CHARSET=utf8;

--
-- Dumping data for table `ezgeneral_digest_user_settings`
--


--
-- Table structure for table `ezgmaplocation`
--

CREATE TABLE `ezgmaplocation` (
  `address` varchar(150) DEFAULT NULL,
  `contentobject_attribute_id` int(11) NOT NULL DEFAULT '0',
  `contentobject_version` int(11) NOT NULL DEFAULT '0',
  `latitude` double NOT NULL DEFAULT '0',
  `longitude` double NOT NULL DEFAULT '0',
  PRIMARY KEY (`contentobject_attribute_id`,`contentobject_version`),
  KEY `latitude_longitude_key` (`latitude`,`longitude`)
) ENGINE=MyISAM DEFAULT CHARSET=utf8;

--
-- Dumping data for table `ezgmaplocation`
--


--
-- Table structure for table `ezimagefile`
--

CREATE TABLE `ezimagefile` (
  `contentobject_attribute_id` int(11) NOT NULL DEFAULT '0',
  `filepath` longtext NOT NULL,
  `id` int(11) NOT NULL AUTO_INCREMENT,
  PRIMARY KEY (`id`),
  KEY `ezimagefile_coid` (`contentobject_attribute_id`),
  KEY `ezimagefile_file` (`filepath`(200))
) ENGINE=MyISAM AUTO_INCREMENT=14 DEFAULT CHARSET=utf8;

--
-- Dumping data for table `ezimagefile`
--

INSERT INTO `ezimagefile` VALUES (172,'var/storage/images/setup/ez_publish/172-1-eng-GB/ez_publish.',1),(172,'var/ezflow_site/storage/images/design/ez-publish/172-1-eng-GB/eZ-Flow-without-demo-content1.png',2),(275,'var/ezflow_site/storage/images/media/images/vbanner/275-1-eng-GB/vbanner.gif',4);

--
-- Table structure for table `ezinfocollection`
--

CREATE TABLE `ezinfocollection` (
  `contentobject_id` int(11) NOT NULL DEFAULT '0',
  `created` int(11) NOT NULL DEFAULT '0',
  `creator_id` int(11) NOT NULL DEFAULT '0',
  `id` int(11) NOT NULL AUTO_INCREMENT,
  `modified` int(11) DEFAULT '0',
  `user_identifier` varchar(34) DEFAULT NULL,
  PRIMARY KEY (`id`),
  KEY `ezinfocollection_co_id_created` (`contentobject_id`,`created`)
) ENGINE=MyISAM DEFAULT CHARSET=utf8;

--
-- Dumping data for table `ezinfocollection`
--


--
-- Table structure for table `ezinfocollection_attribute`
--

CREATE TABLE `ezinfocollection_attribute` (
  `contentclass_attribute_id` int(11) NOT NULL DEFAULT '0',
  `contentobject_attribute_id` int(11) DEFAULT NULL,
  `contentobject_id` int(11) DEFAULT NULL,
  `data_float` float DEFAULT NULL,
  `data_int` int(11) DEFAULT NULL,
  `data_text` longtext,
  `id` int(11) NOT NULL AUTO_INCREMENT,
  `informationcollection_id` int(11) NOT NULL DEFAULT '0',
  PRIMARY KEY (`id`),
  KEY `ezinfocollection_attr_co_id` (`contentobject_id`)
) ENGINE=MyISAM DEFAULT CHARSET=utf8;

--
-- Dumping data for table `ezinfocollection_attribute`
--


--
-- Table structure for table `ezisbn_group`
--

CREATE TABLE `ezisbn_group` (
  `description` varchar(255) NOT NULL DEFAULT '',
  `group_number` int(11) NOT NULL DEFAULT '0',
  `id` int(11) NOT NULL AUTO_INCREMENT,
  PRIMARY KEY (`id`)
) ENGINE=MyISAM AUTO_INCREMENT=193 DEFAULT CHARSET=utf8;

--
-- Dumping data for table `ezisbn_group`
--

INSERT INTO `ezisbn_group` VALUES ('English speaking area',0,1),('English speaking area',1,2),('French speaking area',2,3),('German speaking area',3,4),('Japan',4,5),('Russian Federation',5,6),('Iran',600,7),('Kazakhstan',601,8),('Indonesia',602,9),('Saudi Arabia',603,10),('Vietnam',604,11),('Turkey',605,12),('Romania',606,13),('Mexico',607,14),('Macedonia',608,15),('Lithuania',609,16),('Thailand',610,17),('Ukraine',611,18),('Peru',612,19),('China, People\'s Republic',7,20),('Czech Republic; Slovakia',80,21),('India',81,22),('Norway',82,23),('Poland',83,24),('Spain',84,25),('Brazil',85,26),('Serbia and Montenegro',86,27),('Denmark',87,28),('Italian speaking area',88,29),('Korea',89,30),('Netherlands, Belgium (Flemish)',90,31),('Sweden',91,32),('International Publishers (Unesco, EU), European Community Organizations',92,33),('India',93,34),('Netherlands',94,35),('Argentina',950,36),('Finland',951,37),('Finland',952,38),('Croatia',953,39),('Bulgaria',954,40),('Sri Lanka',955,41),('Chile',956,42),('Taiwan, China',957,43),('Colombia',958,44),('Cuba',959,45),('Greece',960,46),('Slovenia',961,47),('Hong Kong',962,48),('Hungary',963,49),('Iran',964,50),('Israel',965,51),('Ukraine',966,52),('Malaysia',967,53),('Mexico',968,54),('Pakistan',969,55),('Mexico',970,56),('Philippines',971,57),('Portugal',972,58),('Romania',973,59),('Thailand',974,60),('Turkey',975,61),('Caribbean Community',976,62),('Egypr',977,63),('Nigeria',978,64),('Indonesia',979,65),('Venezuela',980,66),('Singapore',981,67),('South Pacific',982,68),('Malaysia',983,69),('Bangladesh',984,70),('Belarus',985,71),('Taiwan, China',986,72),('Argentina',987,73),('Hongkong',988,74),('Portugal',989,75),('Syria',9933,76),('Latvia',9934,77),('Iceland',9935,78),('Afghanistan',9936,79),('Nepal',9937,80),('Tunisia',9938,81),('Armenia',9939,82),('Montenegro',9940,83),('Georgia',9941,84),('Ecuador',9942,85),('Uzbekistan',9943,86),('Turkey',9944,87),('Dominican Republic',9945,88),('Korea, P.D.R.',9946,89),('Algeria',9947,90),('United Arab Emirates',9948,91),('Estonia',9949,92),('Palestine',9950,93),('Kosova',9951,94),('Azerbaijan',9952,95),('Lebanon',9953,96),('Morocco',9954,97),('Lithuania',9955,98),('Cameroon',9956,99),('Jordan',9957,100),('Bosnia and Herzegovina',9958,101),('Libya',9959,102),('Saudi Arabia',9960,103),('Algeria',9961,104),('Panama',9962,105),('Cyprus',9963,106),('Ghana',9964,107),('Kazakhstan',9965,108),('Kenya',9966,109),('Kyrgyzstan',9967,110),('Costa Rica',9968,111),('Uganda',9970,112),('Singapore',9971,113),('Peru',9972,114),('Tunisia',9973,115),('Uruguay',9974,116),('Moldova',9975,117),('Tanzania',9976,118),('Costa Rica',9977,119),('Ecuador',9978,120),('Iceland',9979,121),('Papua New Guinea',9980,122),('Morocco',9981,123),('Zambia',9982,124),('Gambia',9983,125),('Latvia',9984,126),('Estonia',9985,127),('Lithuania',9986,128),('Tanzania',9987,129),('Ghana',9988,130),('Macedonia',9989,131),('Bahrain',99901,132),('Gabon - no ranges fixed yet',99902,133),('Mauritius',99903,134),('Netherlands Antilles; Aruba, Neth. Ant',99904,135),('Bolivia',99905,136),('Kuwait',99906,137),('Malawi',99908,138),('Malta',99909,139),('Sierra Leone',99910,140),('Lesotho',99911,141),('Botswana',99912,142),('Andorra',99913,143),('Suriname',99914,144),('Maldives',99915,145),('Namibia',99916,146),('Brunei Darussalam',99917,147),('Faroe Islands',99918,148),('Benin',99919,149),('Andorra',99920,150),('Qatar',99921,151),('Guatemala',99922,152),('El Salvador',99923,153),('Nicaragua',99924,154),('Paraguay',99925,155),('Honduras',99926,156),('Albania',99927,157),('Georgia',99928,158),('Mongolia',99929,159),('Armenia',99930,160),('Seychelles',99931,161),('Malta',99932,162),('Nepal',99933,163),('Dominican Republic',99934,164),('Haiti',99935,165),('Bhutan',99936,166),('Macau',99937,167),('Srpska',99938,168),('Guatemala',99939,169),('Georgia',99940,170),('Armenia',99941,171),('Sudan',99942,172),('Alsbania',99943,173),('Ethiopia',99944,174),('Namibia',99945,175),('Nepal',99946,176),('Tajikistan',99947,177),('Eritrea',99948,178),('Mauritius',99949,179),('Cambodia',99950,180),('Congo - no ranges fixed yet',99951,181),('Mali',99952,182),('Paraguay',99953,183),('Bolivia',99954,184),('Srpska',99955,185),('Albania',99956,186),('Malta',99957,187),('Bahrain',99958,188),('Luxembourg',99959,189),('Malawi',99960,190),('El Salvador',99961,191),('Mongolia',99962,192);

--
-- Table structure for table `ezisbn_group_range`
--

CREATE TABLE `ezisbn_group_range` (
  `from_number` int(11) NOT NULL DEFAULT '0',
  `group_from` varchar(32) NOT NULL DEFAULT '',
  `group_length` int(11) NOT NULL DEFAULT '0',
  `group_to` varchar(32) NOT NULL DEFAULT '',
  `id` int(11) NOT NULL AUTO_INCREMENT,
  `to_number` int(11) NOT NULL DEFAULT '0',
  PRIMARY KEY (`id`)
) ENGINE=MyISAM AUTO_INCREMENT=10 DEFAULT CHARSET=utf8;

--
-- Dumping data for table `ezisbn_group_range`
--

INSERT INTO `ezisbn_group_range` VALUES (0,'0',1,'5',1,59999),(70000,'7',1,'7',2,79999),(60000,'600',3,'612',3,61299),(95000,'950',3,'989',4,98999),(80000,'80',2,'94',5,94999),(99330,'9933',4,'9968',6,99689),(99700,'9970',4,'9989',7,99899),(99901,'99901',5,'99906',8,99906),(99908,'99908',5,'99962',9,99962);

--
-- Table structure for table `ezisbn_registrant_range`
--

CREATE TABLE `ezisbn_registrant_range` (
  `from_number` int(11) NOT NULL DEFAULT '0',
  `id` int(11) NOT NULL AUTO_INCREMENT,
  `isbn_group_id` int(11) NOT NULL DEFAULT '0',
  `registrant_from` varchar(32) NOT NULL DEFAULT '',
  `registrant_length` int(11) NOT NULL DEFAULT '0',
  `registrant_to` varchar(32) NOT NULL DEFAULT '',
  `to_number` int(11) NOT NULL DEFAULT '0',
  PRIMARY KEY (`id`)
) ENGINE=MyISAM AUTO_INCREMENT=845 DEFAULT CHARSET=utf8;

--
-- Dumping data for table `ezisbn_registrant_range`
--

INSERT INTO `ezisbn_registrant_range` VALUES (0,1,1,'00',2,'19',19999),(20000,2,1,'200',3,'699',69999),(70000,3,1,'7000',4,'8499',84999),(85000,4,1,'85000',5,'89999',89999),(90000,5,1,'900000',6,'949999',94999),(95000,6,1,'9500000',7,'9999999',99999),(0,7,2,'00',2,'09',9999),(10000,8,2,'100',3,'399',39999),(40000,9,2,'4000',4,'5499',54999),(55000,10,2,'55000',5,'86979',86979),(86980,11,2,'869800',6,'998999',99899),(0,12,3,'00',2,'19',19999),(20000,13,3,'200',3,'349',34999),(35000,14,3,'35000',5,'39999',39999),(40000,15,3,'400',3,'699',69999),(70000,16,3,'7000',4,'8399',83999),(84000,17,3,'84000',5,'89999',89999),(90000,18,3,'900000',6,'949999',94999),(95000,19,3,'9500000',7,'9999999',99999),(0,20,4,'00',2,'02',2999),(3000,21,4,'030',3,'033',3399),(3400,22,4,'0340',4,'0369',3699),(3700,23,4,'03700',5,'03999',3999),(4000,24,4,'04',2,'19',19999),(20000,25,4,'200',3,'699',69999),(70000,26,4,'7000',4,'8499',84999),(85000,27,4,'85000',5,'89999',89999),(90000,28,4,'900000',6,'949999',94999),(95000,29,4,'9500000',7,'9539999',95399),(95400,30,4,'95400',5,'96999',96999),(97000,31,4,'9700000',7,'9899999',98999),(99000,32,4,'99000',5,'99499',99499),(99500,33,4,'99500',5,'99999',99999),(0,34,4,'',0,'',99999),(0,35,5,'00',2,'19',19999),(20000,36,5,'200',3,'699',69999),(70000,37,5,'7000',4,'8499',84999),(85000,38,5,'85000',5,'89999',89999),(90000,39,5,'900000',6,'949999',94999),(95000,40,5,'9500000',7,'9999999',99999),(0,41,6,'00',2,'19',19999),(20000,42,6,'200',3,'420',42099),(42100,43,6,'4210',4,'4299',42999),(43000,44,6,'430',3,'430',43099),(43100,45,6,'4310',4,'4399',43999),(44000,46,6,'440',3,'440',44099),(44100,47,6,'4410',4,'4499',44999),(45000,48,6,'450',3,'699',69999),(70000,49,6,'7000',4,'8499',84999),(85000,50,6,'85000',5,'89999',89999),(90000,51,6,'900000',6,'909999',90999),(91000,52,6,'91000',5,'91999',91999),(92000,53,6,'9200',4,'9299',92999),(93000,54,6,'93000',5,'94999',94999),(95000,55,6,'9500',4,'9799',97999),(98000,56,6,'98000',5,'98999',98999),(99000,57,6,'9900000',7,'9909999',99099),(99100,58,6,'9910',4,'9999',99999),(0,59,7,'00',2,'09',9999),(10000,60,7,'100',3,'499',49999),(50000,61,7,'5000',4,'8999',89999),(90000,62,7,'90000',5,'99999',99999),(0,63,8,'00',2,'19',19999),(20000,64,8,'200',3,'699',69999),(70000,65,8,'7000',4,'7999',79999),(80000,66,8,'80000',5,'84999',84999),(85000,67,8,'85',2,'99',99999),(0,68,9,'00',2,'19',19999),(20000,69,9,'200',3,'799',79999),(80000,70,9,'8000',4,'9499',94999),(95000,71,9,'95000',5,'99999',99999),(0,72,10,'00',2,'04',4999),(50000,73,10,'500',3,'799',79999),(80000,74,10,'8000',4,'8999',89999),(90000,75,10,'90000',5,'99999',99999),(0,76,11,'0',1,'4',49999),(50000,77,11,'50',2,'89',89999),(90000,78,11,'900',3,'979',97999),(98000,79,11,'9800',4,'9999',99999),(0,80,12,'00',2,'09',9999),(10000,81,12,'100',3,'399',39999),(40000,82,12,'4000',4,'5999',59999),(60000,83,12,'60000',5,'89999',89999),(0,84,13,'0',1,'0',9999),(10000,85,13,'10',2,'49',49999),(50000,86,13,'500',3,'799',79999),(80000,87,13,'8000',4,'9199',91999),(92000,88,13,'92000',5,'99999',99999),(0,89,14,'00',2,'39',39999),(40000,90,14,'400',3,'749',74999),(75000,91,14,'7500',4,'9499',94999),(95000,92,14,'95000',5,'99999',99999),(0,93,15,'0',1,'0',9999),(10000,94,15,'10',2,'19',19999),(20000,95,15,'200',3,'449',44999),(45000,96,15,'4500',4,'6499',64999),(65000,97,15,'65000',5,'69999',69999),(70000,98,15,'7',1,'9',99999),(0,99,16,'00',2,'39',39999),(40000,100,16,'400',3,'799',79999),(80000,101,16,'8000',4,'9499',94999),(95000,102,16,'95000',5,'99999',99999),(0,103,17,'00',2,'19',19999),(20000,104,17,'200',3,'699',69999),(70000,105,17,'7000',4,'8999',89999),(90000,106,17,'90000',5,'99999',99999),(0,107,18,'00',2,'49',49999),(50000,108,18,'500',3,'699',69999),(70000,109,18,'7000',4,'8999',89999),(90000,110,18,'90000',5,'99999',99999),(0,111,19,'00',2,'29',29999),(30000,112,19,'300',3,'399',39999),(40000,113,19,'4000',4,'4499',44999),(45000,114,19,'45000',5,'49999',49999),(50000,115,19,'50',2,'99',99999),(0,116,20,'00',2,'09',9999),(10000,117,20,'100',3,'499',49999),(50000,118,20,'5000',4,'7999',79999),(80000,119,20,'80000',5,'89999',89999),(90000,120,20,'900000',6,'999999',99999),(0,121,21,'00',2,'19',19999),(20000,122,21,'200',3,'699',69999),(70000,123,21,'7000',4,'8499',84999),(85000,124,21,'85000',5,'89999',89999),(90000,125,21,'900000',6,'999999',99999),(0,126,22,'00',2,'19',19999),(20000,127,22,'200',3,'699',69999),(70000,128,22,'7000',4,'8499',84999),(85000,129,22,'85000',5,'89999',89999),(90000,130,22,'900000',6,'999999',99999),(0,131,23,'00',2,'19',19999),(20000,132,23,'200',3,'699',69999),(70000,133,23,'7000',4,'8999',89999),(90000,134,23,'90000',5,'98999',98999),(99000,135,23,'990000',6,'999999',99999),(0,136,24,'00',2,'19',19999),(20000,137,24,'200',3,'599',59999),(60000,138,24,'60000',5,'69999',69999),(70000,139,24,'7000',4,'8499',84999),(85000,140,24,'85000',5,'89999',89999),(90000,141,24,'900000',6,'999999',99999),(0,142,25,'00',2,'19',19999),(20000,143,25,'200',3,'699',69999),(70000,144,25,'7000',4,'8499',84999),(85000,145,25,'85000',5,'89999',89999),(90000,146,25,'9000',4,'9199',91999),(92000,147,25,'920000',6,'923999',92399),(92400,148,25,'92400',5,'92999',92999),(93000,149,25,'930000',6,'949999',94999),(95000,150,25,'95000',5,'96999',96999),(97000,151,25,'9700',4,'9999',99999),(0,152,26,'00',2,'19',19999),(20000,153,26,'200',3,'599',59999),(60000,154,26,'60000',5,'69999',69999),(70000,155,26,'7000',4,'8499',84999),(85000,156,26,'85000',5,'89999',89999),(90000,157,26,'900000',6,'979999',97999),(98000,158,26,'98000',5,'99999',99999),(0,159,27,'00',2,'29',29999),(30000,160,27,'300',3,'599',59999),(60000,161,27,'6000',4,'7999',79999),(80000,162,27,'80000',5,'89999',89999),(90000,163,27,'900000',6,'999999',99999),(0,164,28,'00',2,'29',29999),(40000,165,28,'400',3,'649',64999),(70000,166,28,'7000',4,'7999',79999),(85000,167,28,'85000',5,'94999',94999),(97000,168,28,'970000',6,'999999',99999),(0,169,29,'00',2,'19',19999),(20000,170,29,'200',3,'599',59999),(60000,171,29,'6000',4,'8499',84999),(85000,172,29,'85000',5,'89999',89999),(90000,173,29,'900000',6,'949999',94999),(95000,174,29,'95000',5,'99999',99999),(0,175,30,'00',2,'24',24999),(25000,176,30,'250',3,'549',54999),(55000,177,30,'5500',4,'8499',84999),(85000,178,30,'85000',5,'94999',94999),(95000,179,30,'950000',6,'999999',99999),(0,180,31,'00',2,'19',19999),(20000,181,31,'200',3,'499',49999),(50000,182,31,'5000',4,'6999',69999),(70000,183,31,'70000',5,'79999',79999),(80000,184,31,'800000',6,'849999',84999),(85000,185,31,'8500',4,'8999',89999),(90000,186,31,'900000',6,'909999',90999),(94000,187,31,'940000',6,'949999',94999),(0,188,32,'0',1,'1',19999),(20000,189,32,'20',2,'49',49999),(50000,190,32,'500',3,'649',64999),(70000,191,32,'7000',4,'7999',79999),(85000,192,32,'85000',5,'94999',94999),(97000,193,32,'970000',6,'999999',99999),(0,194,33,'0',1,'5',59999),(60000,195,33,'60',2,'79',79999),(80000,196,33,'800',3,'899',89999),(90000,197,33,'9000',4,'9499',94999),(95000,198,33,'95000',5,'98999',98999),(99000,199,33,'990000',6,'999999',99999),(0,200,34,'00',2,'09',9999),(10000,201,34,'100',3,'499',49999),(50000,202,34,'5000',4,'7999',79999),(80000,203,34,'80000',5,'94999',94999),(95000,204,34,'950000',6,'999999',99999),(0,205,35,'000',3,'599',59999),(60000,206,35,'6000',4,'8999',89999),(90000,207,35,'90000',5,'99999',99999),(0,208,36,'00',2,'49',49999),(50000,209,36,'500',3,'899',89999),(90000,210,36,'9000',4,'9899',98999),(99000,211,36,'99000',5,'99999',99999),(0,212,37,'0',1,'1',19999),(20000,213,37,'20',2,'54',54999),(55000,214,37,'550',3,'889',88999),(89000,215,37,'8900',4,'9499',94999),(95000,216,37,'95000',5,'99999',99999),(0,217,38,'00',2,'19',19999),(20000,218,38,'200',3,'499',49999),(50000,219,38,'5000',4,'5999',59999),(60000,220,38,'60',2,'65',65999),(66000,221,38,'6600',4,'6699',66999),(67000,222,38,'67000',5,'69999',69999),(70000,223,38,'7000',4,'7999',79999),(80000,224,38,'80',2,'94',94999),(95000,225,38,'9500',4,'9899',98999),(99000,226,38,'99000',5,'99999',99999),(0,227,39,'0',1,'0',9999),(10000,228,39,'10',2,'14',14999),(15000,229,39,'150',3,'549',54999),(55000,230,39,'55000',5,'59999',59999),(60000,231,39,'6000',4,'9499',94999),(95000,232,39,'95000',5,'99999',99999),(0,233,40,'00',2,'29',29999),(30000,234,40,'300',3,'799',79999),(80000,235,40,'8000',4,'8999',89999),(90000,236,40,'90000',5,'92999',92999),(93000,237,40,'9300',4,'9999',99999),(0,238,41,'0000',4,'0999',9999),(10000,239,41,'1000',4,'1999',19999),(20000,240,41,'20',2,'54',54999),(55000,241,41,'550',3,'799',79999),(80000,242,41,'8000',4,'9499',94999),(95000,243,41,'95000',5,'99999',99999),(0,244,42,'00',2,'19',19999),(20000,245,42,'200',3,'699',69999),(70000,246,42,'7000',4,'9999',99999),(0,247,43,'00',2,'02',2999),(3000,248,43,'0300',4,'0499',4999),(5000,249,43,'05',2,'19',19999),(20000,250,43,'2000',4,'2099',20999),(21000,251,43,'21',2,'27',27999),(28000,252,43,'28000',5,'30999',30999),(31000,253,43,'31',2,'43',43999),(44000,254,43,'440',3,'819',81999),(82000,255,43,'8200',4,'9699',96999),(97000,256,43,'97000',5,'99999',99999),(0,257,44,'00',2,'56',56999),(57000,258,44,'57000',5,'59999',59999),(60000,259,44,'600',3,'799',79999),(80000,260,44,'8000',4,'9499',94999),(95000,261,44,'95000',5,'99999',99999),(0,262,45,'00',2,'19',19999),(20000,263,45,'200',3,'699',69999),(70000,264,45,'7000',4,'8499',84999),(0,265,46,'00',2,'19',19999),(20000,266,46,'200',3,'659',65999),(66000,267,46,'6600',4,'6899',68999),(69000,268,46,'690',3,'699',69999),(70000,269,46,'7000',4,'8499',84999),(85000,270,46,'85000',5,'99999',99999),(0,271,47,'00',2,'19',19999),(20000,272,47,'200',3,'599',59999),(60000,273,47,'6000',4,'8999',89999),(90000,274,47,'90000',5,'94999',94999),(0,275,48,'00',2,'19',19999),(20000,276,48,'200',3,'699',69999),(70000,277,48,'7000',4,'8499',84999),(85000,278,48,'85000',5,'86999',86999),(87000,279,48,'8700',4,'8999',89999),(90000,280,48,'900',3,'999',99999),(0,281,49,'00',2,'19',19999),(20000,282,49,'200',3,'699',69999),(70000,283,49,'7000',4,'8499',84999),(85000,284,49,'85000',5,'89999',89999),(90000,285,49,'9000',4,'9999',99999),(0,286,50,'00',2,'14',14999),(15000,287,50,'150',3,'249',24999),(25000,288,50,'2500',4,'2999',29999),(30000,289,50,'300',3,'549',54999),(55000,290,50,'5500',4,'8999',89999),(90000,291,50,'90000',5,'96999',96999),(97000,292,50,'970',3,'989',98999),(99000,293,50,'9900',4,'9999',99999),(0,294,51,'00',2,'19',19999),(20000,295,51,'200',3,'599',59999),(70000,296,51,'7000',4,'7999',79999),(90000,297,51,'90000',5,'99999',99999),(0,298,52,'00',2,'14',14999),(15000,299,52,'1500',4,'1699',16999),(17000,300,52,'170',3,'199',19999),(20000,301,52,'2000',4,'2999',29999),(30000,302,52,'300',3,'699',69999),(70000,303,52,'7000',4,'8999',89999),(90000,304,52,'90000',5,'99999',99999),(0,305,53,'00',2,'29',29999),(30000,306,53,'300',3,'499',49999),(50000,307,53,'5000',4,'5999',59999),(60000,308,53,'60',2,'89',89999),(90000,309,53,'900',3,'989',98999),(99000,310,53,'9900',4,'9989',99899),(99900,311,53,'99900',5,'99999',99999),(1000,312,54,'01',2,'39',39999),(40000,313,54,'400',3,'499',49999),(50000,314,54,'5000',4,'7999',79999),(80000,315,54,'800',3,'899',89999),(90000,316,54,'9000',4,'9999',99999),(0,317,55,'0',1,'1',19999),(20000,318,55,'20',2,'39',39999),(40000,319,55,'400',3,'799',79999),(80000,320,55,'8000',4,'9999',99999),(1000,321,56,'01',2,'59',59999),(60000,322,56,'600',3,'899',89999),(90000,323,56,'9000',4,'9099',90999),(91000,324,56,'91000',5,'96999',96999),(97000,325,56,'9700',4,'9999',99999),(0,326,57,'000',3,'019',1999),(2000,327,57,'02',2,'02',2999),(3000,328,57,'0300',4,'0599',5999),(6000,329,57,'06',2,'09',9999),(10000,330,57,'10',2,'49',49999),(50000,331,57,'500',3,'849',84999),(85000,332,57,'8500',4,'9099',90999),(91000,333,57,'91000',5,'99999',99999),(0,334,58,'0',1,'1',19999),(20000,335,58,'20',2,'54',54999),(55000,336,58,'550',3,'799',79999),(80000,337,58,'8000',4,'9499',94999),(95000,338,58,'95000',5,'99999',99999),(0,339,59,'0',1,'0',9999),(10000,340,59,'100',3,'169',16999),(17000,341,59,'1700',4,'1999',19999),(20000,342,59,'20',2,'54',54999),(55000,343,59,'550',3,'759',75999),(76000,344,59,'7600',4,'8499',84999),(85000,345,59,'85000',5,'88999',88999),(89000,346,59,'8900',4,'9499',94999),(95000,347,59,'95000',5,'99999',99999),(0,348,60,'00',2,'19',19999),(20000,349,60,'200',3,'699',69999),(70000,350,60,'7000',4,'8499',84999),(85000,351,60,'85000',5,'89999',89999),(90000,352,60,'90000',5,'94999',94999),(95000,353,60,'9500',4,'9999',99999),(0,354,61,'00000',5,'00999',999),(1000,355,61,'01',2,'24',24999),(25000,356,61,'250',3,'599',59999),(60000,357,61,'6000',4,'9199',91999),(92000,358,61,'92000',5,'98999',98999),(99000,359,61,'990',3,'999',99999),(0,360,62,'0',1,'3',39999),(40000,361,62,'40',2,'59',59999),(60000,362,62,'600',3,'799',79999),(80000,363,62,'8000',4,'9499',94999),(95000,364,62,'95000',5,'99999',99999),(0,365,63,'00',2,'19',19999),(20000,366,63,'200',3,'499',49999),(50000,367,63,'5000',4,'6999',69999),(70000,368,63,'700',3,'999',99999),(0,369,64,'000',3,'199',19999),(20000,370,64,'2000',4,'2999',29999),(30000,371,64,'30000',5,'79999',79999),(80000,372,64,'8000',4,'8999',89999),(90000,373,64,'900',3,'999',99999),(0,374,65,'000',3,'099',9999),(10000,375,65,'1000',4,'1499',14999),(15000,376,65,'15000',5,'19999',19999),(20000,377,65,'20',2,'29',29999),(30000,378,65,'3000',4,'3999',39999),(40000,379,65,'400',3,'799',79999),(80000,380,65,'8000',4,'9499',94999),(95000,381,65,'95000',5,'99999',99999),(0,382,66,'00',2,'19',19999),(20000,383,66,'200',3,'599',59999),(60000,384,66,'6000',4,'9999',99999),(0,385,67,'00',2,'11',11999),(12000,386,67,'120',3,'299',29999),(30000,387,67,'3000',4,'9999',99999),(0,388,68,'00',2,'09',9999),(10000,389,68,'100',3,'699',69999),(70000,390,68,'70',2,'89',89999),(90000,391,68,'9000',4,'9999',99999),(0,392,69,'00',2,'01',1999),(2000,393,69,'020',3,'199',19999),(20000,394,69,'2000',4,'3999',39999),(40000,395,69,'40000',5,'44999',44999),(45000,396,69,'45',2,'49',49999),(50000,397,69,'50',2,'79',79999),(80000,398,69,'800',3,'899',89999),(90000,399,69,'9000',4,'9899',98999),(99000,400,69,'99000',5,'99999',99999),(0,401,70,'00',2,'39',39999),(40000,402,70,'400',3,'799',79999),(80000,403,70,'8000',4,'8999',89999),(90000,404,70,'90000',5,'99999',99999),(0,405,71,'00',2,'39',39999),(40000,406,71,'400',3,'599',59999),(60000,407,71,'6000',4,'8999',89999),(90000,408,71,'90000',5,'99999',99999),(0,409,72,'00',2,'11',11999),(12000,410,72,'120',3,'559',55999),(56000,411,72,'5600',4,'7999',79999),(80000,412,72,'80000',5,'99999',99999),(0,413,73,'00',2,'09',9999),(10000,414,73,'1000',4,'1999',19999),(20000,415,73,'20000',5,'29999',29999),(30000,416,73,'30',2,'49',49999),(50000,417,73,'500',3,'899',89999),(90000,418,73,'9000',4,'9499',94999),(95000,419,73,'95000',5,'99999',99999),(0,420,74,'00',2,'16',16999),(17000,421,74,'17000',5,'19999',19999),(20000,422,74,'200',3,'799',79999),(80000,423,74,'8000',4,'9699',96999),(97000,424,74,'97000',5,'99999',99999),(0,425,75,'0',1,'1',19999),(20000,426,75,'20',2,'54',54999),(55000,427,75,'550',3,'799',79999),(80000,428,75,'8000',4,'9499',94999),(95000,429,75,'95000',5,'99999',99999),(0,430,76,'0',1,'0',9999),(10000,431,76,'10',2,'39',39999),(40000,432,76,'400',3,'899',89999),(90000,433,76,'9000',4,'9999',99999),(0,434,77,'0',1,'0',9999),(10000,435,77,'10',2,'49',49999),(50000,436,77,'500',3,'799',79999),(80000,437,77,'8000',4,'9999',99999),(0,438,78,'0',1,'0',9999),(10000,439,78,'10',2,'39',39999),(40000,440,78,'400',3,'899',89999),(90000,441,78,'9000',4,'9999',99999),(0,442,79,'0',1,'1',19999),(20000,443,79,'20',2,'39',39999),(40000,444,79,'400',3,'799',79999),(80000,445,79,'8000',4,'9999',99999),(0,446,80,'0',1,'2',29999),(30000,447,80,'30',2,'49',49999),(50000,448,80,'500',3,'799',79999),(80000,449,80,'8000',4,'9999',99999),(0,450,81,'00',2,'79',79999),(80000,451,81,'800',3,'949',94999),(95000,452,81,'9500',4,'9999',99999),(0,453,82,'0',1,'4',49999),(50000,454,82,'50',2,'79',79999),(80000,455,82,'800',3,'899',89999),(90000,456,82,'9000',4,'9999',99999),(0,457,83,'0',1,'1',19999),(20000,458,83,'20',2,'49',49999),(50000,459,83,'500',3,'899',89999),(90000,460,83,'9000',4,'9999',99999),(0,461,84,'0',1,'0',9999),(10000,462,84,'10',2,'39',39999),(40000,463,84,'400',3,'899',89999),(90000,464,84,'9000',4,'9999',99999),(0,465,85,'00',2,'89',89999),(90000,466,85,'900',3,'994',99499),(99500,467,85,'9950',4,'9999',99999),(0,468,86,'00',2,'29',29999),(30000,469,86,'300',3,'399',39999),(40000,470,86,'4000',4,'9999',99999),(0,471,87,'0',1,'2',29999),(30000,472,87,'300',3,'499',49999),(50000,473,87,'5000',4,'5999',59999),(60000,474,87,'60',2,'89',89999),(90000,475,87,'900',3,'999',99999),(0,476,88,'00',2,'00',999),(1000,477,88,'010',3,'079',7999),(8000,478,88,'08',2,'39',39999),(40000,479,88,'400',3,'569',56999),(57000,480,88,'57',2,'57',57999),(58000,481,88,'580',3,'849',84999),(85000,482,88,'8500',4,'9999',99999),(0,483,89,'0',1,'1',19999),(20000,484,89,'20',2,'39',39999),(40000,485,89,'400',3,'899',89999),(90000,486,89,'9000',4,'9999',99999),(0,487,90,'0',1,'1',19999),(20000,488,90,'20',2,'79',79999),(80000,489,90,'800',3,'999',99999),(0,490,91,'00',2,'39',39999),(40000,491,91,'400',3,'849',84999),(85000,492,91,'8500',4,'9999',99999),(0,493,92,'0',1,'0',9999),(10000,494,92,'10',2,'39',39999),(40000,495,92,'400',3,'899',89999),(90000,496,92,'9000',4,'9999',99999),(0,497,93,'00',2,'29',29999),(30000,498,93,'300',3,'840',84099),(85000,499,93,'8500',4,'9999',99999),(0,500,94,'00',2,'39',39999),(40000,501,94,'400',3,'849',84999),(85000,502,94,'8500',4,'9999',99999),(0,503,95,'0',1,'1',19999),(20000,504,95,'20',2,'39',39999),(40000,505,95,'400',3,'799',79999),(80000,506,95,'8000',4,'9999',99999),(0,507,96,'0',1,'0',9999),(10000,508,96,'10',2,'39',39999),(40000,509,96,'400',3,'599',59999),(60000,510,96,'60',2,'89',89999),(90000,511,96,'9000',4,'9999',99999),(0,512,97,'0',1,'1',19999),(20000,513,97,'20',2,'39',39999),(40000,514,97,'400',3,'799',79999),(80000,515,97,'8000',4,'9999',99999),(0,516,98,'00',2,'39',39999),(40000,517,98,'400',3,'929',92999),(93000,518,98,'9300',4,'9999',99999),(0,519,99,'0',1,'0',9999),(10000,520,99,'10',2,'39',39999),(40000,521,99,'400',3,'899',89999),(90000,522,99,'9000',4,'9999',99999),(0,523,100,'00',2,'39',39999),(40000,524,100,'400',3,'699',69999),(70000,525,100,'70',2,'84',84999),(85000,526,100,'8500',4,'9999',99999),(0,527,101,'0',1,'0',9999),(10000,528,101,'10',2,'49',49999),(50000,529,101,'500',3,'899',89999),(90000,530,101,'9000',4,'9999',99999),(0,531,102,'0',1,'1',19999),(20000,532,102,'20',2,'79',79999),(80000,533,102,'800',3,'949',94999),(95000,534,102,'9500',4,'9999',99999),(0,535,103,'00',2,'59',59999),(60000,536,103,'600',3,'899',89999),(90000,537,103,'9000',4,'9999',99999),(0,538,104,'0',1,'2',29999),(30000,539,104,'30',2,'69',69999),(70000,540,104,'700',3,'949',94999),(95000,541,104,'9500',4,'9999',99999),(0,542,105,'00',2,'54',54999),(55000,543,105,'5500',4,'5599',55999),(56000,544,105,'56',2,'59',59999),(60000,545,105,'600',3,'849',84999),(85000,546,105,'8500',4,'9999',99999),(0,547,106,'0',1,'2',29999),(30000,548,106,'30',2,'54',54999),(55000,549,106,'550',3,'749',74999),(75000,550,106,'7500',4,'9999',99999),(0,551,107,'0',1,'6',69999),(70000,552,107,'70',2,'94',94999),(95000,553,107,'950',3,'999',99999),(0,554,108,'00',2,'39',39999),(40000,555,108,'400',3,'899',89999),(90000,556,108,'9000',4,'9999',99999),(0,557,109,'000',3,'199',19999),(20000,558,109,'20',2,'69',69999),(70000,559,109,'7000',4,'7499',74999),(75000,560,109,'750',3,'959',95999),(96000,561,109,'9600',4,'9999',99999),(0,562,110,'00',2,'39',39999),(40000,563,110,'400',3,'899',89999),(90000,564,110,'9000',4,'9999',99999),(0,565,111,'00',2,'49',49999),(50000,566,111,'500',3,'939',93999),(94000,567,111,'9400',4,'9999',99999),(0,568,112,'00',2,'39',39999),(40000,569,112,'400',3,'899',89999),(90000,570,112,'9000',4,'9999',99999),(0,571,113,'0',1,'5',59999),(60000,572,113,'60',2,'89',89999),(90000,573,113,'900',3,'989',98999),(99000,574,113,'9900',4,'9999',99999),(0,575,114,'00',2,'09',9999),(10000,576,114,'1',1,'1',19999),(20000,577,114,'200',3,'249',24999),(25000,578,114,'2500',4,'2999',29999),(30000,579,114,'30',2,'59',59999),(60000,580,114,'600',3,'899',89999),(90000,581,114,'9000',4,'9999',99999),(0,582,115,'00',2,'05',5999),(6000,583,115,'060',3,'089',8999),(9000,584,115,'0900',4,'0999',9999),(10000,585,115,'10',2,'69',69999),(70000,586,115,'700',3,'969',96999),(97000,587,115,'9700',4,'9999',99999),(0,588,116,'0',1,'2',29999),(30000,589,116,'30',2,'54',54999),(55000,590,116,'550',3,'749',74999),(75000,591,116,'7500',4,'9499',94999),(95000,592,116,'95',2,'99',99999),(0,593,117,'0',1,'0',9999),(10000,594,117,'100',3,'399',39999),(40000,595,117,'4000',4,'4499',44999),(45000,596,117,'45',2,'89',89999),(90000,597,117,'900',3,'949',94999),(95000,598,117,'9500',4,'9999',99999),(0,599,118,'0',1,'5',59999),(60000,600,118,'60',2,'89',89999),(90000,601,118,'900',3,'989',98999),(99900,602,118,'9990',4,'9999',99999),(0,603,119,'00',2,'89',89999),(90000,604,119,'900',3,'989',98999),(99000,605,119,'9900',4,'9999',99999),(0,606,120,'00',2,'29',29999),(30000,607,120,'300',3,'399',39999),(40000,608,120,'40',2,'94',94999),(95000,609,120,'950',3,'989',98999),(99000,610,120,'9900',4,'9999',99999),(0,611,121,'0',1,'4',49999),(50000,612,121,'50',2,'64',64999),(65000,613,121,'650',3,'659',65999),(66000,614,121,'66',2,'75',75999),(76000,615,121,'760',3,'899',89999),(90000,616,121,'9000',4,'9999',99999),(0,617,122,'0',1,'3',39999),(40000,618,122,'40',2,'89',89999),(90000,619,122,'900',3,'989',98999),(99000,620,122,'9900',4,'9999',99999),(0,621,123,'00',2,'09',9999),(10000,622,123,'100',3,'159',15999),(16000,623,123,'1600',4,'1999',19999),(20000,624,123,'20',2,'79',79999),(80000,625,123,'800',3,'949',94999),(95000,626,123,'9500',4,'9999',99999),(0,627,124,'00',2,'79',79999),(80000,628,124,'800',3,'989',98999),(99000,629,124,'9900',4,'9999',99999),(80000,630,125,'80',2,'94',94999),(95000,631,125,'950',3,'989',98999),(99000,632,125,'9900',4,'9999',99999),(0,633,126,'00',2,'49',49999),(50000,634,126,'500',3,'899',89999),(90000,635,126,'9000',4,'9999',99999),(0,636,127,'0',1,'4',49999),(50000,637,127,'50',2,'79',79999),(80000,638,127,'800',3,'899',89999),(90000,639,127,'9000',4,'9999',99999),(0,640,128,'00',2,'39',39999),(40000,641,128,'400',3,'899',89999),(90000,642,128,'9000',4,'9399',93999),(94000,643,128,'940',3,'969',96999),(97000,644,128,'97',2,'99',99999),(0,645,129,'00',2,'39',39999),(40000,646,129,'400',3,'879',87999),(88000,647,129,'8800',4,'9999',99999),(0,648,130,'0',1,'2',29999),(30000,649,130,'30',2,'54',54999),(55000,650,130,'550',3,'749',74999),(75000,651,130,'7500',4,'9999',99999),(0,652,131,'0',1,'0',9999),(10000,653,131,'100',3,'199',19999),(20000,654,131,'2000',4,'2999',29999),(30000,655,131,'30',2,'59',59999),(60000,656,131,'600',3,'949',94999),(95000,657,131,'9500',4,'9999',99999),(0,658,132,'00',2,'49',49999),(50000,659,132,'500',3,'799',79999),(80000,660,132,'80',2,'99',99999),(0,661,134,'0',1,'1',19999),(20000,662,134,'20',2,'89',89999),(90000,663,134,'900',3,'999',99999),(0,664,135,'0',1,'5',59999),(60000,665,135,'60',2,'89',89999),(90000,666,135,'900',3,'999',99999),(0,667,136,'0',1,'3',39999),(40000,668,136,'40',2,'79',79999),(80000,669,136,'800',3,'999',99999),(0,670,137,'0',1,'2',29999),(30000,671,137,'30',2,'59',59999),(60000,672,137,'600',3,'699',69999),(70000,673,137,'70',2,'89',89999),(90000,674,137,'9',1,'9',99999),(0,675,138,'0',1,'0',9999),(10000,676,138,'10',2,'89',89999),(90000,677,138,'900',3,'999',99999),(0,678,139,'0',1,'3',39999),(40000,679,139,'40',2,'94',94999),(95000,680,139,'950',3,'999',99999),(0,681,140,'0',1,'2',29999),(30000,682,140,'30',2,'89',89999),(90000,683,140,'900',3,'999',99999),(0,684,141,'00',2,'59',59999),(60000,685,141,'600',3,'999',99999),(0,686,142,'0',1,'3',39999),(40000,687,142,'400',3,'599',59999),(60000,688,142,'60',2,'89',89999),(90000,689,142,'900',3,'999',99999),(0,690,143,'0',1,'2',29999),(30000,691,143,'30',2,'35',35999),(60000,692,143,'600',3,'604',60499),(0,693,144,'0',1,'4',49999),(50000,694,144,'50',2,'89',89999),(90000,695,144,'900',3,'949',94999),(0,696,145,'0',1,'4',49999),(50000,697,145,'50',2,'79',79999),(80000,698,145,'800',3,'999',99999),(0,699,146,'0',1,'2',29999),(30000,700,146,'30',2,'69',69999),(70000,701,146,'700',3,'999',99999),(0,702,147,'0',1,'2',29999),(30000,703,147,'30',2,'89',89999),(90000,704,147,'900',3,'999',99999),(0,705,148,'0',1,'3',39999),(40000,706,148,'40',2,'79',79999),(80000,707,148,'800',3,'999',99999),(0,708,149,'0',1,'2',29999),(30000,709,149,'300',3,'399',39999),(40000,710,149,'40',2,'69',69999),(90000,711,149,'900',3,'999',99999),(0,712,150,'0',1,'4',49999),(50000,713,150,'50',2,'89',89999),(90000,714,150,'900',3,'999',99999),(0,715,151,'0',1,'1',19999),(20000,716,151,'20',2,'69',69999),(70000,717,151,'700',3,'799',79999),(80000,718,151,'8',1,'8',89999),(90000,719,151,'90',2,'99',99999),(0,720,152,'0',1,'3',39999),(40000,721,152,'40',2,'69',69999),(70000,722,152,'700',3,'999',99999),(0,723,153,'0',1,'1',19999),(20000,724,153,'20',2,'79',79999),(80000,725,153,'800',3,'999',99999),(0,726,154,'0',1,'1',19999),(20000,727,154,'20',2,'79',79999),(80000,728,154,'800',3,'999',99999),(0,729,155,'0',1,'3',39999),(40000,730,155,'40',2,'79',79999),(80000,731,155,'800',3,'999',99999),(0,732,156,'0',1,'0',9999),(10000,733,156,'10',2,'59',59999),(60000,734,156,'600',3,'999',99999),(0,735,157,'0',1,'2',29999),(30000,736,157,'30',2,'59',59999),(60000,737,157,'600',3,'999',99999),(0,738,158,'0',1,'0',9999),(10000,739,158,'10',2,'79',79999),(80000,740,158,'800',3,'999',99999),(0,741,159,'0',1,'4',49999),(50000,742,159,'50',2,'79',79999),(80000,743,159,'800',3,'999',99999),(0,744,160,'0',1,'4',49999),(50000,745,160,'50',2,'79',79999),(80000,746,160,'800',3,'999',99999),(0,747,161,'0',1,'4',49999),(50000,748,161,'50',2,'79',79999),(80000,749,161,'800',3,'999',99999),(0,750,162,'0',1,'0',9999),(10000,751,162,'10',2,'59',59999),(60000,752,162,'600',3,'699',69999),(70000,753,162,'7',1,'7',79999),(80000,754,162,'80',2,'99',99999),(0,755,163,'0',1,'2',29999),(30000,756,163,'30',2,'59',59999),(60000,757,163,'600',3,'999',99999),(0,758,164,'0',1,'1',19999),(20000,759,164,'20',2,'79',79999),(80000,760,164,'800',3,'999',99999),(0,761,165,'0',1,'2',29999),(70000,762,165,'7',1,'8',89999),(30000,763,165,'30',2,'59',59999),(60000,764,165,'600',3,'699',69999),(90000,765,165,'90',2,'99',99999),(0,766,166,'0',1,'0',9999),(10000,767,166,'10',2,'59',59999),(60000,768,166,'600',3,'999',99999),(0,769,167,'0',1,'1',19999),(20000,770,167,'20',2,'59',59999),(60000,771,167,'600',3,'999',99999),(0,772,168,'0',1,'1',19999),(20000,773,168,'20',2,'59',59999),(60000,774,168,'600',3,'899',89999),(90000,775,168,'90',2,'99',99999),(0,776,169,'0',1,'5',59999),(60000,777,169,'60',2,'89',89999),(90000,778,169,'900',3,'999',99999),(0,779,170,'0',1,'0',9999),(10000,780,170,'10',2,'69',69999),(70000,781,170,'700',3,'999',99999),(0,782,171,'0',1,'2',29999),(30000,783,171,'30',2,'79',79999),(80000,784,171,'800',3,'999',99999),(0,785,172,'0',1,'4',49999),(50000,786,172,'50',2,'79',79999),(80000,787,172,'800',3,'999',99999),(0,788,173,'0',1,'2',29999),(30000,789,173,'30',2,'59',59999),(60000,790,173,'600',3,'999',99999),(0,791,174,'0',1,'4',49999),(50000,792,174,'50',2,'79',79999),(80000,793,174,'800',3,'999',99999),(0,794,175,'0',1,'5',59999),(60000,795,175,'60',2,'89',89999),(90000,796,175,'900',3,'999',99999),(0,797,176,'0',1,'2',29999),(30000,798,176,'30',2,'59',59999),(60000,799,176,'600',3,'999',99999),(0,800,177,'0',1,'2',29999),(30000,801,177,'30',2,'69',69999),(70000,802,177,'700',3,'999',99999),(0,803,178,'0',1,'4',49999),(50000,804,178,'50',2,'79',79999),(80000,805,178,'800',3,'999',99999),(0,806,179,'0',1,'1',19999),(20000,807,179,'20',2,'89',89999),(90000,808,179,'900',3,'999',99999),(0,809,180,'0',1,'4',49999),(50000,810,180,'50',2,'79',79999),(80000,811,180,'800',3,'999',99999),(0,812,182,'0',1,'4',49999),(50000,813,182,'50',2,'79',79999),(80000,814,182,'800',3,'999',99999),(0,815,183,'0',1,'2',29999),(30000,816,183,'30',2,'79',79999),(80000,817,183,'800',3,'999',99999),(0,818,184,'0',1,'2',29999),(30000,819,184,'30',2,'69',69999),(70000,820,184,'700',3,'999',99999),(0,821,185,'0',1,'1',19999),(20000,822,185,'20',2,'59',59999),(60000,823,185,'600',3,'899',89999),(90000,824,185,'90',2,'99',99999),(0,825,186,'00',2,'59',59999),(60000,826,186,'600',3,'999',99999),(0,827,187,'0',1,'1',19999),(20000,828,187,'20',2,'79',79999),(80000,829,187,'800',3,'999',99999),(0,830,188,'0',1,'4',49999),(50000,831,188,'50',2,'94',94999),(95000,832,188,'950',3,'999',99999),(0,833,189,'0',1,'2',29999),(30000,834,189,'30',2,'59',59999),(60000,835,189,'600',3,'999',99999),(0,836,190,'0',1,'0',9999),(10000,837,190,'10',2,'94',94999),(95000,838,190,'950',3,'999',99999),(0,839,191,'0',1,'3',39999),(40000,840,191,'40',2,'89',89999),(90000,841,191,'900',3,'999',99999),(0,842,192,'0',1,'4',49999),(50000,843,192,'50',2,'79',79999),(80000,844,192,'800',3,'999',99999);

--
-- Table structure for table `ezkeyword`
--

CREATE TABLE `ezkeyword` (
  `class_id` int(11) NOT NULL DEFAULT '0',
  `id` int(11) NOT NULL AUTO_INCREMENT,
  `keyword` varchar(255) DEFAULT NULL,
  PRIMARY KEY (`id`),
  KEY `ezkeyword_keyword` (`keyword`),
  KEY `ezkeyword_keyword_id` (`keyword`,`id`)
) ENGINE=MyISAM DEFAULT CHARSET=utf8;

--
-- Dumping data for table `ezkeyword`
--


--
-- Table structure for table `ezkeyword_attribute_link`
--

CREATE TABLE `ezkeyword_attribute_link` (
  `id` int(11) NOT NULL AUTO_INCREMENT,
  `keyword_id` int(11) NOT NULL DEFAULT '0',
  `objectattribute_id` int(11) NOT NULL DEFAULT '0',
  PRIMARY KEY (`id`),
  KEY `ezkeyword_attr_link_keyword_id` (`keyword_id`),
  KEY `ezkeyword_attr_link_kid_oaid` (`keyword_id`,`objectattribute_id`),
  KEY `ezkeyword_attr_link_oaid` (`objectattribute_id`)
) ENGINE=MyISAM DEFAULT CHARSET=utf8;

--
-- Dumping data for table `ezkeyword_attribute_link`
--


--
-- Table structure for table `ezm_block`
--

CREATE TABLE `ezm_block` (
  `block_type` varchar(255) DEFAULT NULL,
  `fetch_params` longtext,
  `id` char(32) NOT NULL DEFAULT '',
  `is_removed` int(2) DEFAULT '0',
  `last_update` int(10) DEFAULT '0',
  `name` varchar(255) DEFAULT NULL,
  `node_id` int(10) NOT NULL DEFAULT '0',
  `overflow_id` char(32) DEFAULT NULL,
  `rotation_interval` int(10) DEFAULT NULL,
  `rotation_type` int(10) DEFAULT NULL,
  `zone_id` char(32) NOT NULL DEFAULT '',
  PRIMARY KEY (`id`),
  KEY `ezm_block__is_removed` (`is_removed`),
  KEY `ezm_block__node_id` (`node_id`)
) ENGINE=MyISAM DEFAULT CHARSET=utf8;

--
-- Dumping data for table `ezm_block`
--

INSERT INTO `ezm_block` VALUES ('MainStory','','02b7970476cb37a908d5a9815b630f63',0,1258035848,'Main story',2,'',0,0,'082188b2a113cc866cbcf6ca6e5ce7d3'),('TagCloud','','14ee856818c7ac37dab7c2e37cc1cee4',0,1258035848,'Tag cloud',61,'',0,0,'2c534a9d5a624ccc411592fa15d34b04'),('Manual3Items','','2039833e070a6664fe221b7353850015',0,1258035848,'Top stories',60,'',0,0,'2b484644d2cca382187b10cc38af4dec'),('Banner','','39bd28823261d0630c4e2f4187d4b446',0,1258035848,'Ads',2,'',0,0,'082188b2a113cc866cbcf6ca6e5ce7d3'),('ItemList','','562ae893af410ec21cb36c9af9f3da5e',0,1258035848,'Conference Blog',60,'',0,0,'2b484644d2cca382187b10cc38af4dec'),('FeedReader','','62264ff87355233285b84fa0ee93653b',0,1258035848,'ez.no rss feed',2,'',0,0,'a111cb7cf30697605c5af970e5eae708'),('Banner','','68f37ba3314bb1a7f303780a3dcbcb03',0,1258035848,'Ads',2,'',0,0,'a111cb7cf30697605c5af970e5eae708'),('Manual3Items','','718a916799a92f7ce6a71cd030e22e09',0,1258035848,'News',2,'',0,0,'a111cb7cf30697605c5af970e5eae708'),('Video','','86f2814ceb5b5a6a57e101442e017319',0,1258035848,'Conference Video',61,'',0,0,'2c534a9d5a624ccc411592fa15d34b04'),('Video','','8da726197ff802ca344ecdaf9c7e0a82',0,1258035848,'eZ Conference 2009 video',2,'',0,0,'a111cb7cf30697605c5af970e5eae708'),('MultimediaCarousel','a:2:{s:7:\"Classes\";s:5:\"image\";s:6:\"Source\";s:2:\"64\";}','9202cce2b5f34df64f2f0acd5f653930',0,1258035848,'eZ Conference 2009',2,'',0,0,'082188b2a113cc866cbcf6ca6e5ce7d3'),('Manual2Items','','9e678c6b3a4c8ab4c6305df3990870e1',0,1258035848,'2 news block',2,'',0,0,'082188b2a113cc866cbcf6ca6e5ce7d3'),('MainStory','','a4d850117738c54f721965f0a9699e72',0,1258035848,'Main story',61,'',0,0,'a9892ba0505f395fed470239e59d3963'),('ItemList','','a8c486607c55f4a7d1cd0168bbbe1e15',0,1258035848,'Recent News',2,'',0,0,'082188b2a113cc866cbcf6ca6e5ce7d3'),('TagCloud','','c3e9b905f233908f36bc0c568b201820',0,1258035848,'Tag cloud',2,'',0,0,'082188b2a113cc866cbcf6ca6e5ce7d3'),('ItemList','','c7e321173265535feb774632fb20dc2f',0,1258035848,'Conference Blog',2,'',0,0,'a111cb7cf30697605c5af970e5eae708'),('Poll','','d75c28249a2ad9d2090f3c9cfec7af3d',0,1258035848,'Quick Poll',2,'',0,0,'a111cb7cf30697605c5af970e5eae708'),('Manual3Items','','e5aff3976bc25d1c9a8683999052006d',0,1258035848,'Top Stories',61,'',0,0,'a9892ba0505f395fed470239e59d3963'),('DemoBlock','','997e934a2a6b247c18d257902234f207',0,1258035848,'block1',2,'',0,0,'4f6d946ab48d95799d31179c3acde8cb'),('Manual2Items','','0f92a847fe8c4500bc0760a5e47c6f85',0,1258035848,'block2',2,'',0,0,'4f6d946ab48d95799d31179c3acde8cb');

--
-- Table structure for table `ezm_pool`
--

CREATE TABLE `ezm_pool` (
  `block_id` char(32) NOT NULL DEFAULT '',
  `moved_to` char(32) DEFAULT NULL,
  `node_id` int(10) NOT NULL DEFAULT '0',
  `object_id` int(10) NOT NULL DEFAULT '0',
  `priority` int(10) DEFAULT '0',
  `rotation_until` int(10) DEFAULT '0',
  `ts_hidden` int(10) DEFAULT '0',
  `ts_publication` int(11) DEFAULT '0',
  `ts_visible` int(10) DEFAULT '0',
  PRIMARY KEY (`block_id`,`object_id`),
  KEY `ezm_pool__block_id__ts_publication__priority` (`block_id`,`ts_publication`,`priority`),
  KEY `ezm_pool__block_id__ts_visible` (`block_id`,`ts_visible`)
) ENGINE=MyISAM DEFAULT CHARSET=utf8;

--
-- Dumping data for table `ezm_pool`
--

INSERT INTO `ezm_pool` VALUES ('9202cce2b5f34df64f2f0acd5f653930','',66,64,2,0,0,1195737109,1253873637),('a8c486607c55f4a7d1cd0168bbbe1e15','',66,64,4,0,0,1253873369,1253873514),('0f92a847fe8c4500bc0760a5e47c6f85',NULL,70,69,1,0,0,1258035719,1258035746);

--
-- Table structure for table `ezmedia`
--

CREATE TABLE `ezmedia` (
  `contentobject_attribute_id` int(11) NOT NULL DEFAULT '0',
  `controls` varchar(50) DEFAULT NULL,
  `filename` varchar(255) NOT NULL DEFAULT '',
  `has_controller` int(11) DEFAULT '0',
  `height` int(11) DEFAULT NULL,
  `is_autoplay` int(11) DEFAULT '0',
  `is_loop` int(11) DEFAULT '0',
  `mime_type` varchar(50) NOT NULL DEFAULT '',
  `original_filename` varchar(255) NOT NULL DEFAULT '',
  `pluginspage` varchar(255) DEFAULT NULL,
  `quality` varchar(50) DEFAULT NULL,
  `version` int(11) NOT NULL DEFAULT '0',
  `width` int(11) DEFAULT NULL,
  PRIMARY KEY (`contentobject_attribute_id`,`version`)
) ENGINE=MyISAM DEFAULT CHARSET=utf8;

--
-- Dumping data for table `ezmedia`
--


--
-- Table structure for table `ezmessage`
--

CREATE TABLE `ezmessage` (
  `body` longtext,
  `destination_address` varchar(50) NOT NULL DEFAULT '',
  `id` int(11) NOT NULL AUTO_INCREMENT,
  `is_sent` int(11) NOT NULL DEFAULT '0',
  `send_method` varchar(50) NOT NULL DEFAULT '',
  `send_time` varchar(50) NOT NULL DEFAULT '',
  `send_weekday` varchar(50) NOT NULL DEFAULT '',
  `title` varchar(255) NOT NULL DEFAULT '',
  PRIMARY KEY (`id`)
) ENGINE=MyISAM DEFAULT CHARSET=utf8;

--
-- Dumping data for table `ezmessage`
--


--
-- Table structure for table `ezmodule_run`
--

CREATE TABLE `ezmodule_run` (
  `function_name` varchar(255) DEFAULT NULL,
  `id` int(11) NOT NULL AUTO_INCREMENT,
  `module_data` longtext,
  `module_name` varchar(255) DEFAULT NULL,
  `workflow_process_id` int(11) DEFAULT NULL,
  PRIMARY KEY (`id`),
  UNIQUE KEY `ezmodule_run_workflow_process_id_s` (`workflow_process_id`)
) ENGINE=MyISAM DEFAULT CHARSET=utf8;

--
-- Dumping data for table `ezmodule_run`
--


--
-- Table structure for table `ezmultipricedata`
--

CREATE TABLE `ezmultipricedata` (
  `contentobject_attr_id` int(11) NOT NULL DEFAULT '0',
  `contentobject_attr_version` int(11) NOT NULL DEFAULT '0',
  `currency_code` varchar(4) NOT NULL DEFAULT '',
  `id` int(11) NOT NULL AUTO_INCREMENT,
  `type` int(11) NOT NULL DEFAULT '0',
  `value` decimal(15,2) NOT NULL DEFAULT '0.00',
  PRIMARY KEY (`id`),
  KEY `ezmultipricedata_coa_id` (`contentobject_attr_id`),
  KEY `ezmultipricedata_coa_version` (`contentobject_attr_version`),
  KEY `ezmultipricedata_currency_code` (`currency_code`)
) ENGINE=MyISAM DEFAULT CHARSET=utf8;

--
-- Dumping data for table `ezmultipricedata`
--


--
-- Table structure for table `eznode_assignment`
--

CREATE TABLE `eznode_assignment` (
  `contentobject_id` int(11) DEFAULT NULL,
  `contentobject_version` int(11) DEFAULT NULL,
  `from_node_id` int(11) DEFAULT '0',
  `id` int(11) NOT NULL AUTO_INCREMENT,
  `is_main` int(11) NOT NULL DEFAULT '0',
  `op_code` int(11) NOT NULL DEFAULT '0',
  `parent_node` int(11) DEFAULT NULL,
  `parent_remote_id` varchar(100) NOT NULL DEFAULT '',
  `remote_id` int(11) NOT NULL DEFAULT '0',
  `sort_field` int(11) DEFAULT '1',
  `sort_order` int(11) DEFAULT '1',
  PRIMARY KEY (`id`),
  KEY `eznode_assignment_co_id` (`contentobject_id`),
  KEY `eznode_assignment_co_version` (`contentobject_version`),
  KEY `eznode_assignment_coid_cov` (`contentobject_id`,`contentobject_version`),
  KEY `eznode_assignment_is_main` (`is_main`),
  KEY `eznode_assignment_parent_node` (`parent_node`)
) ENGINE=MyISAM AUTO_INCREMENT=62 DEFAULT CHARSET=utf8;

--
-- Dumping data for table `eznode_assignment`
--

INSERT INTO `eznode_assignment` VALUES (8,2,0,4,1,2,5,'',0,1,1),(42,1,0,5,1,2,5,'',0,9,1),(10,2,-1,6,1,2,44,'',0,9,1),(4,1,0,7,1,2,1,'',0,1,1),(12,1,0,8,1,2,5,'',0,1,1),(13,1,0,9,1,2,5,'',0,1,1),(14,1,0,10,1,2,13,'',0,1,1),(41,1,0,11,1,2,1,'',0,1,1),(11,1,0,12,1,2,5,'',0,1,1),(45,1,-1,16,1,2,1,'',0,9,1),(49,1,0,27,1,2,43,'',0,9,1),(50,1,0,28,1,2,43,'',0,9,1),(51,1,0,29,1,2,43,'',0,9,1),(52,1,0,30,1,2,48,'',0,1,1),(54,1,0,31,1,2,58,'',0,1,1),(56,1,0,34,1,2,1,'',0,2,0),(57,11,-1,58,1,2,1,'',0,8,1),(14,2,-1,36,1,2,13,'',0,1,1),(58,1,0,37,1,2,5,'',0,1,1),(11,2,-1,38,1,2,5,'',0,1,1),(57,12,-1,59,1,2,1,'',0,8,1),(68,1,0,60,1,2,2,'',0,1,1),(69,1,0,61,1,2,69,'',0,1,1),(57,3,-1,45,1,2,1,'',0,8,1),(57,4,-1,46,1,2,1,'',0,8,1),(64,1,0,47,1,2,51,'',0,1,1),(57,5,-1,48,1,2,1,'',0,8,1),(57,6,-1,51,1,2,1,'',0,8,1),(57,7,-1,52,1,2,1,'',0,8,1),(57,8,-1,54,1,2,1,'',0,8,1),(57,9,-1,55,1,2,1,'',0,8,1),(57,10,-1,57,1,2,1,'',0,8,1);

--
-- Table structure for table `eznotificationcollection`
--

CREATE TABLE `eznotificationcollection` (
  `data_subject` longtext NOT NULL,
  `data_text` longtext NOT NULL,
  `event_id` int(11) NOT NULL DEFAULT '0',
  `handler` varchar(255) NOT NULL DEFAULT '',
  `id` int(11) NOT NULL AUTO_INCREMENT,
  `transport` varchar(255) NOT NULL DEFAULT '',
  PRIMARY KEY (`id`)
) ENGINE=MyISAM DEFAULT CHARSET=utf8;

--
-- Dumping data for table `eznotificationcollection`
--


--
-- Table structure for table `eznotificationcollection_item`
--

CREATE TABLE `eznotificationcollection_item` (
  `address` varchar(255) NOT NULL DEFAULT '',
  `collection_id` int(11) NOT NULL DEFAULT '0',
  `event_id` int(11) NOT NULL DEFAULT '0',
  `id` int(11) NOT NULL AUTO_INCREMENT,
  `send_date` int(11) NOT NULL DEFAULT '0',
  PRIMARY KEY (`id`)
) ENGINE=MyISAM DEFAULT CHARSET=utf8;

--
-- Dumping data for table `eznotificationcollection_item`
--


--
-- Table structure for table `eznotificationevent`
--

CREATE TABLE `eznotificationevent` (
  `data_int1` int(11) NOT NULL DEFAULT '0',
  `data_int2` int(11) NOT NULL DEFAULT '0',
  `data_int3` int(11) NOT NULL DEFAULT '0',
  `data_int4` int(11) NOT NULL DEFAULT '0',
  `data_text1` longtext NOT NULL,
  `data_text2` longtext NOT NULL,
  `data_text3` longtext NOT NULL,
  `data_text4` longtext NOT NULL,
  `event_type_string` varchar(255) NOT NULL DEFAULT '',
  `id` int(11) NOT NULL AUTO_INCREMENT,
  `status` int(11) NOT NULL DEFAULT '0',
  PRIMARY KEY (`id`)
) ENGINE=MyISAM AUTO_INCREMENT=27 DEFAULT CHARSET=utf8;

--
-- Dumping data for table `eznotificationevent`
--

INSERT INTO `eznotificationevent` VALUES (57,1,0,0,'','','','','ezpublish',1,0),(14,2,0,0,'','','','','ezpublish',2,0),(58,1,0,0,'','','','','ezpublish',3,0),(11,2,0,0,'','','','','ezpublish',4,0),(57,2,0,0,'','','','','ezpublish',5,0),(60,1,0,0,'','','','','ezpublish',6,0),(61,1,0,0,'','','','','ezpublish',7,0),(62,1,0,0,'','','','','ezpublish',8,0),(63,1,0,0,'','','','','ezpublish',9,0),(57,3,0,0,'','','','','ezpublish',10,0),(57,4,0,0,'','','','','ezpublish',11,0),(64,1,0,0,'','','','','ezpublish',12,0),(65,1,0,0,'','','','','ezpublish',13,0),(66,1,0,0,'','','','','ezpublish',14,0),(57,5,0,0,'','','','','ezpublish',15,0),(57,6,0,0,'','','','','ezpublish',16,0),(57,7,0,0,'','','','','ezpublish',17,0),(61,2,0,0,'','','','','ezpublish',18,0),(57,8,0,0,'','','','','ezpublish',19,0),(57,9,0,0,'','','','','ezpublish',20,0),(67,1,0,0,'','','','','ezpublish',21,0),(57,10,0,0,'','','','','ezpublish',22,0),(57,11,0,0,'','','','','ezpublish',23,0),(57,12,0,0,'','','','','ezpublish',24,0),(68,1,0,0,'','','','','ezpublish',25,0),(69,1,0,0,'','','','','ezpublish',26,0);

--
-- Table structure for table `ezoperation_memento`
--

CREATE TABLE `ezoperation_memento` (
  `id` int(11) NOT NULL AUTO_INCREMENT,
  `main` int(11) NOT NULL DEFAULT '0',
  `main_key` varchar(32) NOT NULL DEFAULT '',
  `memento_data` longtext NOT NULL,
  `memento_key` varchar(32) NOT NULL DEFAULT '',
  PRIMARY KEY (`id`,`memento_key`),
  KEY `ezoperation_memento_memento_key_main` (`memento_key`,`main`)
) ENGINE=MyISAM DEFAULT CHARSET=utf8;

--
-- Dumping data for table `ezoperation_memento`
--


--
-- Table structure for table `ezorder`
--

CREATE TABLE `ezorder` (
  `account_identifier` varchar(100) NOT NULL DEFAULT 'default',
  `created` int(11) NOT NULL DEFAULT '0',
  `data_text_1` longtext,
  `data_text_2` longtext,
  `email` varchar(150) DEFAULT '',
  `id` int(11) NOT NULL AUTO_INCREMENT,
  `ignore_vat` int(11) NOT NULL DEFAULT '0',
  `is_archived` int(11) NOT NULL DEFAULT '0',
  `is_temporary` int(11) NOT NULL DEFAULT '1',
  `order_nr` int(11) NOT NULL DEFAULT '0',
  `productcollection_id` int(11) NOT NULL DEFAULT '0',
  `status_id` int(11) DEFAULT '0',
  `status_modified` int(11) DEFAULT '0',
  `status_modifier_id` int(11) DEFAULT '0',
  `user_id` int(11) NOT NULL DEFAULT '0',
  PRIMARY KEY (`id`),
  KEY `ezorder_is_archived` (`is_archived`),
  KEY `ezorder_is_tmp` (`is_temporary`)
) ENGINE=MyISAM DEFAULT CHARSET=utf8;

--
-- Dumping data for table `ezorder`
--


--
-- Table structure for table `ezorder_item`
--

CREATE TABLE `ezorder_item` (
  `description` varchar(255) DEFAULT NULL,
  `id` int(11) NOT NULL AUTO_INCREMENT,
  `is_vat_inc` int(11) NOT NULL DEFAULT '0',
  `order_id` int(11) NOT NULL DEFAULT '0',
  `price` float DEFAULT NULL,
  `type` varchar(30) DEFAULT NULL,
  `vat_value` float NOT NULL DEFAULT '0',
  PRIMARY KEY (`id`),
  KEY `ezorder_item_order_id` (`order_id`),
  KEY `ezorder_item_type` (`type`)
) ENGINE=MyISAM DEFAULT CHARSET=utf8;

--
-- Dumping data for table `ezorder_item`
--


--
-- Table structure for table `ezorder_status`
--

CREATE TABLE `ezorder_status` (
  `id` int(11) NOT NULL AUTO_INCREMENT,
  `is_active` int(11) NOT NULL DEFAULT '1',
  `name` varchar(255) NOT NULL DEFAULT '',
  `status_id` int(11) NOT NULL DEFAULT '0',
  PRIMARY KEY (`id`),
  KEY `ezorder_status_active` (`is_active`),
  KEY `ezorder_status_name` (`name`),
  KEY `ezorder_status_sid` (`status_id`)
) ENGINE=MyISAM AUTO_INCREMENT=4 DEFAULT CHARSET=utf8;

--
-- Dumping data for table `ezorder_status`
--

INSERT INTO `ezorder_status` VALUES (1,1,'Pending',1),(2,1,'Processing',2),(3,1,'Delivered',3);

--
-- Table structure for table `ezorder_status_history`
--

CREATE TABLE `ezorder_status_history` (
  `id` int(11) NOT NULL AUTO_INCREMENT,
  `modified` int(11) NOT NULL DEFAULT '0',
  `modifier_id` int(11) NOT NULL DEFAULT '0',
  `order_id` int(11) NOT NULL DEFAULT '0',
  `status_id` int(11) NOT NULL DEFAULT '0',
  PRIMARY KEY (`id`),
  KEY `ezorder_status_history_mod` (`modified`),
  KEY `ezorder_status_history_oid` (`order_id`),
  KEY `ezorder_status_history_sid` (`status_id`)
) ENGINE=MyISAM DEFAULT CHARSET=utf8;

--
-- Dumping data for table `ezorder_status_history`
--


--
-- Table structure for table `ezpackage`
--

CREATE TABLE `ezpackage` (
  `id` int(11) NOT NULL AUTO_INCREMENT,
  `install_date` int(11) NOT NULL DEFAULT '0',
  `name` varchar(100) NOT NULL DEFAULT '',
  `version` varchar(30) NOT NULL DEFAULT '0',
  PRIMARY KEY (`id`)
) ENGINE=MyISAM AUTO_INCREMENT=9 DEFAULT CHARSET=utf8;

--
-- Dumping data for table `ezpackage`
--

INSERT INTO `ezpackage` VALUES (1,1257953569,'ezwt_extension','1.1-0'),(2,1257953571,'ezstarrating_extension','1.0-0'),(3,1257953574,'ezgmaplocation_extension','1.0-1'),(4,1257953577,'ezjscore_extension','1.0-1'),(5,1257953581,'ezwebin_extension','1.5-0'),(6,1257953584,'ezflow_extension','2.0-0'),(7,1257953589,'ezflow_classes','2.0-0'),(8,1257953594,'ezflow_democontent_clean','2.0-0');

--
-- Table structure for table `ezpaymentobject`
--

CREATE TABLE `ezpaymentobject` (
  `id` int(11) NOT NULL AUTO_INCREMENT,
  `order_id` int(11) NOT NULL DEFAULT '0',
  `payment_string` varchar(255) NOT NULL DEFAULT '',
  `status` int(11) NOT NULL DEFAULT '0',
  `workflowprocess_id` int(11) NOT NULL DEFAULT '0',
  PRIMARY KEY (`id`)
) ENGINE=MyISAM DEFAULT CHARSET=utf8;

--
-- Dumping data for table `ezpaymentobject`
--


--
-- Table structure for table `ezpdf_export`
--

CREATE TABLE `ezpdf_export` (
  `created` int(11) DEFAULT NULL,
  `creator_id` int(11) DEFAULT NULL,
  `export_classes` varchar(255) DEFAULT NULL,
  `export_structure` varchar(255) DEFAULT NULL,
  `id` int(11) NOT NULL AUTO_INCREMENT,
  `intro_text` longtext,
  `modified` int(11) DEFAULT NULL,
  `modifier_id` int(11) DEFAULT NULL,
  `pdf_filename` varchar(255) DEFAULT NULL,
  `show_frontpage` int(11) DEFAULT NULL,
  `site_access` varchar(255) DEFAULT NULL,
  `source_node_id` int(11) DEFAULT NULL,
  `status` int(11) DEFAULT NULL,
  `sub_text` longtext,
  `title` varchar(255) DEFAULT NULL,
  `version` int(11) NOT NULL DEFAULT '0',
  PRIMARY KEY (`id`,`version`)
) ENGINE=MyISAM DEFAULT CHARSET=utf8;

--
-- Dumping data for table `ezpdf_export`
--


--
-- Table structure for table `ezpending_actions`
--

CREATE TABLE `ezpending_actions` (
  `action` varchar(64) NOT NULL DEFAULT '',
  `created` int(11) DEFAULT NULL,
  `param` longtext,
  KEY `ezpending_actions_action` (`action`),
  KEY `ezpending_actions_created` (`created`)
) ENGINE=MyISAM DEFAULT CHARSET=utf8;

--
-- Dumping data for table `ezpending_actions`
--


--
-- Table structure for table `ezpolicy`
--

CREATE TABLE `ezpolicy` (
  `function_name` varchar(255) DEFAULT NULL,
  `id` int(11) NOT NULL AUTO_INCREMENT,
  `module_name` varchar(255) DEFAULT NULL,
  `role_id` int(11) DEFAULT NULL,
  PRIMARY KEY (`id`)
) ENGINE=MyISAM AUTO_INCREMENT=374 DEFAULT CHARSET=utf8;

--
-- Dumping data for table `ezpolicy`
--



--
-- Table structure for table `ezpolicy_limitation`
--

CREATE TABLE `ezpolicy_limitation` (
  `id` int(11) NOT NULL AUTO_INCREMENT,
  `identifier` varchar(255) NOT NULL DEFAULT '',
  `policy_id` int(11) DEFAULT NULL,
  PRIMARY KEY (`id`),
  KEY `policy_id` (`policy_id`)
) ENGINE=MyISAM AUTO_INCREMENT=296 DEFAULT CHARSET=utf8;

--
-- Dumping data for table `ezpolicy_limitation`
--

INSERT INTO `ezpolicy_limitation` VALUES (251,'Section',328),(252,'Section',329),(253,'SiteAccess',332),(254,'SiteAccess',333),(255,'Class',334),(256,'Section',334),(257,'Class',335),(258,'ParentClass',335),(259,'Class',336),(260,'ParentClass',336),(261,'Class',337),(262,'ParentClass',337),(263,'Class',338),(264,'ParentClass',338),(265,'Class',339),(266,'ParentClass',339),(267,'Class',340),(268,'ParentClass',340),(269,'Class',341),(270,'Section',343),(271,'Section',357),(272,'Class',358),(273,'Section',358),(274,'ParentClass',358),(275,'Class',359),(276,'Section',359),(277,'ParentClass',359),(278,'Class',360),(279,'Section',360),(280,'ParentClass',360),(281,'Class',361),(282,'Section',361),(283,'Owner',361),(284,'Class',365),(285,'Section',365),(286,'ParentClass',365),(287,'Class',366),(288,'Section',366),(289,'ParentClass',366),(290,'Class',367),(291,'Section',367),(292,'ParentClass',367),(293,'Class',368),(294,'Section',368),(295,'Owner',368);

--
-- Table structure for table `ezpolicy_limitation_value`
--

CREATE TABLE `ezpolicy_limitation_value` (
  `id` int(11) NOT NULL AUTO_INCREMENT,
  `limitation_id` int(11) DEFAULT NULL,
  `value` varchar(255) DEFAULT NULL,
  PRIMARY KEY (`id`),
  KEY `ezpolicy_limitation_value_val` (`value`)
) ENGINE=MyISAM AUTO_INCREMENT=589 DEFAULT CHARSET=utf8;

--
-- Dumping data for table `ezpolicy_limitation_value`
--

INSERT INTO `ezpolicy_limitation_value` VALUES (477,251,'1'),(478,252,'1'),(479,253,'2597280906'),(480,254,'2582995467'),(481,255,'33'),(482,255,'45'),(483,255,'29'),(484,255,'37'),(485,255,'36'),(486,255,'35'),(487,256,'3'),(488,257,'1'),(489,257,'34'),(490,257,'28'),(491,257,'21'),(492,257,'22'),(493,257,'23'),(494,257,'16'),(495,257,'17'),(496,257,'18'),(497,257,'19'),(498,257,'27'),(499,257,'26'),(500,257,'24'),(501,257,'25'),(502,257,'29'),(503,257,'35'),(504,257,'36'),(505,257,'37'),(506,257,'38'),(507,257,'40'),(508,257,'46'),(509,257,'44'),(510,257,'45'),(511,257,'33'),(512,258,'1'),(513,259,'20'),(514,260,'19'),(515,261,'41'),(516,262,'40'),(517,263,'43'),(518,264,'44'),(519,265,'33'),(520,266,'38'),(521,267,'1'),(522,267,'34'),(523,267,'22'),(524,267,'23'),(525,267,'24'),(526,267,'38'),(527,267,'44'),(528,267,'26'),(529,267,'46'),(530,268,'23'),(531,269,'1'),(532,269,'34'),(533,269,'16'),(534,269,'17'),(535,269,'18'),(536,269,'19'),(537,269,'20'),(538,269,'21'),(539,269,'22'),(540,269,'23'),(541,269,'24'),(542,269,'26'),(543,269,'27'),(544,269,'28'),(545,269,'29'),(546,269,'33'),(547,269,'35'),(548,269,'36'),(549,269,'37'),(550,269,'38'),(551,269,'40'),(552,269,'43'),(553,269,'44'),(554,269,'46'),(555,270,'1'),(556,270,'6'),(557,270,'3'),(558,271,'6'),(559,272,'41'),(560,273,'6'),(561,274,'40'),(562,275,'42'),(563,276,'6'),(564,277,'41'),(565,278,'13'),(566,279,'6'),(567,280,'16'),(568,281,'13'),(569,281,'41'),(570,281,'42'),(571,282,'6'),(572,283,'1'),(573,284,'41'),(574,285,'1'),(575,286,'40'),(576,287,'42'),(577,288,'1'),(578,289,'41'),(579,290,'13'),(580,291,'1'),(581,292,'16'),(582,292,'20'),(583,292,'17'),(584,293,'13'),(585,293,'41'),(586,293,'42'),(587,294,'1'),(588,295,'1');

--
-- Table structure for table `ezpreferences`
--

CREATE TABLE `ezpreferences` (
  `id` int(11) NOT NULL AUTO_INCREMENT,
  `name` varchar(100) DEFAULT NULL,
  `user_id` int(11) NOT NULL DEFAULT '0',
  `value` varchar(100) DEFAULT NULL,
  PRIMARY KEY (`id`),
  KEY `ezpreferences_name` (`name`),
  KEY `ezpreferences_user_id_idx` (`user_id`,`name`)
) ENGINE=MyISAM AUTO_INCREMENT=7 DEFAULT CHARSET=utf8;

--
-- Dumping data for table `ezpreferences`
--

INSERT INTO `ezpreferences` VALUES (1,'admin_navigation_content',14,'1'),(2,'admin_navigation_roles',14,'1'),(3,'admin_navigation_policies',14,'1'),(4,'admin_list_limit',14,'2'),(5,'admin_treemenu',14,'1'),(6,'admin_bookmark_menu',14,'1');

--
-- Table structure for table `ezproductcategory`
--

CREATE TABLE `ezproductcategory` (
  `id` int(11) NOT NULL AUTO_INCREMENT,
  `name` varchar(255) NOT NULL DEFAULT '',
  PRIMARY KEY (`id`)
) ENGINE=MyISAM DEFAULT CHARSET=utf8;

--
-- Dumping data for table `ezproductcategory`
--


--
-- Table structure for table `ezproductcollection`
--

CREATE TABLE `ezproductcollection` (
  `created` int(11) DEFAULT NULL,
  `currency_code` varchar(4) NOT NULL DEFAULT '',
  `id` int(11) NOT NULL AUTO_INCREMENT,
  PRIMARY KEY (`id`)
) ENGINE=MyISAM DEFAULT CHARSET=utf8;

--
-- Dumping data for table `ezproductcollection`
--


--
-- Table structure for table `ezproductcollection_item`
--

CREATE TABLE `ezproductcollection_item` (
  `contentobject_id` int(11) NOT NULL DEFAULT '0',
  `discount` float DEFAULT NULL,
  `id` int(11) NOT NULL AUTO_INCREMENT,
  `is_vat_inc` int(11) DEFAULT NULL,
  `item_count` int(11) NOT NULL DEFAULT '0',
  `name` varchar(255) NOT NULL DEFAULT '',
  `price` float DEFAULT '0',
  `productcollection_id` int(11) NOT NULL DEFAULT '0',
  `vat_value` float DEFAULT NULL,
  PRIMARY KEY (`id`),
  KEY `ezproductcollection_item_contentobject_id` (`contentobject_id`),
  KEY `ezproductcollection_item_productcollection_id` (`productcollection_id`)
) ENGINE=MyISAM DEFAULT CHARSET=utf8;

--
-- Dumping data for table `ezproductcollection_item`
--


--
-- Table structure for table `ezproductcollection_item_opt`
--

CREATE TABLE `ezproductcollection_item_opt` (
  `id` int(11) NOT NULL AUTO_INCREMENT,
  `item_id` int(11) NOT NULL DEFAULT '0',
  `name` varchar(255) NOT NULL DEFAULT '',
  `object_attribute_id` int(11) DEFAULT NULL,
  `option_item_id` int(11) NOT NULL DEFAULT '0',
  `price` float NOT NULL DEFAULT '0',
  `value` varchar(255) NOT NULL DEFAULT '',
  PRIMARY KEY (`id`),
  KEY `ezproductcollection_item_opt_item_id` (`item_id`)
) ENGINE=MyISAM DEFAULT CHARSET=utf8;

--
-- Dumping data for table `ezproductcollection_item_opt`
--


--
-- Table structure for table `ezrole`
--

CREATE TABLE `ezrole` (
  `id` int(11) NOT NULL AUTO_INCREMENT,
  `is_new` int(11) NOT NULL DEFAULT '0',
  `name` varchar(255) NOT NULL DEFAULT '',
  `value` char(1) DEFAULT NULL,
  `version` int(11) DEFAULT '0',
  PRIMARY KEY (`id`)
) ENGINE=MyISAM AUTO_INCREMENT=6 DEFAULT CHARSET=utf8;

--
-- Dumping data for table `ezrole`
--

INSERT INTO `ezrole` VALUES (1,0,'Anonymous','',0),(2,0,'Administrator','*',0),(3,0,'Editor','',0),(4,0,'Partner','',0),(5,0,'Member','',0);

--
-- Table structure for table `ezrss_export`
--

CREATE TABLE `ezrss_export` (
  `access_url` varchar(255) DEFAULT NULL,
  `active` int(11) DEFAULT NULL,
  `created` int(11) DEFAULT NULL,
  `creator_id` int(11) DEFAULT NULL,
  `description` longtext,
  `id` int(11) NOT NULL AUTO_INCREMENT,
  `image_id` int(11) DEFAULT NULL,
  `main_node_only` int(11) NOT NULL DEFAULT '1',
  `modified` int(11) DEFAULT NULL,
  `modifier_id` int(11) DEFAULT NULL,
  `node_id` int(11) DEFAULT NULL,
  `number_of_objects` int(11) NOT NULL DEFAULT '0',
  `rss_version` varchar(255) DEFAULT NULL,
  `site_access` varchar(255) DEFAULT NULL,
  `status` int(11) NOT NULL DEFAULT '0',
  `title` varchar(255) DEFAULT NULL,
  `url` varchar(255) DEFAULT NULL,
  PRIMARY KEY (`id`,`status`)
) ENGINE=MyISAM AUTO_INCREMENT=2 DEFAULT CHARSET=utf8;

--
-- Dumping data for table `ezrss_export`
--

INSERT INTO `ezrss_export` VALUES ('my_feed',1,1257953599,14,'',1,0,1,1257953599,14,0,10,'2.0','',1,'My RSS Feed','http://example.com');

--
-- Table structure for table `ezrss_export_item`
--

CREATE TABLE `ezrss_export_item` (
  `category` varchar(255) DEFAULT NULL,
  `class_id` int(11) DEFAULT NULL,
  `description` varchar(255) DEFAULT NULL,
  `id` int(11) NOT NULL AUTO_INCREMENT,
  `rssexport_id` int(11) DEFAULT NULL,
  `source_node_id` int(11) DEFAULT NULL,
  `status` int(11) NOT NULL DEFAULT '0',
  `subnodes` int(11) NOT NULL DEFAULT '0',
  `title` varchar(255) DEFAULT NULL,
  PRIMARY KEY (`id`,`status`),
  KEY `ezrss_export_rsseid` (`rssexport_id`)
) ENGINE=MyISAM AUTO_INCREMENT=2 DEFAULT CHARSET=utf8;

--
-- Dumping data for table `ezrss_export_item`
--

INSERT INTO `ezrss_export_item` VALUES ('',16,'intro',1,1,139,1,0,'title');

--
-- Table structure for table `ezrss_import`
--

CREATE TABLE `ezrss_import` (
  `active` int(11) DEFAULT NULL,
  `class_description` varchar(255) DEFAULT NULL,
  `class_id` int(11) DEFAULT NULL,
  `class_title` varchar(255) DEFAULT NULL,
  `class_url` varchar(255) DEFAULT NULL,
  `created` int(11) DEFAULT NULL,
  `creator_id` int(11) DEFAULT NULL,
  `destination_node_id` int(11) DEFAULT NULL,
  `id` int(11) NOT NULL AUTO_INCREMENT,
  `import_description` longtext NOT NULL,
  `modified` int(11) DEFAULT NULL,
  `modifier_id` int(11) DEFAULT NULL,
  `name` varchar(255) DEFAULT NULL,
  `object_owner_id` int(11) DEFAULT NULL,
  `status` int(11) NOT NULL DEFAULT '0',
  `url` longtext,
  PRIMARY KEY (`id`,`status`)
) ENGINE=MyISAM DEFAULT CHARSET=utf8;

--
-- Dumping data for table `ezrss_import`
--


--
-- Table structure for table `ezsearch_object_word_link`
--

CREATE TABLE `ezsearch_object_word_link` (
  `contentclass_attribute_id` int(11) NOT NULL DEFAULT '0',
  `contentclass_id` int(11) NOT NULL DEFAULT '0',
  `contentobject_id` int(11) NOT NULL DEFAULT '0',
  `frequency` float NOT NULL DEFAULT '0',
  `id` int(11) NOT NULL AUTO_INCREMENT,
  `identifier` varchar(255) NOT NULL DEFAULT '',
  `integer_value` int(11) NOT NULL DEFAULT '0',
  `next_word_id` int(11) NOT NULL DEFAULT '0',
  `placement` int(11) NOT NULL DEFAULT '0',
  `prev_word_id` int(11) NOT NULL DEFAULT '0',
  `published` int(11) NOT NULL DEFAULT '0',
  `section_id` int(11) NOT NULL DEFAULT '0',
  `word_id` int(11) NOT NULL DEFAULT '0',
  PRIMARY KEY (`id`),
  KEY `ezsearch_object_word_link_frequency` (`frequency`),
  KEY `ezsearch_object_word_link_identifier` (`identifier`),
  KEY `ezsearch_object_word_link_integer_value` (`integer_value`),
  KEY `ezsearch_object_word_link_object` (`contentobject_id`),
  KEY `ezsearch_object_word_link_word` (`word_id`)
) ENGINE=MyISAM AUTO_INCREMENT=3833 DEFAULT CHARSET=utf8;

--
-- Dumping data for table `ezsearch_object_word_link`
--

INSERT INTO `ezsearch_object_word_link` VALUES (6,3,12,0,213,'',0,62,0,0,1033920775,2,61),(6,3,12,0,214,'',0,61,1,61,1033920775,2,62),(6,3,12,0,215,'',0,62,2,62,1033920775,2,61),(6,3,12,0,216,'',0,0,3,61,1033920775,2,62),(6,3,13,0,225,'',0,66,0,0,1033920794,2,66),(6,3,13,0,226,'',0,0,1,66,1033920794,2,66),(6,3,42,0,227,'',0,62,0,0,1072180330,2,67),(6,3,42,0,228,'',0,67,1,67,1072180330,2,62),(6,3,42,0,229,'',0,62,2,62,1072180330,2,67),(6,3,42,0,230,'',0,63,3,67,1072180330,2,62),(7,3,42,0,231,'',0,68,4,62,1072180330,2,63),(7,3,42,0,232,'',0,69,5,63,1072180330,2,68),(7,3,42,0,233,'',0,70,6,68,1072180330,2,69),(7,3,42,0,234,'',0,67,7,69,1072180330,2,70),(7,3,42,0,235,'',0,63,8,70,1072180330,2,67),(7,3,42,0,236,'',0,63,9,67,1072180330,2,63),(7,3,42,0,237,'',0,68,10,63,1072180330,2,63),(7,3,42,0,238,'',0,69,11,63,1072180330,2,68),(7,3,42,0,239,'',0,70,12,68,1072180330,2,69),(7,3,42,0,240,'',0,67,13,69,1072180330,2,70),(7,3,42,0,241,'',0,63,14,70,1072180330,2,67),(7,3,42,0,242,'',0,0,15,67,1072180330,2,63),(8,4,10,0,243,'',0,67,0,0,1033920665,2,67),(8,4,10,0,244,'',0,63,1,67,1033920665,2,67),(9,4,10,0,245,'',0,63,2,67,1033920665,2,63),(9,4,10,0,246,'',0,67,3,63,1033920665,2,63),(12,4,10,0,247,'',0,65,4,63,1033920665,2,67),(12,4,10,0,248,'',0,67,5,67,1033920665,2,65),(12,4,10,0,249,'',0,65,6,65,1033920665,2,67),(12,4,10,0,250,'',0,0,7,67,1033920665,2,65),(4,1,45,0,1485,'',0,85,0,0,1079684190,4,85),(4,1,45,0,1486,'',0,86,1,85,1079684190,4,85),(158,1,45,0,1487,'',0,86,2,85,1079684190,4,86),(158,1,45,0,1488,'',0,0,3,86,1079684190,4,86),(4,1,49,0,2379,'',0,90,0,0,1080220197,3,90),(4,1,49,0,2380,'',0,79,1,90,1080220197,3,90),(158,1,49,0,2381,'',1,79,2,90,1080220197,3,79),(158,1,49,0,2382,'',1,0,3,79,1080220197,3,79),(4,1,50,0,2383,'',0,101,0,0,1080220220,3,101),(4,1,50,0,2384,'',0,79,1,101,1080220220,3,101),(158,1,50,0,2385,'',1,79,2,101,1080220220,3,79),(158,1,50,0,2386,'',1,0,3,79,1080220220,3,79),(4,1,51,0,2387,'',0,102,0,0,1080220233,3,102),(4,1,51,0,2388,'',0,79,1,102,1080220233,3,102),(158,1,51,0,2389,'',1,79,2,102,1080220233,3,79),(158,1,51,0,2390,'',1,0,3,79,1080220233,3,79),(159,14,52,0,2391,'',0,104,0,0,1082016591,4,103),(159,14,52,0,2392,'',0,105,1,103,1082016591,4,104),(159,14,52,0,2393,'',0,103,2,104,1082016591,4,105),(159,14,52,0,2394,'',0,104,3,105,1082016591,4,103),(159,14,52,0,2395,'',0,105,4,103,1082016591,4,104),(159,14,52,0,2396,'',0,0,5,104,1082016591,4,105),(176,15,54,0,2397,'',0,106,0,0,1082016652,4,106),(176,15,54,0,2398,'',0,0,1,106,1082016652,4,106),(187,16,69,0,3830,'body',0,86,7,613,1258035613,1,614),(8,4,14,0,3524,'first_name',0,63,0,0,1033920830,2,61),(9,4,14,0,3525,'last_name',0,397,1,61,1033920830,2,63),(12,4,14,0,3526,'user_account',0,398,2,63,1033920830,2,397),(12,4,14,0,3527,'user_account',0,390,3,397,1033920830,2,398),(12,4,14,0,3528,'user_account',0,0,4,398,1033920830,2,390),(6,3,58,0,3529,'name',0,0,0,0,1257953599,2,399),(6,3,11,0,3530,'name',0,0,0,0,1033920746,2,400),(4,1,68,0,3822,'name',0,0,0,0,1258035555,1,606),(183,16,69,0,3823,'title',0,608,0,0,1258035613,1,607),(186,16,69,0,3824,'intro',0,609,1,607,1258035613,1,608),(186,16,69,0,3825,'intro',0,610,2,608,1258035613,1,609),(186,16,69,0,3826,'intro',0,611,3,609,1258035613,1,610),(187,16,69,0,3829,'body',0,614,6,612,1258035613,1,613),(186,16,69,0,3827,'intro',0,612,4,610,1258035613,1,611),(186,16,69,0,3828,'intro',0,613,5,611,1258035613,1,612),(192,16,69,0,3832,'unpublish_date',0,0,9,86,1258035613,1,86),(191,16,69,0,3831,'publish_date',0,86,8,614,1258035613,1,86),(272,33,64,0,3616,'name',0,0,0,0,1258015352,3,457),(237,23,57,0,3821,'page',0,0,11,604,1195480486,1,605),(237,23,57,0,3820,'page',0,605,10,604,1195480486,1,604),(237,23,57,0,3819,'page',0,604,9,600,1195480486,1,604),(237,23,57,0,3818,'page',0,604,8,603,1195480486,1,600),(237,23,57,0,3817,'page',0,600,7,602,1195480486,1,603),(237,23,57,0,3816,'page',0,603,6,601,1195480486,1,602),(237,23,57,0,3815,'page',0,602,5,600,1195480486,1,601),(237,23,57,0,3814,'page',0,601,4,599,1195480486,1,600),(237,23,57,0,3813,'page',0,600,3,598,1195480486,1,599),(237,23,57,0,3811,'page',0,598,1,596,1195480486,1,597),(237,23,57,0,3812,'page',0,599,2,597,1195480486,1,598),(236,23,57,0,3810,'name',0,597,0,0,1195480486,1,596);

--
-- Table structure for table `ezsearch_return_count`
--

CREATE TABLE `ezsearch_return_count` (
  `count` int(11) NOT NULL DEFAULT '0',
  `id` int(11) NOT NULL AUTO_INCREMENT,
  `phrase_id` int(11) NOT NULL DEFAULT '0',
  `time` int(11) NOT NULL DEFAULT '0',
  PRIMARY KEY (`id`),
  KEY `ezsearch_return_cnt_ph_id_cnt` (`phrase_id`,`count`)
) ENGINE=MyISAM DEFAULT CHARSET=utf8;

--
-- Dumping data for table `ezsearch_return_count`
--


--
-- Table structure for table `ezsearch_search_phrase`
--

CREATE TABLE `ezsearch_search_phrase` (
  `id` int(11) NOT NULL AUTO_INCREMENT,
  `phrase` varchar(250) DEFAULT NULL,
  `phrase_count` int(11) DEFAULT '0',
  `result_count` int(11) DEFAULT '0',
  PRIMARY KEY (`id`),
  UNIQUE KEY `ezsearch_search_phrase_phrase` (`phrase`),
  KEY `ezsearch_search_phrase_count` (`phrase_count`)
) ENGINE=MyISAM DEFAULT CHARSET=utf8;

--
-- Dumping data for table `ezsearch_search_phrase`
--


--
-- Table structure for table `ezsearch_word`
--

CREATE TABLE `ezsearch_word` (
  `id` int(11) NOT NULL AUTO_INCREMENT,
  `object_count` int(11) NOT NULL DEFAULT '0',
  `word` varchar(150) DEFAULT NULL,
  PRIMARY KEY (`id`),
  KEY `ezsearch_word_obj_count` (`object_count`),
  KEY `ezsearch_word_word_i` (`word`)
) ENGINE=MyISAM AUTO_INCREMENT=615 DEFAULT CHARSET=utf8;

--
-- Dumping data for table `ezsearch_word`
--

INSERT INTO `ezsearch_word` VALUES (61,2,'administrator'),(62,2,'users'),(63,3,'user'),(65,1,'nospam@ez.no'),(66,1,'editors'),(67,2,'anonymous'),(68,1,'group'),(69,1,'for'),(70,1,'the'),(79,3,'1'),(85,1,'setup'),(86,2,'0'),(90,1,'images'),(101,1,'files'),(102,1,'multimedia'),(103,1,'common'),(104,1,'ini'),(105,1,'settings'),(106,1,'sitestyle_identifier'),(390,1,'ez.no'),(397,1,'admin'),(398,1,'vl'),(399,1,'partners'),(400,1,'members'),(606,1,'news'),(608,1,'hello'),(607,1,'article1'),(609,1,'world'),(610,1,'greetings'),(611,1,'from'),(612,1,'testsystem'),(605,1,'right'),(457,1,'vbanner'),(604,1,'demoblock'),(603,1,'block1'),(601,1,'manual2items'),(602,1,'2_items1'),(599,1,'block2'),(600,1,'4f6d946ab48d95799d31179c3acde8cb'),(598,1,'left'),(614,1,'text'),(613,1,'body'),(597,1,'2zoneslayout1'),(596,1,'home');

--
-- Table structure for table `ezsection`
--

CREATE TABLE `ezsection` (
  `id` int(11) NOT NULL AUTO_INCREMENT,
  `locale` varchar(255) DEFAULT NULL,
  `name` varchar(255) DEFAULT NULL,
  `navigation_part_identifier` varchar(100) DEFAULT 'ezcontentnavigationpart',
  PRIMARY KEY (`id`)
) ENGINE=MyISAM AUTO_INCREMENT=7 DEFAULT CHARSET=utf8;

--
-- Dumping data for table `ezsection`
--

INSERT INTO `ezsection` VALUES (1,'','Standard','ezcontentnavigationpart'),(2,'','Users','ezusernavigationpart'),(3,'','Media','ezmedianavigationpart'),(4,'','Setup','ezsetupnavigationpart'),(5,'','Design','ezvisualnavigationpart'),(6,'','Restricted','ezcontentnavigationpart');

--
-- Table structure for table `ezsite_data`
--

CREATE TABLE `ezsite_data` (
  `name` varchar(60) NOT NULL DEFAULT '',
  `value` longtext NOT NULL,
  PRIMARY KEY (`name`)
) ENGINE=MyISAM DEFAULT CHARSET=utf8;

--
-- Dumping data for table `ezsite_data`
--

INSERT INTO `ezsite_data` VALUES ('ezflow','2.0'),('ezpublish-release','1'),('ezpublish-version','4.2.0');

--
-- Table structure for table `ezstarrating`
--

CREATE TABLE `ezstarrating` (
  `contentobject_attribute_id` int(11) NOT NULL DEFAULT '0',
  `contentobject_id` int(11) NOT NULL DEFAULT '0',
  `rating_average` float NOT NULL DEFAULT '0',
  `rating_count` int(11) NOT NULL DEFAULT '0',
  PRIMARY KEY (`contentobject_id`,`contentobject_attribute_id`)
) ENGINE=MyISAM DEFAULT CHARSET=utf8;

--
-- Dumping data for table `ezstarrating`
--


--
-- Table structure for table `ezstarrating_data`
--

CREATE TABLE `ezstarrating_data` (
  `contentobject_attribute_id` int(11) NOT NULL DEFAULT '0',
  `contentobject_id` int(11) NOT NULL DEFAULT '0',
  `created_at` int(11) NOT NULL DEFAULT '0',
  `id` int(11) NOT NULL AUTO_INCREMENT,
  `rating` float NOT NULL DEFAULT '0',
  `session_key` varchar(32) NOT NULL DEFAULT '',
  `user_id` int(11) NOT NULL DEFAULT '0',
  PRIMARY KEY (`id`),
  KEY `contentobject_id_contentobject_attribute_id` (`contentobject_id`,`contentobject_attribute_id`),
  KEY `user_id_session_key` (`user_id`,`session_key`)
) ENGINE=MyISAM DEFAULT CHARSET=utf8;

--
-- Dumping data for table `ezstarrating_data`
--


--
-- Table structure for table `ezsubtree_notification_rule`
--

CREATE TABLE `ezsubtree_notification_rule` (
  `id` int(11) NOT NULL AUTO_INCREMENT,
  `node_id` int(11) NOT NULL DEFAULT '0',
  `use_digest` int(11) DEFAULT '0',
  `user_id` int(11) NOT NULL DEFAULT '0',
  PRIMARY KEY (`id`),
  KEY `ezsubtree_notification_rule_user_id` (`user_id`)
) ENGINE=MyISAM DEFAULT CHARSET=utf8;

--
-- Dumping data for table `ezsubtree_notification_rule`
--


--
-- Table structure for table `eztipafriend_counter`
--

CREATE TABLE `eztipafriend_counter` (
  `count` int(11) NOT NULL DEFAULT '0',
  `node_id` int(11) NOT NULL DEFAULT '0',
  `requested` int(11) NOT NULL DEFAULT '0',
  PRIMARY KEY (`node_id`,`requested`)
) ENGINE=MyISAM DEFAULT CHARSET=utf8;

--
-- Dumping data for table `eztipafriend_counter`
--


--
-- Table structure for table `eztipafriend_request`
--

CREATE TABLE `eztipafriend_request` (
  `created` int(11) NOT NULL DEFAULT '0',
  `email_receiver` varchar(100) NOT NULL DEFAULT '',
  KEY `eztipafriend_request_created` (`created`),
  KEY `eztipafriend_request_email_rec` (`email_receiver`)
) ENGINE=MyISAM DEFAULT CHARSET=utf8;

--
-- Dumping data for table `eztipafriend_request`
--


--
-- Table structure for table `eztrigger`
--

CREATE TABLE `eztrigger` (
  `connect_type` char(1) NOT NULL DEFAULT '',
  `function_name` varchar(200) NOT NULL DEFAULT '',
  `id` int(11) NOT NULL AUTO_INCREMENT,
  `module_name` varchar(200) NOT NULL DEFAULT '',
  `name` varchar(255) DEFAULT NULL,
  `workflow_id` int(11) DEFAULT NULL,
  PRIMARY KEY (`id`),
  UNIQUE KEY `eztrigger_def_id` (`module_name`(50),`function_name`(50),`connect_type`),
  KEY `eztrigger_fetch` (`name`(25),`module_name`(50),`function_name`(50))
) ENGINE=MyISAM DEFAULT CHARSET=utf8;

--
-- Dumping data for table `eztrigger`
--


--
-- Table structure for table `ezurl`
--

CREATE TABLE `ezurl` (
  `created` int(11) NOT NULL DEFAULT '0',
  `id` int(11) NOT NULL AUTO_INCREMENT,
  `is_valid` int(11) NOT NULL DEFAULT '1',
  `last_checked` int(11) NOT NULL DEFAULT '0',
  `modified` int(11) NOT NULL DEFAULT '0',
  `original_url_md5` varchar(32) NOT NULL DEFAULT '',
  `url` longtext,
  PRIMARY KEY (`id`),
  KEY `ezurl_url` (`url`(255))
) ENGINE=MyISAM AUTO_INCREMENT=11 DEFAULT CHARSET=utf8;

--
-- Dumping data for table `ezurl`
--

INSERT INTO `ezurl` VALUES (1257953597,9,1,0,1257953597,'9b492048041e95b32de08bafc86d759b','/content/view/sitemap/2'),(1257953597,10,1,0,1257953597,'c86bcb109d8e70f9db65c803baafd550','/content/view/tagcloud/2');

--
-- Table structure for table `ezurl_object_link`
--

CREATE TABLE `ezurl_object_link` (
  `contentobject_attribute_id` int(11) NOT NULL DEFAULT '0',
  `contentobject_attribute_version` int(11) NOT NULL DEFAULT '0',
  `url_id` int(11) NOT NULL DEFAULT '0',
  KEY `ezurl_ol_coa_id` (`contentobject_attribute_id`),
  KEY `ezurl_ol_coa_version` (`contentobject_attribute_version`),
  KEY `ezurl_ol_url_id` (`url_id`)
) ENGINE=MyISAM DEFAULT CHARSET=utf8;

--
-- Dumping data for table `ezurl_object_link`
--

INSERT INTO `ezurl_object_link` VALUES (203,1,9),(204,1,10);

--
-- Table structure for table `ezurlalias`
--

CREATE TABLE `ezurlalias` (
  `destination_url` longtext NOT NULL,
  `forward_to_id` int(11) NOT NULL DEFAULT '0',
  `id` int(11) NOT NULL AUTO_INCREMENT,
  `is_imported` int(11) NOT NULL DEFAULT '0',
  `is_internal` int(11) NOT NULL DEFAULT '1',
  `is_wildcard` int(11) NOT NULL DEFAULT '0',
  `source_md5` varchar(32) DEFAULT NULL,
  `source_url` longtext NOT NULL,
  PRIMARY KEY (`id`),
  KEY `ezurlalias_desturl` (`destination_url`(200)),
  KEY `ezurlalias_forward_to_id` (`forward_to_id`),
  KEY `ezurlalias_imp_wcard_fwd` (`is_imported`,`is_wildcard`,`forward_to_id`),
  KEY `ezurlalias_source_md5` (`source_md5`),
  KEY `ezurlalias_source_url` (`source_url`(255)),
  KEY `ezurlalias_wcard_fwd` (`is_wildcard`,`forward_to_id`)
) ENGINE=MyISAM AUTO_INCREMENT=34 DEFAULT CHARSET=utf8;

--
-- Dumping data for table `ezurlalias`
--

INSERT INTO `ezurlalias` VALUES ('content/view/full/2',0,12,1,1,0,'d41d8cd98f00b204e9800998ecf8427e',''),('content/view/full/5',0,13,1,1,0,'9bc65c2abec141778ffaa729489f3e87','users'),('content/view/full/12',0,15,1,1,0,'02d4e844e3a660857a3f81585995ffe1','users/guest_accounts'),('content/view/full/13',0,16,1,1,0,'1b1d79c16700fd6003ea7be233e754ba','users/administrator_users'),('content/view/full/14',0,17,1,1,0,'0bb9dd665c96bbc1cf36b79180786dea','users/editors'),('content/view/full/15',0,18,1,1,0,'f1305ac5f327a19b451d82719e0c3f5d','users/administrator_users/administrator_user'),('content/view/full/43',0,20,1,1,0,'62933a2951ef01f4eafd9bdf4d3cd2f0','media'),('content/view/full/44',0,21,1,1,0,'3ae1aac958e1c82013689d917d34967a','users/anonymous_users'),('content/view/full/45',0,22,1,1,0,'aad93975f09371695ba08292fd9698db','users/anonymous_users/anonymous_user'),('content/view/full/48',0,25,1,1,0,'a0f848942ce863cf53c0fa6cc684007d','setup'),('content/view/full/50',0,27,1,1,0,'c60212835de76414f9bfd21eecb8f221','foo_bar_folder/images/vbanner'),('content/view/full/51',0,28,1,1,0,'38985339d4a5aadfc41ab292b4527046','media/images'),('content/view/full/52',0,29,1,1,0,'ad5a8c6f6aac3b1b9df267fe22e7aef6','media/files'),('content/view/full/53',0,30,1,1,0,'562a0ac498571c6c3529173184a2657c','media/multimedia'),('content/view/full/54',0,31,1,1,0,'e501fe6c81ed14a5af2b322d248102d8','setup/common_ini_settings'),('content/view/full/56',0,32,1,1,0,'2dd3db5dc7122ea5f3ee539bb18fe97d','design/ez_publish'),('content/view/full/58',0,33,1,1,0,'31c13f47ad87dd7baa2d558a91e0fbb9','design');

--
-- Table structure for table `ezurlalias_ml`
--

CREATE TABLE `ezurlalias_ml` (
  `action` longtext NOT NULL,
  `action_type` varchar(32) NOT NULL DEFAULT '',
  `alias_redirects` int(11) NOT NULL DEFAULT '1',
  `id` int(11) NOT NULL DEFAULT '0',
  `is_alias` int(11) NOT NULL DEFAULT '0',
  `is_original` int(11) NOT NULL DEFAULT '0',
  `lang_mask` int(11) NOT NULL DEFAULT '0',
  `link` int(11) NOT NULL DEFAULT '0',
  `parent` int(11) NOT NULL DEFAULT '0',
  `text` longtext NOT NULL,
  `text_md5` varchar(32) NOT NULL DEFAULT '',
  PRIMARY KEY (`parent`,`text_md5`),
  KEY `ezurlalias_ml_act_org` (`action`(32),`is_original`),
  KEY `ezurlalias_ml_action` (`action`(32),`id`,`link`),
  KEY `ezurlalias_ml_actt` (`action_type`),
  KEY `ezurlalias_ml_actt_org_al` (`action_type`,`is_original`,`is_alias`),
  KEY `ezurlalias_ml_id` (`id`),
  KEY `ezurlalias_ml_par_act_id_lnk` (`parent`,`action`(32),`id`,`link`),
  KEY `ezurlalias_ml_par_lnk_txt` (`parent`,`link`,`text`(32)),
  KEY `ezurlalias_ml_par_txt` (`parent`,`text`(32)),
  KEY `ezurlalias_ml_text` (`text`(32),`id`,`link`),
  KEY `ezurlalias_ml_text_lang` (`text`(32),`lang_mask`,`parent`)
) ENGINE=MyISAM DEFAULT CHARSET=utf8;

--
-- Dumping data for table `ezurlalias_ml`
--

INSERT INTO `ezurlalias_ml` VALUES ('nop:','nop',1,14,0,0,1,14,0,'foo_bar_folder','0288b6883046492fa92e4a84eb67acc9'),('eznode:59','eznode',1,37,0,0,3,36,0,'Home','106a6c241b8797f52e1e77317b96a201'),('eznode:59','eznode',1,36,0,1,3,36,0,'eZ-Publish','10e4c3cb527fb9963258469986c16240'),('eznode:58','eznode',1,25,0,1,3,25,0,'Design','31c13f47ad87dd7baa2d558a91e0fbb9'),('eznode:48','eznode',1,13,0,1,3,13,0,'Setup2','475e97c0146bfb1c490339546d9e72ee'),('nop:','nop',1,17,0,0,1,17,0,'media2','50e2736330de124f6edea9b008556fe6'),('eznode:43','eznode',1,9,0,1,3,9,0,'Media','62933a2951ef01f4eafd9bdf4d3cd2f0'),('nop:','nop',1,21,0,0,1,21,0,'setup3','732cefcf28bf4547540609fb1a786a30'),('nop:','nop',1,3,0,0,1,3,0,'users2','86425c35a33507d479f71ade53a669aa'),('eznode:5','eznode',1,2,0,1,3,2,0,'Users','9bc65c2abec141778ffaa729489f3e87'),('eznode:2','eznode',1,1,0,1,3,1,0,'','d41d8cd98f00b204e9800998ecf8427e'),('eznode:60','eznode',1,38,0,1,3,38,2,'Partners','7896f8fa69398c56d86a65357615c41f'),('eznode:14','eznode',1,6,0,1,3,6,2,'Editors','a147e136bfa717592f2bd70bd4b53b17'),('eznode:44','eznode',1,10,0,1,3,10,2,'Anonymous-Users','c2803c3fa1b0b5423237b4e018cae755'),('eznode:12','eznode',1,4,0,1,3,4,2,'Members','d2e3083420929d8bfae81f58fa4594cb'),('eznode:12','eznode',1,39,0,0,3,4,2,'Guest-accounts','e57843d836e3af8ab611fde9e2139b3a'),('eznode:13','eznode',1,5,0,1,3,5,2,'Administrator-users','f89fad7f8a3abc8c09e1deb46a420007'),('nop:','nop',1,11,0,0,1,11,3,'anonymous_users2','505e93077a6dde9034ad97a14ab022b1'),('eznode:12','eznode',1,26,0,0,0,4,3,'guest_accounts','70bb992820e73638731aa8de79b3329e'),('eznode:14','eznode',1,29,0,0,1,6,3,'editors','a147e136bfa717592f2bd70bd4b53b17'),('nop:','nop',1,7,0,0,1,7,3,'administrator_users2','a7da338c20bf65f9f789c87296379c2a'),('eznode:13','eznode',1,27,0,0,1,5,3,'administrator_users','aeb8609aa933b0899aa012c71139c58c'),('eznode:44','eznode',1,30,0,0,1,10,3,'anonymous_users','e9e5ad0c05ee1a43715572e5cc545926'),('eznode:15','eznode',1,8,0,1,3,8,5,'Administrator-User','5a9d7b0ec93173ef4fedee023209cb61'),('eznode:15','eznode',1,28,0,0,0,8,7,'administrator_user','a3cca2de936df1e2f805710399989971'),('eznode:53','eznode',1,20,0,1,3,20,9,'Multimedia','2e5bc8831f7ae6a29530e7f1bbf2de9c'),('eznode:52','eznode',1,19,0,1,3,19,9,'Files','45b963397aa40d4a0063e0d85e4fe7a1'),('eznode:51','eznode',1,18,0,1,3,18,9,'Images','59b514174bffe4ae402b3d63aad79fe0'),('eznode:45','eznode',1,12,0,1,3,12,10,'Anonymous-User','ccb62ebca03a31272430bc414bd5cd5b'),('eznode:45','eznode',1,31,0,0,1,12,11,'anonymous_user','c593ec85293ecb0e02d50d4c5c6c20eb'),('eznode:54','eznode',1,22,0,1,2,22,13,'Common-INI-settings','4434993ac013ae4d54bb1f51034d6401'),('nop:','nop',1,15,0,0,1,15,14,'images','59b514174bffe4ae402b3d63aad79fe0'),('eznode:50','eznode',1,16,0,1,2,16,15,'vbanner','c54e2d1b93642e280bdc5d99eab2827d'),('eznode:53','eznode',1,34,0,0,1,20,17,'multimedia','2e5bc8831f7ae6a29530e7f1bbf2de9c'),('eznode:52','eznode',1,33,0,0,1,19,17,'files','45b963397aa40d4a0063e0d85e4fe7a1'),('eznode:51','eznode',1,32,0,0,1,18,17,'images','59b514174bffe4ae402b3d63aad79fe0'),('eznode:54','eznode',1,35,0,0,1,22,21,'common_ini_settings','e59d6834e86cee752ed841f9cd8d5baf'),('eznode:56','eznode',1,24,0,1,2,24,25,'eZ-publish','10e4c3cb527fb9963258469986c16240'),('eznode:69','eznode',1,48,0,1,3,48,0,'News','508c75c8507a2ae5223dfd2faeb98122'),('eznode:70','eznode',1,49,0,1,2,49,48,'Article1','5f7b9b5e16ea15e8056adfe75cb365ff'),('eznode:65','eznode',1,44,0,1,2,44,18,'vbanner','c54e2d1b93642e280bdc5d99eab2827d');

--
-- Table structure for table `ezurlalias_ml_incr`
--

CREATE TABLE `ezurlalias_ml_incr` (
  `id` int(11) NOT NULL AUTO_INCREMENT,
  PRIMARY KEY (`id`)
) ENGINE=MyISAM AUTO_INCREMENT=50 DEFAULT CHARSET=utf8;

--
-- Dumping data for table `ezurlalias_ml_incr`
--

INSERT INTO `ezurlalias_ml_incr` VALUES (1),(2),(3),(4),(5),(6),(7),(8),(9),(10),(11),(12),(13),(14),(15),(16),(17),(18),(19),(20),(21),(22),(24),(25),(26),(27),(28),(29),(30),(31),(32),(33),(34),(35),(36),(37),(38),(39),(40),(41),(42),(43),(44),(45),(46),(47),(48),(49);

--
-- Table structure for table `ezurlwildcard`
--

CREATE TABLE `ezurlwildcard` (
  `destination_url` longtext NOT NULL,
  `id` int(11) NOT NULL AUTO_INCREMENT,
  `source_url` longtext NOT NULL,
  `type` int(11) NOT NULL DEFAULT '0',
  PRIMARY KEY (`id`)
) ENGINE=MyISAM DEFAULT CHARSET=utf8;

--
-- Dumping data for table `ezurlwildcard`
--


--
-- Table structure for table `ezuser_accountkey`
--

CREATE TABLE `ezuser_accountkey` (
  `hash_key` varchar(32) NOT NULL DEFAULT '',
  `id` int(11) NOT NULL AUTO_INCREMENT,
  `time` int(11) NOT NULL DEFAULT '0',
  `user_id` int(11) NOT NULL DEFAULT '0',
  PRIMARY KEY (`id`),
  KEY `hash_key` (`hash_key`)
) ENGINE=MyISAM DEFAULT CHARSET=utf8;

--
-- Dumping data for table `ezuser_accountkey`
--


--
-- Table structure for table `ezuser_discountrule`
--

CREATE TABLE `ezuser_discountrule` (
  `contentobject_id` int(11) DEFAULT NULL,
  `discountrule_id` int(11) DEFAULT NULL,
  `id` int(11) NOT NULL AUTO_INCREMENT,
  `name` varchar(255) NOT NULL DEFAULT '',
  PRIMARY KEY (`id`)
) ENGINE=MyISAM DEFAULT CHARSET=utf8;

--
-- Dumping data for table `ezuser_discountrule`
--


--
-- Table structure for table `ezuser_role`
--

CREATE TABLE `ezuser_role` (
  `contentobject_id` int(11) DEFAULT NULL,
  `id` int(11) NOT NULL AUTO_INCREMENT,
  `limit_identifier` varchar(255) DEFAULT '',
  `limit_value` varchar(255) DEFAULT '',
  `role_id` int(11) DEFAULT NULL,
  PRIMARY KEY (`id`),
  KEY `ezuser_role_contentobject_id` (`contentobject_id`),
  KEY `ezuser_role_role_id` (`role_id`)
) ENGINE=MyISAM AUTO_INCREMENT=39 DEFAULT CHARSET=utf8;

--
-- Dumping data for table `ezuser_role`
--

INSERT INTO `ezuser_role` VALUES (12,25,'','',2),(11,28,'','',1),(42,31,'','',1),(13,32,'Subtree','/1/2/',3),(13,33,'Subtree','/1/43/',3),(11,34,'','',5),(58,35,'','',4),(58,36,'','',5),(58,37,'','',1),(13,38,'','',5);

--
-- Table structure for table `ezuser_setting`
--

CREATE TABLE `ezuser_setting` (
  `is_enabled` int(11) NOT NULL DEFAULT '0',
  `max_login` int(11) DEFAULT NULL,
  `user_id` int(11) NOT NULL DEFAULT '0',
  PRIMARY KEY (`user_id`)
) ENGINE=MyISAM DEFAULT CHARSET=utf8;

--
-- Dumping data for table `ezuser_setting`
--

INSERT INTO `ezuser_setting` VALUES (1,1000,10),(1,10,14);

--
-- Table structure for table `ezuservisit`
--

CREATE TABLE `ezuservisit` (
  `current_visit_timestamp` int(11) NOT NULL DEFAULT '0',
  `failed_login_attempts` int(11) NOT NULL DEFAULT '0',
  `last_visit_timestamp` int(11) NOT NULL DEFAULT '0',
  `login_count` int(11) NOT NULL DEFAULT '0',
  `user_id` int(11) NOT NULL DEFAULT '0',
  PRIMARY KEY (`user_id`),
  KEY `ezuservisit_co_visit_count` (`current_visit_timestamp`,`login_count`)
) ENGINE=MyISAM DEFAULT CHARSET=utf8;

--
-- Dumping data for table `ezuservisit`
--

INSERT INTO `ezuservisit` VALUES (1258032995,0,1258032815,2,14);

--
-- Table structure for table `ezvatrule`
--

CREATE TABLE `ezvatrule` (
  `country_code` varchar(255) NOT NULL DEFAULT '',
  `id` int(11) NOT NULL AUTO_INCREMENT,
  `vat_type` int(11) NOT NULL DEFAULT '0',
  PRIMARY KEY (`id`)
) ENGINE=MyISAM DEFAULT CHARSET=utf8;

--
-- Dumping data for table `ezvatrule`
--


--
-- Table structure for table `ezvatrule_product_category`
--

CREATE TABLE `ezvatrule_product_category` (
  `product_category_id` int(11) NOT NULL DEFAULT '0',
  `vatrule_id` int(11) NOT NULL DEFAULT '0',
  PRIMARY KEY (`vatrule_id`,`product_category_id`)
) ENGINE=MyISAM DEFAULT CHARSET=utf8;

--
-- Dumping data for table `ezvatrule_product_category`
--


--
-- Table structure for table `ezvattype`
--

CREATE TABLE `ezvattype` (
  `id` int(11) NOT NULL AUTO_INCREMENT,
  `name` varchar(255) NOT NULL DEFAULT '',
  `percentage` float DEFAULT NULL,
  PRIMARY KEY (`id`)
) ENGINE=MyISAM AUTO_INCREMENT=2 DEFAULT CHARSET=utf8;

--
-- Dumping data for table `ezvattype`
--

INSERT INTO `ezvattype` VALUES (1,'Std',0);

--
-- Table structure for table `ezview_counter`
--

CREATE TABLE `ezview_counter` (
  `count` int(11) NOT NULL DEFAULT '0',
  `node_id` int(11) NOT NULL DEFAULT '0',
  PRIMARY KEY (`node_id`)
) ENGINE=MyISAM DEFAULT CHARSET=utf8;

--
-- Dumping data for table `ezview_counter`
--


--
-- Table structure for table `ezwaituntildatevalue`
--

CREATE TABLE `ezwaituntildatevalue` (
  `contentclass_attribute_id` int(11) NOT NULL DEFAULT '0',
  `contentclass_id` int(11) NOT NULL DEFAULT '0',
  `id` int(11) NOT NULL AUTO_INCREMENT,
  `workflow_event_id` int(11) NOT NULL DEFAULT '0',
  `workflow_event_version` int(11) NOT NULL DEFAULT '0',
  PRIMARY KEY (`id`,`workflow_event_id`,`workflow_event_version`),
  KEY `ezwaituntildateevalue_wf_ev_id_wf_ver` (`workflow_event_id`,`workflow_event_version`)
) ENGINE=MyISAM DEFAULT CHARSET=utf8;

--
-- Dumping data for table `ezwaituntildatevalue`
--


--
-- Table structure for table `ezwishlist`
--

CREATE TABLE `ezwishlist` (
  `id` int(11) NOT NULL AUTO_INCREMENT,
  `productcollection_id` int(11) NOT NULL DEFAULT '0',
  `user_id` int(11) NOT NULL DEFAULT '0',
  PRIMARY KEY (`id`)
) ENGINE=MyISAM DEFAULT CHARSET=utf8;

--
-- Dumping data for table `ezwishlist`
--


--
-- Table structure for table `ezworkflow`
--

CREATE TABLE `ezworkflow` (
  `created` int(11) NOT NULL DEFAULT '0',
  `creator_id` int(11) NOT NULL DEFAULT '0',
  `id` int(11) NOT NULL AUTO_INCREMENT,
  `is_enabled` int(11) NOT NULL DEFAULT '0',
  `modified` int(11) NOT NULL DEFAULT '0',
  `modifier_id` int(11) NOT NULL DEFAULT '0',
  `name` varchar(255) NOT NULL DEFAULT '',
  `version` int(11) NOT NULL DEFAULT '0',
  `workflow_type_string` varchar(50) NOT NULL DEFAULT '',
  PRIMARY KEY (`id`,`version`)
) ENGINE=MyISAM DEFAULT CHARSET=utf8;

--
-- Dumping data for table `ezworkflow`
--


--
-- Table structure for table `ezworkflow_assign`
--

CREATE TABLE `ezworkflow_assign` (
  `access_type` int(11) NOT NULL DEFAULT '0',
  `as_tree` int(11) NOT NULL DEFAULT '0',
  `id` int(11) NOT NULL AUTO_INCREMENT,
  `node_id` int(11) NOT NULL DEFAULT '0',
  `workflow_id` int(11) NOT NULL DEFAULT '0',
  PRIMARY KEY (`id`)
) ENGINE=MyISAM DEFAULT CHARSET=utf8;

--
-- Dumping data for table `ezworkflow_assign`
--


--
-- Table structure for table `ezworkflow_event`
--

CREATE TABLE `ezworkflow_event` (
  `data_int1` int(11) DEFAULT NULL,
  `data_int2` int(11) DEFAULT NULL,
  `data_int3` int(11) DEFAULT NULL,
  `data_int4` int(11) DEFAULT NULL,
  `data_text1` varchar(255) DEFAULT NULL,
  `data_text2` varchar(255) DEFAULT NULL,
  `data_text3` varchar(255) DEFAULT NULL,
  `data_text4` varchar(255) DEFAULT NULL,
  `data_text5` longtext,
  `description` varchar(50) NOT NULL DEFAULT '',
  `id` int(11) NOT NULL AUTO_INCREMENT,
  `placement` int(11) NOT NULL DEFAULT '0',
  `version` int(11) NOT NULL DEFAULT '0',
  `workflow_id` int(11) NOT NULL DEFAULT '0',
  `workflow_type_string` varchar(50) NOT NULL DEFAULT '',
  PRIMARY KEY (`id`,`version`),
  KEY `wid_version_placement` (`workflow_id`,`version`,`placement`)
) ENGINE=MyISAM DEFAULT CHARSET=utf8;

--
-- Dumping data for table `ezworkflow_event`
--


--
-- Table structure for table `ezworkflow_group`
--

CREATE TABLE `ezworkflow_group` (
  `created` int(11) NOT NULL DEFAULT '0',
  `creator_id` int(11) NOT NULL DEFAULT '0',
  `id` int(11) NOT NULL AUTO_INCREMENT,
  `modified` int(11) NOT NULL DEFAULT '0',
  `modifier_id` int(11) NOT NULL DEFAULT '0',
  `name` varchar(255) NOT NULL DEFAULT '',
  PRIMARY KEY (`id`)
) ENGINE=MyISAM AUTO_INCREMENT=2 DEFAULT CHARSET=utf8;

--
-- Dumping data for table `ezworkflow_group`
--

INSERT INTO `ezworkflow_group` VALUES (1024392098,14,1,1024392098,14,'Standard');

--
-- Table structure for table `ezworkflow_group_link`
--

CREATE TABLE `ezworkflow_group_link` (
  `group_id` int(11) NOT NULL DEFAULT '0',
  `group_name` varchar(255) DEFAULT NULL,
  `workflow_id` int(11) NOT NULL DEFAULT '0',
  `workflow_version` int(11) NOT NULL DEFAULT '0',
  PRIMARY KEY (`workflow_id`,`group_id`,`workflow_version`)
) ENGINE=MyISAM DEFAULT CHARSET=utf8;

--
-- Dumping data for table `ezworkflow_group_link`
--


--
-- Table structure for table `ezworkflow_process`
--

CREATE TABLE `ezworkflow_process` (
  `activation_date` int(11) DEFAULT NULL,
  `content_id` int(11) NOT NULL DEFAULT '0',
  `content_version` int(11) NOT NULL DEFAULT '0',
  `created` int(11) NOT NULL DEFAULT '0',
  `event_id` int(11) NOT NULL DEFAULT '0',
  `event_position` int(11) NOT NULL DEFAULT '0',
  `event_state` int(11) DEFAULT NULL,
  `event_status` int(11) NOT NULL DEFAULT '0',
  `id` int(11) NOT NULL AUTO_INCREMENT,
  `last_event_id` int(11) NOT NULL DEFAULT '0',
  `last_event_position` int(11) NOT NULL DEFAULT '0',
  `last_event_status` int(11) NOT NULL DEFAULT '0',
  `memento_key` varchar(32) DEFAULT NULL,
  `modified` int(11) NOT NULL DEFAULT '0',
  `node_id` int(11) NOT NULL DEFAULT '0',
  `parameters` longtext,
  `process_key` varchar(32) NOT NULL DEFAULT '',
  `session_key` varchar(32) NOT NULL DEFAULT '0',
  `status` int(11) DEFAULT NULL,
  `user_id` int(11) NOT NULL DEFAULT '0',
  `workflow_id` int(11) NOT NULL DEFAULT '0',
  PRIMARY KEY (`id`),
  KEY `ezworkflow_process_process_key` (`process_key`)
) ENGINE=MyISAM DEFAULT CHARSET=utf8;

--
-- Dumping data for table `ezworkflow_process`
--



